45.84.89.3 - - [11/Nov/2024:15:25:53 +0600] "GET / HTTP/1.1" 404 1236 "-" "Mozilla/6.0 (Windows NT 10.0; Win64; x64) AppleWebKit/537.36 (KHTML, like Gecko) Chrome/127.0.0.0 Safari/537.36 Inspici (www.inspici.com)"
101.91.148.86 - - [11/Nov/2024:15:41:43 +0600] "GET /stacks HTTP/1.1" 404 705 "-" "Mozilla/5.0 zgrab/0.x"
140.238.153.39 - - [11/Nov/2024:16:34:20 +0600] "GET /stacks HTTP/1.1" 404 705 "-" "Mozilla/5.0 zgrab/0.x"
93.123.85.61 - - [11/Nov/2024:17:39:32 +0600] "POST /ws/v1/cluster/apps/new-application HTTP/1.1" 404 705 "-" "python-requests/2.25.1"
39.104.134.58 - - [11/Nov/2024:18:01:04 +0600] "GET /stacks HTTP/1.1" 404 705 "-" "Mozilla/5.0 zgrab/0.x"
23.157.88.77 - - [11/Nov/2024:18:06:19 +0600] "POST /ws/v1/cluster/apps/new-application HTTP/1.1" 404 705 "-" "python-requests/2.25.1"
167.94.145.111 - - [11/Nov/2024:19:57:40 +0600] "GET / HTTP/1.1" 404 1236 "-" "-"
167.94.145.111 - - [11/Nov/2024:19:57:43 +0600] "GET / HTTP/1.1" 404 705 "-" "Mozilla/5.0 (compatible; CensysInspect/1.1; +https://about.censys.io/)"
87.236.176.30 - - [11/Nov/2024:20:27:09 +0600] "GET / HTTP/1.1" 404 705 "-" "Mozilla/5.0 (compatible; InternetMeasurement/1.0; +https://internet-measurement.com/)"
165.154.12.9 - - [11/Nov/2024:20:33:49 +0600] "GET / HTTP/1.1" 404 1236 "-" "Mozilla/5.0 (Macintosh; Intel Mac OS X 10_15_7) AppleWebKit/537.36 (KHTML, like Gecko) Chrome/120.0.0.0 Safari/537.36 Edg/120.0.0.0"
165.154.12.9 - - [11/Nov/2024:20:33:55 +0600] "GET /robots.txt HTTP/1.1" 404 705 "-" "Mozilla/5.0 (Macintosh; Intel Mac OS X 10_7_0) AppleWebKit/535.11 (KHTML, like Gecko) Chrome/17.0.963.56 Safari/535.11"
165.154.12.9 - - [11/Nov/2024:20:33:55 +0600] "GET /sitemap.xml HTTP/1.1" 404 705 "-" "Mozilla/5.0 (Macintosh; Intel Mac OS X 10_7_0) AppleWebKit/535.11 (KHTML, like Gecko) Chrome/17.0.963.56 Safari/535.11"
165.154.12.9 - - [11/Nov/2024:20:33:55 +0600] "GET /favicon.ico HTTP/1.1" 404 705 "-" "Mozilla/5.0 (Macintosh; Intel Mac OS X 10_7_0) AppleWebKit/535.11 (KHTML, like Gecko) Chrome/17.0.963.56 Safari/535.11"
113.200.98.17 - - [11/Nov/2024:21:17:13 +0600] "GET /stacks HTTP/1.1" 404 705 "-" "Mozilla/5.0 zgrab/0.x"
93.123.85.61 - - [11/Nov/2024:21:44:06 +0600] "POST /ws/v1/cluster/apps/new-application HTTP/1.1" 404 705 "-" "python-requests/2.25.1"
93.123.85.61 - - [11/Nov/2024:22:06:24 +0600] "POST /ws/v1/cluster/apps/new-application HTTP/1.1" 404 705 "-" "python-requests/2.25.1"
23.157.88.77 - - [11/Nov/2024:22:11:48 +0600] "POST /ws/v1/cluster/apps/new-application HTTP/1.1" 404 705 "-" "python-requests/2.25.1"
139.162.7.59 - - [12/Nov/2024:00:30:15 +0600] "GET / HTTP/1.0" 404 1236 "-" "-"
139.162.7.59 - - [12/Nov/2024:00:30:25 +0600] "OPTIONS / HTTP/1.0" 404 1236 "-" "-"
139.162.7.59 - - [12/Nov/2024:00:30:56 +0600] "GET /Portal/Portal.mwsl HTTP/1.1" 404 1236 "-" "curl/7.54.0"
139.162.7.59 - - [12/Nov/2024:00:30:56 +0600] "GET /.git/HEAD HTTP/1.1" 404 1236 "-" "curl/7.54.0"
139.162.7.59 - - [12/Nov/2024:00:30:56 +0600] "GET /docs/cplugError.html/ HTTP/1.1" 404 1236 "-" "curl/7.54.0"
139.162.7.59 - - [12/Nov/2024:00:30:56 +0600] "GET / HTTP/1.1" 404 1236 "-" "curl/7.54.0"
139.162.7.59 - - [12/Nov/2024:00:30:57 +0600] "GET /favicon.ico HTTP/1.1" 404 1236 "-" "curl/7.54.0"
139.162.7.59 - - [12/Nov/2024:00:30:57 +0600] "POST /sdk HTTP/1.1" 404 1236 "-" "curl/7.54.0"
139.162.7.59 - - [12/Nov/2024:00:30:58 +0600] "GET /__Additional HTTP/1.1" 404 1236 "-" "curl/7.54.0"
139.162.7.59 - - [12/Nov/2024:00:30:58 +0600] "GET /Portal0000.htm HTTP/1.1" 404 1236 "-" "curl/7.54.0"
139.162.7.59 - - [12/Nov/2024:00:30:59 +0600] "GET /server-status HTTP/1.1" 404 1236 "-" "curl/7.54.0"
139.162.7.59 - - [12/Nov/2024:00:31:00 +0600] "GET /?=PHPE9568F36-D428-11d2-A769-00AA001ACF42 HTTP/1.1" 404 1236 "-" "curl/7.54.0"
139.162.7.59 - - [12/Nov/2024:00:31:00 +0600] "GET /?=PHPB8B5F2A0-3C92-11d3-A3A9-4C7B08C10000 HTTP/1.1" 404 1236 "-" "curl/7.54.0"
139.162.7.59 - - [12/Nov/2024:00:31:02 +0600] "GET /webui HTTP/1.1" 404 1236 "-" "curl/7.54.0"
139.162.7.59 - - [12/Nov/2024:00:31:02 +0600] "GET /owa/ HTTP/1.1" 404 1236 "-" "curl/7.54.0"
139.162.7.59 - - [12/Nov/2024:00:31:02 +0600] "GET /owa/ HTTP/1.1" 404 1236 "-" "curl/7.54.0"
139.162.7.59 - - [12/Nov/2024:00:31:02 +0600] "GET / HTTP/1.1" 404 1236 "-" "curl/7.54.0"
139.162.7.59 - - [12/Nov/2024:00:31:02 +0600] "GET / HTTP/1.1" 404 1236 "-" "curl/7.54.0"
139.162.7.59 - - [12/Nov/2024:00:31:03 +0600] "GET /nmaplowercheck1731349856 HTTP/1.1" 404 1236 "-" "curl/7.54.0"
139.162.7.59 - - [12/Nov/2024:00:31:03 +0600] "GET /HNAP1 HTTP/1.1" 404 1236 "-" "curl/7.54.0"
139.162.7.59 - - [12/Nov/2024:00:31:04 +0600] "GET /CSS/Miniweb.css HTTP/1.1" 404 1236 "-" "curl/7.54.0"
139.162.7.59 - - [12/Nov/2024:00:31:04 +0600] "GET /FtQQ HTTP/1.1" 404 1236 "-" "curl/7.54.0"
139.162.7.59 - - [12/Nov/2024:00:31:07 +0600] "GET / HTTP/1.1" 404 1236 "-" "curl/7.54.0"
139.162.7.59 - - [12/Nov/2024:00:31:15 +0600] "GET / HTTP/1.1" 404 1236 "-" "-"
113.214.18.234 - - [12/Nov/2024:02:14:05 +0600] "GET /stacks HTTP/1.1" 404 705 "-" "Mozilla/5.0 zgrab/0.x"
206.168.34.61 - - [12/Nov/2024:03:25:10 +0600] "GET / HTTP/1.1" 404 1236 "-" "-"
206.168.34.61 - - [12/Nov/2024:03:25:14 +0600] "GET / HTTP/1.1" 404 705 "-" "Mozilla/5.0 (compatible; CensysInspect/1.1; +https://about.censys.io/)"
194.50.16.198 - - [12/Nov/2024:03:59:10 +0600] "POST /apply.cgi HTTP/1.1" 404 705 "http://139.59.127.108:8088/apply.cgi" "Mozilla/5.0 (Windows NT 10.0; Win64; x64) AppleWebKit/537.36 (KHTML, like Gecko) Chrome/129.0.6668.71 Safari/537.36"
154.213.189.18 - - [12/Nov/2024:04:19:03 +0600] "POST /ws/v1/cluster/apps/new-application HTTP/1.1" 404 705 "-" "python-requests/2.22.0"
95.214.53.211 - - [12/Nov/2024:04:24:10 +0600] "GET / HTTP/1.1" 404 705 "-" "Linux Gnu (cow)"
154.213.189.18 - - [12/Nov/2024:04:46:32 +0600] "POST /ws/v1/cluster/apps/new-application HTTP/1.1" 404 705 "-" "python-requests/2.22.0"
47.97.122.13 - - [12/Nov/2024:05:04:03 +0600] "GET /stacks HTTP/1.1" 404 705 "-" "Mozilla/5.0 zgrab/0.x"
194.50.16.198 - - [12/Nov/2024:05:07:19 +0600] "POST /apply.cgi HTTP/1.1" 404 705 "http://139.59.127.108:8088/apply.cgi" "Mozilla/5.0 (Windows NT 10.0; Win64; x64) AppleWebKit/537.36 (KHTML, like Gecko) Chrome/96.0.4664.110 Safari/537.36"
194.50.16.198 - - [12/Nov/2024:05:07:19 +0600] "GET / HTTP/1.0" 404 705 "-" "Mozilla/5.0 (X11; Ubuntu; Linux x86_64; rv:71.0) Gecko/20100101 Firefox/71.0"
205.210.31.108 - - [12/Nov/2024:06:01:16 +0600] "GET / HTTP/1.1" 404 1236 "-" "Expanse, a Palo Alto Networks company, searches across the global IPv4 space multiple times per day to identify customers' presences on the Internet. If you would like to be excluded from our scans, please send IP addresses/domains to: scaninfo@paloaltonetworks.com"
141.98.11.175 - - [12/Nov/2024:06:40:57 +0600] "POST /ws/v1/cluster/apps/new-application HTTP/1.1" 404 705 "-" "Go-http-client/1.1"
205.210.31.48 - - [12/Nov/2024:08:03:56 +0600] "GET / HTTP/1.1" 404 1236 "-" "Expanse, a Palo Alto Networks company, searches across the global IPv4 space multiple times per day to identify customers' presences on the Internet. If you would like to be excluded from our scans, please send IP addresses/domains to: scaninfo@paloaltonetworks.com"
139.198.163.91 - - [12/Nov/2024:08:51:20 +0600] "GET /stacks HTTP/1.1" 404 705 "-" "Mozilla/5.0 zgrab/0.x"
64.62.156.77 - - [12/Nov/2024:08:57:26 +0600] "GET / HTTP/1.1" 404 705 "-" "Mozilla/5.0 (X11; Linux x86_64) AppleWebKit/537.36 (KHTML, like Gecko) Chrome/123.0.0.0 Safari/537.36"
64.62.156.78 - - [12/Nov/2024:08:57:38 +0600] "GET /favicon.ico HTTP/1.1" 404 705 "-" "Mozilla/5.0 (Macintosh; Intel Mac OS X 10_15_7) AppleWebKit/537.36 (KHTML, like Gecko) Chrome/124.0.0.0 Safari/537.36"
141.98.11.175 - - [12/Nov/2024:09:41:01 +0600] "POST /ws/v1/cluster/apps/new-application HTTP/1.1" 404 705 "-" "Go-http-client/1.1"
205.210.31.148 - - [12/Nov/2024:09:49:07 +0600] "GET / HTTP/1.0" 404 1236 "-" "Expanse, a Palo Alto Networks company, searches across the global IPv4 space multiple times per day to identify customers' presences on the Internet. If you would like to be excluded from our scans, please send IP addresses/domains to: scaninfo@paloaltonetworks.com"
141.98.11.175 - - [12/Nov/2024:10:03:19 +0600] "POST /ws/v1/cluster/apps/new-application HTTP/1.1" 404 705 "-" "Go-http-client/1.1"
147.185.132.114 - - [12/Nov/2024:11:01:48 +0600] "GET / HTTP/1.1" 404 705 "-" "Expanse, a Palo Alto Networks company, searches across the global IPv4 space multiple times per day to identify customers' presences on the Internet. If you would like to be excluded from our scans, please send IP addresses/domains to: scaninfo@paloaltonetworks.com"
141.98.11.175 - - [12/Nov/2024:11:16:02 +0600] "POST /ws/v1/cluster/apps/new-application HTTP/1.1" 404 705 "-" "Go-http-client/1.1"
141.98.11.175 - - [12/Nov/2024:11:48:35 +0600] "POST /ws/v1/cluster/apps/new-application HTTP/1.1" 404 705 "-" "Go-http-client/1.1"
42.192.210.147 - - [12/Nov/2024:12:01:41 +0600] "GET /stacks HTTP/1.1" 404 705 "-" "Mozilla/5.0 zgrab/0.x"
141.98.11.175 - - [12/Nov/2024:12:30:47 +0600] "POST /ws/v1/cluster/apps/new-application HTTP/1.1" 404 705 "-" "Go-http-client/1.1"
194.50.16.198 - - [12/Nov/2024:12:48:08 +0600] "POST /apply.cgi HTTP/1.1" 404 705 "http://139.59.127.108:8088/apply.cgi" "Mozilla/5.0 (Windows NT 10.0; Win64; x64) AppleWebKit/537.36 (KHTML, like Gecko) Chrome/129.0.6668.71 Safari/537.36"
141.98.11.175 - - [12/Nov/2024:13:02:45 +0600] "POST /ws/v1/cluster/apps/new-application HTTP/1.1" 404 705 "-" "Go-http-client/1.1"
141.98.11.175 - - [12/Nov/2024:13:47:25 +0600] "POST /ws/v1/cluster/apps/new-application HTTP/1.1" 404 705 "-" "Go-http-client/1.1"
194.50.16.198 - - [12/Nov/2024:13:52:38 +0600] "GET / HTTP/1.0" 404 705 "-" "Mozilla/5.0 (X11; Ubuntu; Linux x86_64; rv:71.0) Gecko/20100101 Firefox/71.0"
194.50.16.198 - - [12/Nov/2024:13:52:39 +0600] "POST /apply.cgi HTTP/1.1" 404 705 "http://139.59.127.108:8088/apply.cgi" "Mozilla/5.0 (Windows NT 10.0; Win64; x64) AppleWebKit/537.36 (KHTML, like Gecko) Chrome/96.0.4664.110 Safari/537.36"
164.152.241.236 - - [12/Nov/2024:14:09:24 +0600] "GET /stacks HTTP/1.1" 404 705 "-" "Mozilla/5.0 zgrab/0.x"
141.98.11.175 - - [12/Nov/2024:14:22:28 +0600] "POST /ws/v1/cluster/apps/new-application HTTP/1.1" 404 705 "-" "Go-http-client/1.1"
140.238.153.39 - - [12/Nov/2024:15:06:50 +0600] "GET /stacks HTTP/1.1" 404 705 "-" "Mozilla/5.0 zgrab/0.x"
141.98.11.175 - - [12/Nov/2024:15:13:16 +0600] "POST /ws/v1/cluster/apps/new-application HTTP/1.1" 404 705 "-" "Go-http-client/1.1"
141.98.11.175 - - [12/Nov/2024:16:11:48 +0600] "POST /ws/v1/cluster/apps/new-application HTTP/1.1" 404 705 "-" "Go-http-client/1.1"
45.84.89.2 - - [12/Nov/2024:16:30:23 +0600] "GET / HTTP/1.1" 404 1236 "-" "Mozilla/6.0 (Windows NT 10.0; Win64; x64) AppleWebKit/537.36 (KHTML, like Gecko) Chrome/127.0.0.0 Safari/537.36 Inspici (www.inspici.com)"
118.193.47.223 - - [12/Nov/2024:19:43:40 +0600] "GET / HTTP/1.1" 404 1236 "-" "Mozilla/5.0 (Macintosh; Intel Mac OS X 10_15_7) AppleWebKit/537.36 (KHTML, like Gecko) Chrome/120.0.0.0 Safari/537.36 Edg/120.0.0.0"
118.193.47.223 - - [12/Nov/2024:19:43:45 +0600] "GET /favicon.ico HTTP/1.1" 404 705 "-" "Mozilla/5.0 (Macintosh; Intel Mac OS X 10_7_0) AppleWebKit/535.11 (KHTML, like Gecko) Chrome/17.0.963.56 Safari/535.11"
118.193.47.223 - - [12/Nov/2024:19:43:45 +0600] "GET /robots.txt HTTP/1.1" 404 705 "-" "Mozilla/5.0 (Macintosh; Intel Mac OS X 10_7_0) AppleWebKit/535.11 (KHTML, like Gecko) Chrome/17.0.963.56 Safari/535.11"
118.193.47.223 - - [12/Nov/2024:19:43:45 +0600] "GET /sitemap.xml HTTP/1.1" 404 705 "-" "Mozilla/5.0 (Macintosh; Intel Mac OS X 10_7_0) AppleWebKit/535.11 (KHTML, like Gecko) Chrome/17.0.963.56 Safari/535.11"
47.244.168.170 - - [12/Nov/2024:20:05:56 +0600] "GET /stacks HTTP/1.1" 404 705 "-" "Mozilla/5.0 zgrab/0.x"
194.50.16.198 - - [12/Nov/2024:21:43:16 +0600] "POST /apply.cgi HTTP/1.1" 404 705 "http://139.59.127.108:8088/apply.cgi" "Mozilla/5.0 (Windows NT 10.0; Win64; x64) AppleWebKit/537.36 (KHTML, like Gecko) Chrome/129.0.6668.71 Safari/537.36"
194.50.16.198 - - [12/Nov/2024:22:50:10 +0600] "GET / HTTP/1.0" 404 705 "-" "Mozilla/5.0 (X11; Ubuntu; Linux x86_64; rv:71.0) Gecko/20100101 Firefox/71.0"
194.50.16.198 - - [12/Nov/2024:22:50:11 +0600] "POST /apply.cgi HTTP/1.1" 404 705 "http://139.59.127.108:8088/apply.cgi" "Mozilla/5.0 (Windows NT 10.0; Win64; x64) AppleWebKit/537.36 (KHTML, like Gecko) Chrome/96.0.4664.110 Safari/537.36"
59.110.164.152 - - [12/Nov/2024:23:15:53 +0600] "GET /stacks HTTP/1.1" 404 705 "-" "Mozilla/5.0 zgrab/0.x"
116.147.37.17 - - [12/Nov/2024:23:25:08 +0600] "GET /stacks HTTP/1.1" 404 705 "-" "Mozilla/5.0 zgrab/0.x"
154.213.187.208 - - [12/Nov/2024:23:54:16 +0600] "POST /ws/v1/cluster/apps/new-application HTTP/1.1" 404 705 "-" "python-requests/2.22.0"
154.213.189.18 - - [13/Nov/2024:00:38:47 +0600] "POST /ws/v1/cluster/apps/new-application HTTP/1.1" 404 705 "-" "python-requests/2.22.0"
198.235.24.105 - - [13/Nov/2024:01:26:53 +0600] "GET / HTTP/1.0" 404 1236 "-" "Expanse, a Palo Alto Networks company, searches across the global IPv4 space multiple times per day to identify customers' presences on the Internet. If you would like to be excluded from our scans, please send IP addresses/domains to: scaninfo@paloaltonetworks.com"
47.97.122.13 - - [13/Nov/2024:02:02:45 +0600] "GET /stacks HTTP/1.1" 404 705 "-" "Mozilla/5.0 zgrab/0.x"
8.142.178.141 - - [13/Nov/2024:03:31:17 +0600] "GET /stacks HTTP/1.1" 404 705 "-" "Mozilla/5.0 zgrab/0.x"
106.55.165.3 - - [13/Nov/2024:04:00:39 +0600] "GET /stacks HTTP/1.1" 404 705 "-" "Mozilla/5.0 zgrab/0.x"
221.130.29.85 - - [13/Nov/2024:04:15:14 +0600] "GET /stacks HTTP/1.1" 404 705 "-" "Mozilla/5.0 zgrab/0.x"
167.94.138.123 - - [13/Nov/2024:04:37:05 +0600] "GET / HTTP/1.1" 404 1236 "-" "-"
167.94.138.123 - - [13/Nov/2024:04:37:09 +0600] "GET / HTTP/1.1" 404 705 "-" "Mozilla/5.0 (compatible; CensysInspect/1.1; +https://about.censys.io/)"
113.200.98.17 - - [13/Nov/2024:04:41:32 +0600] "GET /stacks HTTP/1.1" 404 705 "-" "Mozilla/5.0 zgrab/0.x"
205.210.31.101 - - [13/Nov/2024:05:59:46 +0600] "GET / HTTP/1.1" 404 1236 "-" "Expanse, a Palo Alto Networks company, searches across the global IPv4 space multiple times per day to identify customers' presences on the Internet. If you would like to be excluded from our scans, please send IP addresses/domains to: scaninfo@paloaltonetworks.com"
194.50.16.198 - - [13/Nov/2024:06:43:58 +0600] "POST /apply.cgi HTTP/1.1" 404 705 "http://139.59.127.108:8088/apply.cgi" "Mozilla/5.0 (Windows NT 10.0; Win64; x64) AppleWebKit/537.36 (KHTML, like Gecko) Chrome/129.0.6668.71 Safari/537.36"
154.213.187.208 - - [13/Nov/2024:07:48:15 +0600] "POST /ws/v1/cluster/apps/new-application HTTP/1.1" 404 705 "-" "python-requests/2.22.0"
194.50.16.198 - - [13/Nov/2024:07:51:14 +0600] "GET / HTTP/1.0" 404 705 "-" "Mozilla/5.0 (X11; Ubuntu; Linux x86_64; rv:71.0) Gecko/20100101 Firefox/71.0"
194.50.16.198 - - [13/Nov/2024:07:51:15 +0600] "POST /apply.cgi HTTP/1.1" 404 705 "http://139.59.127.108:8088/apply.cgi" "Mozilla/5.0 (Windows NT 10.0; Win64; x64) AppleWebKit/537.36 (KHTML, like Gecko) Chrome/96.0.4664.110 Safari/537.36"
71.6.147.254 - - [13/Nov/2024:08:50:22 +0600] "GET / HTTP/1.1" 404 1236 "-" "Mozilla/5.0 (Windows NT 6.1) AppleWebKit/537.36 (KHTML, like Gecko) Chrome/41.0.2228.0 Safari/537.36"
71.6.147.254 - - [13/Nov/2024:08:50:23 +0600] "GET /favicon.ico HTTP/1.1" 404 705 "-" "Mozilla/5.0 (Windows NT 10.0; Win64; x64) AppleWebKit/537.36 (KHTML, like Gecko) Chrome/102.0.5005.63 Safari/537.36"
124.222.54.108 - - [13/Nov/2024:09:57:27 +0600] "GET /stacks HTTP/1.1" 404 705 "-" "Mozilla/5.0 zgrab/0.x"
147.185.132.216 - - [13/Nov/2024:10:20:38 +0600] "GET / HTTP/1.1" 404 705 "-" "Expanse, a Palo Alto Networks company, searches across the global IPv4 space multiple times per day to identify customers' presences on the Internet. If you would like to be excluded from our scans, please send IP addresses/domains to: scaninfo@paloaltonetworks.com"
167.94.146.55 - - [13/Nov/2024:11:51:56 +0600] "GET / HTTP/1.1" 404 1236 "-" "-"
167.94.146.55 - - [13/Nov/2024:11:52:00 +0600] "GET / HTTP/1.1" 404 705 "-" "Mozilla/5.0 (compatible; CensysInspect/1.1; +https://about.censys.io/)"
81.68.179.56 - - [13/Nov/2024:12:54:06 +0600] "GET /stacks HTTP/1.1" 404 705 "-" "Mozilla/5.0 zgrab/0.x"
154.213.187.208 - - [13/Nov/2024:13:34:42 +0600] "POST /ws/v1/cluster/apps/new-application HTTP/1.1" 404 705 "-" "python-requests/2.22.0"
111.229.36.14 - - [13/Nov/2024:14:36:15 +0600] "GET /stacks HTTP/1.1" 404 705 "-" "Mozilla/5.0 zgrab/0.x"
194.50.16.198 - - [13/Nov/2024:15:23:10 +0600] "POST /apply.cgi HTTP/1.1" 404 705 "http://139.59.127.108:8088/apply.cgi" "Mozilla/5.0 (Windows NT 10.0; Win64; x64) AppleWebKit/537.36 (KHTML, like Gecko) Chrome/129.0.6668.71 Safari/537.36"
140.238.153.39 - - [13/Nov/2024:15:42:02 +0600] "GET /stacks HTTP/1.1" 404 705 "-" "Mozilla/5.0 zgrab/0.x"
154.213.187.208 - - [13/Nov/2024:16:25:00 +0600] "POST /ws/v1/cluster/apps/new-application HTTP/1.1" 404 705 "-" "python-requests/2.22.0"
194.50.16.198 - - [13/Nov/2024:16:38:55 +0600] "GET / HTTP/1.0" 404 705 "-" "Mozilla/5.0 (X11; Ubuntu; Linux x86_64; rv:71.0) Gecko/20100101 Firefox/71.0"
194.50.16.198 - - [13/Nov/2024:16:38:56 +0600] "POST /apply.cgi HTTP/1.1" 404 705 "http://139.59.127.108:8088/apply.cgi" "Mozilla/5.0 (Windows NT 10.0; Win64; x64) AppleWebKit/537.36 (KHTML, like Gecko) Chrome/96.0.4664.110 Safari/537.36"
154.213.189.18 - - [13/Nov/2024:16:58:17 +0600] "POST /ws/v1/cluster/apps/new-application HTTP/1.1" 404 705 "-" "python-requests/2.22.0"
127.0.0.1 - - [13/Nov/2024:17:01:13 +0600] "GET /metrics HTTP/1.1" 404 705 "-" "netdata/go.d.plugin"
45.84.89.2 - - [13/Nov/2024:17:18:55 +0600] "GET / HTTP/1.1" 404 1236 "-" "Mozilla/6.0 (Windows NT 10.0; Win64; x64) AppleWebKit/537.36 (KHTML, like Gecko) Chrome/127.0.0.0 Safari/537.36 Inspici (www.inspici.com)"
128.14.227.37 - - [13/Nov/2024:19:36:36 +0600] "GET / HTTP/1.1" 404 1236 "-" "Mozilla/5.0 (Macintosh; Intel Mac OS X 10_15_7) AppleWebKit/537.36 (KHTML, like Gecko) Chrome/120.0.0.0 Safari/537.36 Edg/120.0.0.0"
128.14.227.37 - - [13/Nov/2024:19:36:41 +0600] "GET /favicon.ico HTTP/1.1" 404 705 "-" "Mozilla/5.0 (Macintosh; Intel Mac OS X 10_7_0) AppleWebKit/535.11 (KHTML, like Gecko) Chrome/17.0.963.56 Safari/535.11"
128.14.227.37 - - [13/Nov/2024:19:36:41 +0600] "GET /sitemap.xml HTTP/1.1" 404 705 "-" "Mozilla/5.0 (Macintosh; Intel Mac OS X 10_7_0) AppleWebKit/535.11 (KHTML, like Gecko) Chrome/17.0.963.56 Safari/535.11"
128.14.227.37 - - [13/Nov/2024:19:36:41 +0600] "GET /robots.txt HTTP/1.1" 404 705 "-" "Mozilla/5.0 (Macintosh; Intel Mac OS X 10_7_0) AppleWebKit/535.11 (KHTML, like Gecko) Chrome/17.0.963.56 Safari/535.11"
206.168.34.46 - - [13/Nov/2024:19:42:03 +0600] "GET / HTTP/1.1" 404 1236 "-" "-"
206.168.34.46 - - [13/Nov/2024:19:42:07 +0600] "GET / HTTP/1.1" 404 705 "-" "Mozilla/5.0 (compatible; CensysInspect/1.1; +https://about.censys.io/)"
216.218.206.67 - - [13/Nov/2024:20:03:37 +0600] "GET / HTTP/1.1" 404 705 "-" "Mozilla/5.0 (Windows NT 10.0; Win64; x64) AppleWebKit/537.36 (KHTML, like Gecko) Chrome/108.0.0.0 Safari/537.36 OPR/94.0.0.0"
216.218.206.67 - - [13/Nov/2024:20:03:45 +0600] "GET /favicon.ico HTTP/1.1" 404 705 "-" "Mozilla/5.0 (Windows NT 10.0; Win64; x64; rv:120.0) Gecko/20100101 Firefox/120.0"
39.104.134.58 - - [13/Nov/2024:23:45:14 +0600] "GET /stacks HTTP/1.1" 404 705 "-" "Mozilla/5.0 zgrab/0.x"
124.223.37.32 - - [13/Nov/2024:23:58:07 +0600] "GET /stacks HTTP/1.1" 404 705 "-" "Mozilla/5.0 zgrab/0.x"
194.50.16.198 - - [14/Nov/2024:00:18:46 +0600] "POST /apply.cgi HTTP/1.1" 404 705 "http://139.59.127.108:8088/apply.cgi" "Mozilla/5.0 (Windows NT 10.0; Win64; x64) AppleWebKit/537.36 (KHTML, like Gecko) Chrome/129.0.6668.71 Safari/537.36"
101.91.148.86 - - [14/Nov/2024:00:54:03 +0600] "GET /stacks HTTP/1.1" 404 705 "-" "Mozilla/5.0 zgrab/0.x"
141.98.11.173 - - [14/Nov/2024:01:14:35 +0600] "GET / HTTP/1.0" 404 705 "-" "Mozilla/5.0 (X11; Ubuntu; Linux x86_64; rv:71.0) Gecko/20100101 Firefox/71.0"
154.213.189.18 - - [14/Nov/2024:01:28:37 +0600] "POST /ws/v1/cluster/apps/new-application HTTP/1.1" 404 705 "-" "python-requests/2.22.0"
140.238.153.39 - - [14/Nov/2024:01:29:11 +0600] "GET /stacks HTTP/1.1" 404 705 "-" "Mozilla/5.0 zgrab/0.x"
194.50.16.198 - - [14/Nov/2024:01:37:02 +0600] "GET / HTTP/1.0" 404 705 "-" "Mozilla/5.0 (X11; Ubuntu; Linux x86_64; rv:71.0) Gecko/20100101 Firefox/71.0"
194.50.16.198 - - [14/Nov/2024:01:37:02 +0600] "POST /apply.cgi HTTP/1.1" 404 705 "http://139.59.127.108:8088/apply.cgi" "Mozilla/5.0 (Windows NT 10.0; Win64; x64) AppleWebKit/537.36 (KHTML, like Gecko) Chrome/96.0.4664.110 Safari/537.36"
195.178.110.40 - - [14/Nov/2024:03:29:48 +0600] "GET / HTTP/1.1" 404 705 "-" "Mozilla/5.0 (Windows NT 10.0; Win64; x64) AppleWebKit/537.36 (KHTML, like Gecko) Chrome/108.0.0.0 Safari/537.36"
113.214.18.234 - - [14/Nov/2024:04:45:22 +0600] "GET /stacks HTTP/1.1" 404 705 "-" "Mozilla/5.0 zgrab/0.x"
47.97.122.13 - - [14/Nov/2024:06:12:42 +0600] "GET /stacks HTTP/1.1" 404 705 "-" "Mozilla/5.0 zgrab/0.x"
147.185.132.27 - - [14/Nov/2024:07:05:09 +0600] "GET / HTTP/1.0" 404 1236 "-" "Expanse, a Palo Alto Networks company, searches across the global IPv4 space multiple times per day to identify customers' presences on the Internet. If you would like to be excluded from our scans, please send IP addresses/domains to: scaninfo@paloaltonetworks.com"
141.98.11.175 - - [14/Nov/2024:09:03:45 +0600] "POST /ws/v1/cluster/apps/new-application HTTP/1.1" 404 705 "-" "Go-http-client/1.1"
194.50.16.198 - - [14/Nov/2024:09:09:16 +0600] "POST /apply.cgi HTTP/1.1" 404 705 "http://139.59.127.108:8088/apply.cgi" "Mozilla/5.0 (Windows NT 10.0; Win64; x64) AppleWebKit/537.36 (KHTML, like Gecko) Chrome/129.0.6668.71 Safari/537.36"
141.98.11.175 - - [14/Nov/2024:10:15:20 +0600] "POST /ws/v1/cluster/apps/new-application HTTP/1.1" 404 705 "-" "Go-http-client/1.1"
141.98.11.175 - - [14/Nov/2024:10:20:43 +0600] "POST /ws/v1/cluster/apps/new-application HTTP/1.1" 404 705 "-" "Go-http-client/1.1"
194.50.16.198 - - [14/Nov/2024:10:28:14 +0600] "GET / HTTP/1.0" 404 705 "-" "Mozilla/5.0 (X11; Ubuntu; Linux x86_64; rv:71.0) Gecko/20100101 Firefox/71.0"
194.50.16.198 - - [14/Nov/2024:10:28:14 +0600] "POST /apply.cgi HTTP/1.1" 404 705 "http://139.59.127.108:8088/apply.cgi" "Mozilla/5.0 (Windows NT 10.0; Win64; x64) AppleWebKit/537.36 (KHTML, like Gecko) Chrome/96.0.4664.110 Safari/537.36"
147.185.132.46 - - [14/Nov/2024:10:56:07 +0600] "GET / HTTP/1.1" 404 705 "-" "Expanse, a Palo Alto Networks company, searches across the global IPv4 space multiple times per day to identify customers' presences on the Internet. If you would like to be excluded from our scans, please send IP addresses/domains to: scaninfo@paloaltonetworks.com"
141.98.11.175 - - [14/Nov/2024:11:27:19 +0600] "POST /ws/v1/cluster/apps/new-application HTTP/1.1" 404 705 "-" "Go-http-client/1.1"
34.78.26.243 - - [14/Nov/2024:11:29:02 +0600] "GET / HTTP/1.1" 404 705 "-" "python-requests/2.32.3"
141.98.11.175 - - [14/Nov/2024:12:01:48 +0600] "POST /ws/v1/cluster/apps/new-application HTTP/1.1" 404 705 "-" "Go-http-client/1.1"
185.196.8.205 - - [14/Nov/2024:12:40:52 +0600] "GET / HTTP/1.0" 404 705 "-" "Mozilla/5.0 (X11; Ubuntu; Linux x86_64; rv:71.0) Gecko/20100101 Firefox/71.0"
141.98.11.175 - - [14/Nov/2024:12:45:53 +0600] "POST /ws/v1/cluster/apps/new-application HTTP/1.1" 404 705 "-" "Go-http-client/1.1"
141.98.11.175 - - [14/Nov/2024:13:31:57 +0600] "POST /ws/v1/cluster/apps/new-application HTTP/1.1" 404 705 "-" "Go-http-client/1.1"
141.98.11.175 - - [14/Nov/2024:14:14:19 +0600] "POST /ws/v1/cluster/apps/new-application HTTP/1.1" 404 705 "-" "Go-http-client/1.1"
172.168.41.42 - - [14/Nov/2024:14:27:05 +0600] "GET / HTTP/1.1" 404 705 "-" "Mozilla/5.0 zgrab/0.x"
141.98.11.175 - - [14/Nov/2024:15:00:13 +0600] "POST /ws/v1/cluster/apps/new-application HTTP/1.1" 404 705 "-" "Go-http-client/1.1"
141.98.11.175 - - [14/Nov/2024:15:18:48 +0600] "POST /ws/v1/cluster/apps/new-application HTTP/1.1" 404 705 "-" "Go-http-client/1.1"
141.98.11.175 - - [14/Nov/2024:16:13:58 +0600] "POST /ws/v1/cluster/apps/new-application HTTP/1.1" 404 705 "-" "Go-http-client/1.1"
184.105.247.195 - - [14/Nov/2024:16:14:56 +0600] "GET / HTTP/1.1" 404 705 "-" "Mozilla/5.0 (X11; Linux x86_64) AppleWebKit/537.36 (KHTML, like Gecko) HeadlessChrome/101.0.4951.41 Safari/537.36"
184.105.247.195 - - [14/Nov/2024:16:15:04 +0600] "GET /favicon.ico HTTP/1.1" 404 705 "-" "Mozilla/5.0 (Macintosh; Intel Mac OS X 10.15; rv:126.0) Gecko/20100101 Firefox/126.0"
141.98.11.175 - - [14/Nov/2024:17:16:37 +0600] "POST /ws/v1/cluster/apps/new-application HTTP/1.1" 404 705 "-" "Go-http-client/1.1"
45.84.89.2 - - [14/Nov/2024:17:33:45 +0600] "GET / HTTP/1.1" 404 1236 "-" "Mozilla/6.0 (Windows NT 10.0; Win64; x64) AppleWebKit/537.36 (KHTML, like Gecko) Chrome/127.0.0.0 Safari/537.36 Inspici (www.inspici.com)"
154.213.189.18 - - [14/Nov/2024:17:45:38 +0600] "POST /ws/v1/cluster/apps/new-application HTTP/1.1" 404 705 "-" "python-requests/2.22.0"
194.50.16.198 - - [14/Nov/2024:18:06:41 +0600] "POST /apply.cgi HTTP/1.1" 404 705 "http://139.59.127.108:8088/apply.cgi" "Mozilla/5.0 (Windows NT 10.0; Win64; x64) AppleWebKit/537.36 (KHTML, like Gecko) Chrome/129.0.6668.71 Safari/537.36"
141.98.11.175 - - [14/Nov/2024:18:13:56 +0600] "POST /ws/v1/cluster/apps/new-application HTTP/1.1" 404 705 "-" "Go-http-client/1.1"
141.98.11.175 - - [14/Nov/2024:19:06:58 +0600] "POST /ws/v1/cluster/apps/new-application HTTP/1.1" 404 705 "-" "Go-http-client/1.1"
194.50.16.198 - - [14/Nov/2024:19:13:21 +0600] "GET / HTTP/1.0" 404 705 "-" "Mozilla/5.0 (X11; Ubuntu; Linux x86_64; rv:71.0) Gecko/20100101 Firefox/71.0"
194.50.16.198 - - [14/Nov/2024:19:13:22 +0600] "POST /apply.cgi HTTP/1.1" 404 705 "http://139.59.127.108:8088/apply.cgi" "Mozilla/5.0 (Windows NT 10.0; Win64; x64) AppleWebKit/537.36 (KHTML, like Gecko) Chrome/96.0.4664.110 Safari/537.36"
87.236.176.50 - - [14/Nov/2024:19:24:34 +0600] "GET / HTTP/1.1" 404 705 "-" "Mozilla/5.0 (compatible; InternetMeasurement/1.0; +https://internet-measurement.com/)"
141.98.11.175 - - [14/Nov/2024:20:09:17 +0600] "POST /ws/v1/cluster/apps/new-application HTTP/1.1" 404 705 "-" "Go-http-client/1.1"
194.50.16.15 - - [14/Nov/2024:20:10:31 +0600] "GET /cgi/conf.bin HTTP/1.1" 404 705 "http://139.59.127.108:8088/mainFrame.htm" "Mozilla/5.0 (Windows NT 6.0) AppleWebKit/537.11 (KHTML, like Gecko) Chrome/23.0.1271.97 Safari/537.11"
152.32.153.53 - - [14/Nov/2024:20:31:48 +0600] "GET / HTTP/1.1" 404 1236 "-" "Mozilla/5.0 (Macintosh; Intel Mac OS X 10_15_7) AppleWebKit/537.36 (KHTML, like Gecko) Chrome/120.0.0.0 Safari/537.36 Edg/120.0.0.0"
152.32.153.53 - - [14/Nov/2024:20:31:53 +0600] "GET /favicon.ico HTTP/1.1" 404 705 "-" "Mozilla/5.0 (Macintosh; Intel Mac OS X 10_7_0) AppleWebKit/535.11 (KHTML, like Gecko) Chrome/17.0.963.56 Safari/535.11"
152.32.153.53 - - [14/Nov/2024:20:31:53 +0600] "GET /sitemap.xml HTTP/1.1" 404 705 "-" "Mozilla/5.0 (Macintosh; Intel Mac OS X 10_7_0) AppleWebKit/535.11 (KHTML, like Gecko) Chrome/17.0.963.56 Safari/535.11"
152.32.153.53 - - [14/Nov/2024:20:31:53 +0600] "GET /robots.txt HTTP/1.1" 404 705 "-" "Mozilla/5.0 (Macintosh; Intel Mac OS X 10_7_0) AppleWebKit/535.11 (KHTML, like Gecko) Chrome/17.0.963.56 Safari/535.11"
141.98.11.175 - - [14/Nov/2024:20:36:08 +0600] "POST /ws/v1/cluster/apps/new-application HTTP/1.1" 404 705 "-" "Go-http-client/1.1"
141.98.11.175 - - [14/Nov/2024:21:01:24 +0600] "POST /ws/v1/cluster/apps/new-application HTTP/1.1" 404 705 "-" "Go-http-client/1.1"
141.98.11.175 - - [14/Nov/2024:21:48:01 +0600] "POST /ws/v1/cluster/apps/new-application HTTP/1.1" 404 705 "-" "Go-http-client/1.1"
141.98.11.175 - - [14/Nov/2024:22:46:31 +0600] "POST /ws/v1/cluster/apps/new-application HTTP/1.1" 404 705 "-" "Go-http-client/1.1"
13.58.97.162 - - [14/Nov/2024:23:18:40 +0600] "GET / HTTP/1.1" 404 705 "-" "Mozilla/5.0 (Macintosh; Intel Mac OS X 10_15_7) AppleWebKit/537.36 (KHTML, like Gecko) Chrome/126.0.0.0 Safari/537.36"
5.253.246.217 - - [14/Nov/2024:23:31:07 +0600] "POST /ws/v1/cluster/apps/new-application HTTP/1.1" 404 705 "-" "python-requests/2.25.1"
45.200.148.148 - - [15/Nov/2024:00:14:17 +0600] "POST /ws/v1/cluster/apps/new-application HTTP/1.1" 404 705 "-" "python-requests/2.25.1"
141.98.11.175 - - [15/Nov/2024:00:52:42 +0600] "POST /ws/v1/cluster/apps/new-application HTTP/1.1" 404 705 "-" "Go-http-client/1.1"
141.98.11.175 - - [15/Nov/2024:01:47:21 +0600] "POST /ws/v1/cluster/apps/new-application HTTP/1.1" 404 705 "-" "Go-http-client/1.1"
45.200.148.148 - - [15/Nov/2024:02:02:21 +0600] "POST /ws/v1/cluster/apps/new-application HTTP/1.1" 404 705 "-" "python-requests/2.25.1"
141.98.11.175 - - [15/Nov/2024:02:19:18 +0600] "POST /ws/v1/cluster/apps/new-application HTTP/1.1" 404 705 "-" "Go-http-client/1.1"
154.213.187.208 - - [15/Nov/2024:02:42:28 +0600] "POST /ws/v1/cluster/apps/new-application HTTP/1.1" 404 705 "-" "python-requests/2.22.0"
154.213.187.208 - - [15/Nov/2024:02:57:23 +0600] "POST /ws/v1/cluster/apps/new-application HTTP/1.1" 404 705 "-" "python-requests/2.22.0"
194.50.16.198 - - [15/Nov/2024:03:06:03 +0600] "POST /apply.cgi HTTP/1.1" 404 705 "http://139.59.127.108:8088/apply.cgi" "Mozilla/5.0 (Windows NT 10.0; Win64; x64) AppleWebKit/537.36 (KHTML, like Gecko) Chrome/129.0.6668.71 Safari/537.36"
199.45.154.117 - - [15/Nov/2024:03:49:48 +0600] "GET / HTTP/1.1" 404 1236 "-" "-"
199.45.154.117 - - [15/Nov/2024:03:49:54 +0600] "GET / HTTP/1.1" 404 705 "-" "Mozilla/5.0 (compatible; CensysInspect/1.1; +https://about.censys.io/)"
154.213.189.18 - - [15/Nov/2024:03:50:56 +0600] "POST /ws/v1/cluster/apps/new-application HTTP/1.1" 404 705 "-" "python-requests/2.22.0"
194.50.16.198 - - [15/Nov/2024:04:07:14 +0600] "GET / HTTP/1.0" 404 705 "-" "Mozilla/5.0 (X11; Ubuntu; Linux x86_64; rv:71.0) Gecko/20100101 Firefox/71.0"
194.50.16.198 - - [15/Nov/2024:04:07:14 +0600] "POST /apply.cgi HTTP/1.1" 404 705 "http://139.59.127.108:8088/apply.cgi" "Mozilla/5.0 (Windows NT 10.0; Win64; x64) AppleWebKit/537.36 (KHTML, like Gecko) Chrome/96.0.4664.110 Safari/537.36"
154.213.187.208 - - [15/Nov/2024:04:14:15 +0600] "POST /ws/v1/cluster/apps/new-application HTTP/1.1" 404 705 "-" "python-requests/2.22.0"
96.250.92.64 - - [15/Nov/2024:04:28:36 +0600] "GET / HTTP/1.1" 404 705 "-" "Mozilla/5.0"
154.213.187.208 - - [15/Nov/2024:05:07:47 +0600] "POST /ws/v1/cluster/apps/new-application HTTP/1.1" 404 705 "-" "python-requests/2.22.0"
36.157.155.231 - - [15/Nov/2024:05:27:11 +0600] "HEAD /iptv/live/1000.json HTTP/1.1" 404 - "-" "curl/7.81.0"
141.98.11.175 - - [15/Nov/2024:05:51:48 +0600] "POST /ws/v1/cluster/apps/new-application HTTP/1.1" 404 705 "-" "Go-http-client/1.1"
154.213.187.208 - - [15/Nov/2024:06:07:09 +0600] "POST /ws/v1/cluster/apps/new-application HTTP/1.1" 404 705 "-" "python-requests/2.22.0"
141.98.11.175 - - [15/Nov/2024:06:08:53 +0600] "POST /ws/v1/cluster/apps/new-application HTTP/1.1" 404 705 "-" "Go-http-client/1.1"
113.200.98.17 - - [15/Nov/2024:07:17:09 +0600] "GET /stacks HTTP/1.1" 404 705 "-" "Mozilla/5.0 zgrab/0.x"
141.98.11.175 - - [15/Nov/2024:07:27:03 +0600] "POST /ws/v1/cluster/apps/new-application HTTP/1.1" 404 705 "-" "Go-http-client/1.1"
64.62.197.56 - - [15/Nov/2024:07:36:36 +0600] "GET / HTTP/1.1" 404 705 "-" "Mozilla/5.0 (X11; Linux x86_64) AppleWebKit/537.36 (KHTML, like Gecko) Chrome/122.0.0.0 Safari/537.36"
64.62.197.50 - - [15/Nov/2024:07:36:49 +0600] "GET /favicon.ico HTTP/1.1" 404 705 "-" "Mozilla/5.0 (Windows NT 10.0; Win64; x64) AppleWebKit/537.36 (KHTML, like Gecko) Chrome/117.0.5938.132 Safari/537.36"
141.98.11.175 - - [15/Nov/2024:07:45:36 +0600] "POST /ws/v1/cluster/apps/new-application HTTP/1.1" 404 705 "-" "Go-http-client/1.1"
64.23.201.216 - - [15/Nov/2024:07:52:18 +0600] "GET /admin/assets/js/views/login.js HTTP/1.0" 404 1236 "-" "xfa1"
5.253.246.217 - - [15/Nov/2024:07:56:41 +0600] "POST /ws/v1/cluster/apps/new-application HTTP/1.1" 404 705 "-" "python-requests/2.25.1"
167.94.138.57 - - [15/Nov/2024:08:23:14 +0600] "GET / HTTP/1.1" 404 705 "-" "Mozilla/5.0 (compatible; CensysInspect/1.1; +https://about.censys.io/)"
141.98.11.175 - - [15/Nov/2024:08:53:27 +0600] "POST /ws/v1/cluster/apps/new-application HTTP/1.1" 404 705 "-" "Go-http-client/1.1"
185.191.126.248 - - [15/Nov/2024:09:29:36 +0600] "GET / HTTP/1.1" 404 1236 "-" "-"
141.98.11.175 - - [15/Nov/2024:09:39:23 +0600] "POST /ws/v1/cluster/apps/new-application HTTP/1.1" 404 705 "-" "Go-http-client/1.1"
95.214.27.44 - - [15/Nov/2024:09:58:06 +0600] "GET / HTTP/1.1" 404 705 "-" "Go-http-client/1.1"
141.98.11.175 - - [15/Nov/2024:10:15:24 +0600] "POST /ws/v1/cluster/apps/new-application HTTP/1.1" 404 705 "-" "Go-http-client/1.1"
141.98.11.175 - - [15/Nov/2024:10:42:51 +0600] "POST /ws/v1/cluster/apps/new-application HTTP/1.1" 404 705 "-" "Go-http-client/1.1"
141.98.11.175 - - [15/Nov/2024:11:16:22 +0600] "POST /ws/v1/cluster/apps/new-application HTTP/1.1" 404 705 "-" "Go-http-client/1.1"
205.210.31.185 - - [15/Nov/2024:11:49:55 +0600] "GET / HTTP/1.0" 404 1236 "-" "Expanse, a Palo Alto Networks company, searches across the global IPv4 space multiple times per day to identify customers' presences on the Internet. If you would like to be excluded from our scans, please send IP addresses/domains to: scaninfo@paloaltonetworks.com"
194.50.16.198 - - [15/Nov/2024:11:56:42 +0600] "POST /apply.cgi HTTP/1.1" 404 705 "http://139.59.127.108:8088/apply.cgi" "Mozilla/5.0 (Windows NT 10.0; Win64; x64) AppleWebKit/537.36 (KHTML, like Gecko) Chrome/129.0.6668.71 Safari/537.36"
141.98.11.175 - - [15/Nov/2024:12:28:21 +0600] "POST /ws/v1/cluster/apps/new-application HTTP/1.1" 404 705 "-" "Go-http-client/1.1"
194.50.16.198 - - [15/Nov/2024:12:59:25 +0600] "GET / HTTP/1.0" 404 705 "-" "Mozilla/5.0 (X11; Ubuntu; Linux x86_64; rv:71.0) Gecko/20100101 Firefox/71.0"
194.50.16.198 - - [15/Nov/2024:12:59:25 +0600] "POST /apply.cgi HTTP/1.1" 404 705 "http://139.59.127.108:8088/apply.cgi" "Mozilla/5.0 (Windows NT 10.0; Win64; x64) AppleWebKit/537.36 (KHTML, like Gecko) Chrome/96.0.4664.110 Safari/537.36"
141.98.11.175 - - [15/Nov/2024:13:07:40 +0600] "POST /ws/v1/cluster/apps/new-application HTTP/1.1" 404 705 "-" "Go-http-client/1.1"
141.98.11.175 - - [15/Nov/2024:14:04:28 +0600] "POST /ws/v1/cluster/apps/new-application HTTP/1.1" 404 705 "-" "Go-http-client/1.1"
220.248.173.137 - - [15/Nov/2024:14:07:32 +0600] "GET /stacks HTTP/1.1" 404 705 "-" "Mozilla/5.0 zgrab/0.x"
140.238.153.39 - - [15/Nov/2024:14:12:31 +0600] "GET /stacks HTTP/1.1" 404 705 "-" "Mozilla/5.0 zgrab/0.x"
205.210.31.80 - - [15/Nov/2024:14:17:47 +0600] "GET / HTTP/1.1" 404 705 "-" "Expanse, a Palo Alto Networks company, searches across the global IPv4 space multiple times per day to identify customers' presences on the Internet. If you would like to be excluded from our scans, please send IP addresses/domains to: scaninfo@paloaltonetworks.com"
141.98.11.175 - - [15/Nov/2024:14:18:58 +0600] "POST /ws/v1/cluster/apps/new-application HTTP/1.1" 404 705 "-" "Go-http-client/1.1"
185.242.226.53 - - [15/Nov/2024:14:20:28 +0600] "GET / HTTP/1.1" 404 705 "-" "Mozilla/5.0 (Windows NT 10.0; Win64; x64) AppleWebKit/537.36 (KHTML, like Gecko) Chrome/88.0.4324.190 Safari/537.36"
141.98.11.175 - - [15/Nov/2024:15:35:32 +0600] "POST /ws/v1/cluster/apps/new-application HTTP/1.1" 404 705 "-" "Go-http-client/1.1"
116.147.37.17 - - [15/Nov/2024:15:50:42 +0600] "GET /stacks HTTP/1.1" 404 705 "-" "Mozilla/5.0 zgrab/0.x"
141.98.11.175 - - [15/Nov/2024:16:31:39 +0600] "POST /ws/v1/cluster/apps/new-application HTTP/1.1" 404 705 "-" "Go-http-client/1.1"
164.152.241.236 - - [15/Nov/2024:16:33:01 +0600] "GET /stacks HTTP/1.1" 404 705 "-" "Mozilla/5.0 zgrab/0.x"
141.98.11.175 - - [15/Nov/2024:17:04:39 +0600] "POST /ws/v1/cluster/apps/new-application HTTP/1.1" 404 705 "-" "Go-http-client/1.1"
45.84.89.3 - - [15/Nov/2024:17:40:34 +0600] "GET / HTTP/1.1" 404 1236 "-" "Mozilla/6.0 (Windows NT 10.0; Win64; x64) AppleWebKit/537.36 (KHTML, like Gecko) Chrome/127.0.0.0 Safari/537.36 Inspici (www.inspici.com)"
141.98.11.175 - - [15/Nov/2024:17:50:36 +0600] "POST /ws/v1/cluster/apps/new-application HTTP/1.1" 404 705 "-" "Go-http-client/1.1"
141.98.11.175 - - [15/Nov/2024:18:10:45 +0600] "POST /ws/v1/cluster/apps/new-application HTTP/1.1" 404 705 "-" "Go-http-client/1.1"
141.98.11.175 - - [15/Nov/2024:19:31:12 +0600] "POST /ws/v1/cluster/apps/new-application HTTP/1.1" 404 705 "-" "Go-http-client/1.1"
141.98.11.175 - - [15/Nov/2024:20:07:29 +0600] "POST /ws/v1/cluster/apps/new-application HTTP/1.1" 404 705 "-" "Go-http-client/1.1"
45.200.148.148 - - [15/Nov/2024:20:15:16 +0600] "POST /ws/v1/cluster/apps/new-application HTTP/1.1" 404 705 "-" "python-requests/2.25.1"
194.50.16.198 - - [15/Nov/2024:20:22:03 +0600] "POST /apply.cgi HTTP/1.1" 404 705 "http://139.59.127.108:8088/apply.cgi" "Mozilla/5.0 (Windows NT 10.0; Win64; x64) AppleWebKit/537.36 (KHTML, like Gecko) Chrome/129.0.6668.71 Safari/537.36"
154.216.16.170 - - [15/Nov/2024:20:34:48 +0600] "POST /ws/v1/cluster/apps/new-application HTTP/1.1" 404 705 "-" "python-requests/2.25.1"
141.98.11.175 - - [15/Nov/2024:20:55:33 +0600] "POST /ws/v1/cluster/apps/new-application HTTP/1.1" 404 705 "-" "Go-http-client/1.1"
194.50.16.198 - - [15/Nov/2024:21:24:35 +0600] "GET / HTTP/1.0" 404 705 "-" "Mozilla/5.0 (X11; Ubuntu; Linux x86_64; rv:71.0) Gecko/20100101 Firefox/71.0"
194.50.16.198 - - [15/Nov/2024:21:24:36 +0600] "POST /apply.cgi HTTP/1.1" 404 705 "http://139.59.127.108:8088/apply.cgi" "Mozilla/5.0 (Windows NT 10.0; Win64; x64) AppleWebKit/537.36 (KHTML, like Gecko) Chrome/96.0.4664.110 Safari/537.36"
141.98.11.175 - - [15/Nov/2024:21:26:39 +0600] "POST /ws/v1/cluster/apps/new-application HTTP/1.1" 404 705 "-" "Go-http-client/1.1"
165.154.221.151 - - [15/Nov/2024:22:06:58 +0600] "GET / HTTP/1.1" 404 1236 "-" "Mozilla/5.0 (Macintosh; Intel Mac OS X 10_15_7) AppleWebKit/537.36 (KHTML, like Gecko) Chrome/120.0.0.0 Safari/537.36 Edg/120.0.0.0"
165.154.221.151 - - [15/Nov/2024:22:07:03 +0600] "GET /favicon.ico HTTP/1.1" 404 705 "-" "Mozilla/5.0 (Macintosh; Intel Mac OS X 10_7_0) AppleWebKit/535.11 (KHTML, like Gecko) Chrome/17.0.963.56 Safari/535.11"
165.154.221.151 - - [15/Nov/2024:22:07:03 +0600] "GET /robots.txt HTTP/1.1" 404 705 "-" "Mozilla/5.0 (Macintosh; Intel Mac OS X 10_7_0) AppleWebKit/535.11 (KHTML, like Gecko) Chrome/17.0.963.56 Safari/535.11"
165.154.221.151 - - [15/Nov/2024:22:07:03 +0600] "GET /sitemap.xml HTTP/1.1" 404 705 "-" "Mozilla/5.0 (Macintosh; Intel Mac OS X 10_7_0) AppleWebKit/535.11 (KHTML, like Gecko) Chrome/17.0.963.56 Safari/535.11"
141.98.11.175 - - [15/Nov/2024:22:25:06 +0600] "POST /ws/v1/cluster/apps/new-application HTTP/1.1" 404 705 "-" "Go-http-client/1.1"
141.98.11.175 - - [15/Nov/2024:22:35:10 +0600] "POST /ws/v1/cluster/apps/new-application HTTP/1.1" 404 705 "-" "Go-http-client/1.1"
167.94.145.101 - - [15/Nov/2024:23:09:24 +0600] "GET / HTTP/1.1" 404 1236 "-" "-"
167.94.145.101 - - [15/Nov/2024:23:09:27 +0600] "GET / HTTP/1.1" 404 705 "-" "Mozilla/5.0 (compatible; CensysInspect/1.1; +https://about.censys.io/)"
141.98.11.175 - - [15/Nov/2024:23:40:22 +0600] "POST /ws/v1/cluster/apps/new-application HTTP/1.1" 404 705 "-" "Go-http-client/1.1"
220.248.173.137 - - [16/Nov/2024:00:21:50 +0600] "GET /stacks HTTP/1.1" 404 705 "-" "Mozilla/5.0 zgrab/0.x"
141.98.11.175 - - [16/Nov/2024:00:27:57 +0600] "POST /ws/v1/cluster/apps/new-application HTTP/1.1" 404 705 "-" "Go-http-client/1.1"
141.98.11.175 - - [16/Nov/2024:01:11:24 +0600] "POST /ws/v1/cluster/apps/new-application HTTP/1.1" 404 705 "-" "Go-http-client/1.1"
141.98.11.175 - - [16/Nov/2024:01:38:17 +0600] "POST /ws/v1/cluster/apps/new-application HTTP/1.1" 404 705 "-" "Go-http-client/1.1"
45.200.148.148 - - [16/Nov/2024:01:41:14 +0600] "POST /ws/v1/cluster/apps/new-application HTTP/1.1" 404 705 "-" "python-requests/2.25.1"
141.98.11.175 - - [16/Nov/2024:02:35:42 +0600] "POST /ws/v1/cluster/apps/new-application HTTP/1.1" 404 705 "-" "Go-http-client/1.1"
113.200.98.17 - - [16/Nov/2024:02:53:02 +0600] "GET /stacks HTTP/1.1" 404 705 "-" "Mozilla/5.0 zgrab/0.x"
141.98.11.175 - - [16/Nov/2024:02:59:21 +0600] "POST /ws/v1/cluster/apps/new-application HTTP/1.1" 404 705 "-" "Go-http-client/1.1"
45.79.115.59 - - [16/Nov/2024:03:01:35 +0600] "GET / HTTP/1.1" 404 705 "-" "Mozilla/5.0 zgrab/0.x"
45.79.128.205 - - [16/Nov/2024:03:01:51 +0600] "GET / HTTP/1.1" 404 705 "-" "Mozilla/5.0 (Macintosh; Intel Mac OS X 13_1) AppleWebKit/537.36 (KHTML, like Gecko) Chrome/108.0.0.0 Safari/537.36"
106.75.65.201 - - [16/Nov/2024:03:30:13 +0600] "GET / HTTP/1.1" 404 1236 "-" "-"
141.98.11.175 - - [16/Nov/2024:03:51:22 +0600] "POST /ws/v1/cluster/apps/new-application HTTP/1.1" 404 705 "-" "Go-http-client/1.1"
185.191.126.248 - - [16/Nov/2024:04:42:40 +0600] "GET / HTTP/1.1" 404 1236 "-" "-"
141.98.11.175 - - [16/Nov/2024:04:52:07 +0600] "POST /ws/v1/cluster/apps/new-application HTTP/1.1" 404 705 "-" "Go-http-client/1.1"
194.50.16.198 - - [16/Nov/2024:05:06:47 +0600] "POST /apply.cgi HTTP/1.1" 404 705 "http://139.59.127.108:8088/apply.cgi" "Mozilla/5.0 (Windows NT 10.0; Win64; x64) AppleWebKit/537.36 (KHTML, like Gecko) Chrome/129.0.6668.71 Safari/537.36"
141.98.11.175 - - [16/Nov/2024:05:22:22 +0600] "POST /ws/v1/cluster/apps/new-application HTTP/1.1" 404 705 "-" "Go-http-client/1.1"
154.213.187.208 - - [16/Nov/2024:05:42:20 +0600] "POST /ws/v1/cluster/apps/new-application HTTP/1.1" 404 705 "-" "python-requests/2.22.0"
141.98.11.175 - - [16/Nov/2024:06:16:26 +0600] "POST /ws/v1/cluster/apps/new-application HTTP/1.1" 404 705 "-" "Go-http-client/1.1"
194.50.16.198 - - [16/Nov/2024:06:21:14 +0600] "GET / HTTP/1.0" 404 705 "-" "Mozilla/5.0 (X11; Ubuntu; Linux x86_64; rv:71.0) Gecko/20100101 Firefox/71.0"
194.50.16.198 - - [16/Nov/2024:06:21:14 +0600] "POST /apply.cgi HTTP/1.1" 404 705 "http://139.59.127.108:8088/apply.cgi" "Mozilla/5.0 (Windows NT 10.0; Win64; x64) AppleWebKit/537.36 (KHTML, like Gecko) Chrome/96.0.4664.110 Safari/537.36"
205.210.31.229 - - [16/Nov/2024:06:30:25 +0600] "GET / HTTP/1.0" 404 1236 "-" "Expanse, a Palo Alto Networks company, searches across the global IPv4 space multiple times per day to identify customers' presences on the Internet. If you would like to be excluded from our scans, please send IP addresses/domains to: scaninfo@paloaltonetworks.com"
141.98.11.175 - - [16/Nov/2024:06:52:10 +0600] "POST /ws/v1/cluster/apps/new-application HTTP/1.1" 404 705 "-" "Go-http-client/1.1"
42.192.210.147 - - [16/Nov/2024:07:02:21 +0600] "GET /stacks HTTP/1.1" 404 705 "-" "Mozilla/5.0 zgrab/0.x"
141.98.11.175 - - [16/Nov/2024:08:05:13 +0600] "POST /ws/v1/cluster/apps/new-application HTTP/1.1" 404 705 "-" "Go-http-client/1.1"
141.98.11.175 - - [16/Nov/2024:08:51:49 +0600] "POST /ws/v1/cluster/apps/new-application HTTP/1.1" 404 705 "-" "Go-http-client/1.1"
154.216.19.166 - - [16/Nov/2024:09:11:55 +0600] "POST /ws/v1/cluster/apps/new-application HTTP/1.1" 404 705 "-" "python-requests/2.27.1"
154.213.189.18 - - [16/Nov/2024:09:24:11 +0600] "POST /ws/v1/cluster/apps/new-application HTTP/1.1" 404 705 "-" "python-requests/2.22.0"
141.98.11.175 - - [16/Nov/2024:09:30:57 +0600] "POST /ws/v1/cluster/apps/new-application HTTP/1.1" 404 705 "-" "Go-http-client/1.1"
117.187.117.6 - - [16/Nov/2024:09:40:56 +0600] "GET /stacks HTTP/1.1" 404 705 "-" "Mozilla/5.0 zgrab/0.x"
141.98.11.175 - - [16/Nov/2024:10:29:04 +0600] "POST /ws/v1/cluster/apps/new-application HTTP/1.1" 404 705 "-" "Go-http-client/1.1"
65.49.20.66 - - [16/Nov/2024:10:31:30 +0600] "GET / HTTP/1.1" 404 705 "-" "Mozilla/5.0 (Windows NT 10.0.0; Win64; x64; ) AppleWebKit/537.36 (KHTML, like Gecko) Chrome/124.0.6367.63 Chrome/124.0.6367.63 Not-A.Brand/99 Safari/537.36"
65.49.20.66 - - [16/Nov/2024:10:31:40 +0600] "GET /favicon.ico HTTP/1.1" 404 705 "-" "Mozilla/5.0 (Windows NT 10.0; Win64; x64; rv:109.0) Gecko/20100101 Firefox/111.0"
141.98.11.175 - - [16/Nov/2024:11:25:06 +0600] "POST /ws/v1/cluster/apps/new-application HTTP/1.1" 404 705 "-" "Go-http-client/1.1"
141.98.11.175 - - [16/Nov/2024:11:59:31 +0600] "POST /ws/v1/cluster/apps/new-application HTTP/1.1" 404 705 "-" "Go-http-client/1.1"
141.98.11.175 - - [16/Nov/2024:12:38:33 +0600] "POST /ws/v1/cluster/apps/new-application HTTP/1.1" 404 705 "-" "Go-http-client/1.1"
154.213.187.208 - - [16/Nov/2024:12:50:39 +0600] "POST /ws/v1/cluster/apps/new-application HTTP/1.1" 404 705 "-" "python-requests/2.22.0"
81.68.179.56 - - [16/Nov/2024:12:58:15 +0600] "GET /stacks HTTP/1.1" 404 705 "-" "Mozilla/5.0 zgrab/0.x"
141.98.11.175 - - [16/Nov/2024:13:17:17 +0600] "POST /ws/v1/cluster/apps/new-application HTTP/1.1" 404 705 "-" "Go-http-client/1.1"
154.213.189.18 - - [16/Nov/2024:13:34:07 +0600] "POST /ws/v1/cluster/apps/new-application HTTP/1.1" 404 705 "-" "python-requests/2.22.0"
141.98.11.175 - - [16/Nov/2024:14:16:36 +0600] "POST /ws/v1/cluster/apps/new-application HTTP/1.1" 404 705 "-" "Go-http-client/1.1"
113.214.18.234 - - [16/Nov/2024:14:37:36 +0600] "GET /stacks HTTP/1.1" 404 705 "-" "Mozilla/5.0 zgrab/0.x"
141.98.11.175 - - [16/Nov/2024:14:54:14 +0600] "POST /ws/v1/cluster/apps/new-application HTTP/1.1" 404 705 "-" "Go-http-client/1.1"
154.213.189.18 - - [16/Nov/2024:15:28:23 +0600] "POST /ws/v1/cluster/apps/new-application HTTP/1.1" 404 705 "-" "python-requests/2.22.0"
205.210.31.202 - - [16/Nov/2024:15:40:02 +0600] "GET / HTTP/1.1" 404 705 "-" "Expanse, a Palo Alto Networks company, searches across the global IPv4 space multiple times per day to identify customers' presences on the Internet. If you would like to be excluded from our scans, please send IP addresses/domains to: scaninfo@paloaltonetworks.com"
141.98.11.175 - - [16/Nov/2024:15:51:30 +0600] "POST /ws/v1/cluster/apps/new-application HTTP/1.1" 404 705 "-" "Go-http-client/1.1"
45.200.148.148 - - [16/Nov/2024:16:25:10 +0600] "POST /ws/v1/cluster/apps/new-application HTTP/1.1" 404 705 "-" "python-requests/2.25.1"
141.98.11.175 - - [16/Nov/2024:16:30:20 +0600] "POST /ws/v1/cluster/apps/new-application HTTP/1.1" 404 705 "-" "Go-http-client/1.1"
124.222.54.108 - - [16/Nov/2024:16:38:15 +0600] "GET /stacks HTTP/1.1" 404 705 "-" "Mozilla/5.0 zgrab/0.x"
141.98.11.175 - - [16/Nov/2024:17:06:14 +0600] "POST /ws/v1/cluster/apps/new-application HTTP/1.1" 404 705 "-" "Go-http-client/1.1"
141.98.11.175 - - [16/Nov/2024:17:58:16 +0600] "POST /ws/v1/cluster/apps/new-application HTTP/1.1" 404 705 "-" "Go-http-client/1.1"
45.84.89.3 - - [16/Nov/2024:18:35:04 +0600] "GET / HTTP/1.1" 404 1236 "-" "Mozilla/6.0 (Windows NT 10.0; Win64; x64) AppleWebKit/537.36 (KHTML, like Gecko) Chrome/127.0.0.0 Safari/537.36 Inspici (www.inspici.com)"
141.98.11.175 - - [16/Nov/2024:18:48:03 +0600] "POST /ws/v1/cluster/apps/new-application HTTP/1.1" 404 705 "-" "Go-http-client/1.1"
194.50.16.198 - - [16/Nov/2024:19:02:16 +0600] "POST /apply.cgi HTTP/1.1" 404 705 "http://139.59.127.108:8088/apply.cgi" "Mozilla/5.0 (Windows NT 10.0; Win64; x64) AppleWebKit/537.36 (KHTML, like Gecko) Chrome/129.0.6668.71 Safari/537.36"
141.98.11.175 - - [16/Nov/2024:19:40:00 +0600] "POST /ws/v1/cluster/apps/new-application HTTP/1.1" 404 705 "-" "Go-http-client/1.1"
144.6.213.134 - - [16/Nov/2024:19:43:04 +0600] "GET / HTTP/1.1" 404 705 "-" "Mozilla/5.0"
141.98.11.175 - - [16/Nov/2024:20:19:42 +0600] "POST /ws/v1/cluster/apps/new-application HTTP/1.1" 404 705 "-" "Go-http-client/1.1"
45.200.148.148 - - [16/Nov/2024:20:19:45 +0600] "POST /ws/v1/cluster/apps/new-application HTTP/1.1" 404 705 "-" "python-requests/2.25.1"
141.98.11.175 - - [16/Nov/2024:21:08:33 +0600] "POST /ws/v1/cluster/apps/new-application HTTP/1.1" 404 705 "-" "Go-http-client/1.1"
194.50.16.198 - - [16/Nov/2024:21:22:16 +0600] "GET / HTTP/1.0" 404 705 "-" "Mozilla/5.0 (X11; Ubuntu; Linux x86_64; rv:71.0) Gecko/20100101 Firefox/71.0"
194.50.16.198 - - [16/Nov/2024:21:22:17 +0600] "POST /apply.cgi HTTP/1.1" 404 705 "http://139.59.127.108:8088/apply.cgi" "Mozilla/5.0 (Windows NT 10.0; Win64; x64) AppleWebKit/537.36 (KHTML, like Gecko) Chrome/96.0.4664.110 Safari/537.36"
165.154.100.42 - - [16/Nov/2024:21:27:22 +0600] "GET / HTTP/1.1" 404 1236 "-" "Mozilla/5.0 (Macintosh; Intel Mac OS X 10_15_7) AppleWebKit/537.36 (KHTML, like Gecko) Chrome/120.0.0.0 Safari/537.36 Edg/120.0.0.0"
165.154.100.42 - - [16/Nov/2024:21:27:28 +0600] "GET /favicon.ico HTTP/1.1" 404 705 "-" "Mozilla/5.0 (Macintosh; Intel Mac OS X 10_7_0) AppleWebKit/535.11 (KHTML, like Gecko) Chrome/17.0.963.56 Safari/535.11"
165.154.100.42 - - [16/Nov/2024:21:27:29 +0600] "GET /robots.txt HTTP/1.1" 404 705 "-" "Mozilla/5.0 (Macintosh; Intel Mac OS X 10_7_0) AppleWebKit/535.11 (KHTML, like Gecko) Chrome/17.0.963.56 Safari/535.11"
165.154.100.42 - - [16/Nov/2024:21:27:31 +0600] "GET /sitemap.xml HTTP/1.1" 404 705 "-" "Mozilla/5.0 (Macintosh; Intel Mac OS X 10_7_0) AppleWebKit/535.11 (KHTML, like Gecko) Chrome/17.0.963.56 Safari/535.11"
141.98.11.175 - - [16/Nov/2024:22:16:18 +0600] "POST /ws/v1/cluster/apps/new-application HTTP/1.1" 404 705 "-" "Go-http-client/1.1"
175.27.157.249 - - [16/Nov/2024:22:17:08 +0600] "GET /stacks HTTP/1.1" 404 705 "-" "Mozilla/5.0 zgrab/0.x"
141.98.11.175 - - [16/Nov/2024:22:31:48 +0600] "POST /ws/v1/cluster/apps/new-application HTTP/1.1" 404 705 "-" "Go-http-client/1.1"
141.98.11.175 - - [16/Nov/2024:23:18:54 +0600] "POST /ws/v1/cluster/apps/new-application HTTP/1.1" 404 705 "-" "Go-http-client/1.1"
141.98.11.175 - - [17/Nov/2024:00:18:14 +0600] "POST /ws/v1/cluster/apps/new-application HTTP/1.1" 404 705 "-" "Go-http-client/1.1"
141.98.11.175 - - [17/Nov/2024:00:32:44 +0600] "POST /ws/v1/cluster/apps/new-application HTTP/1.1" 404 705 "-" "Go-http-client/1.1"
154.213.189.18 - - [17/Nov/2024:00:32:50 +0600] "POST /ws/v1/cluster/apps/new-application HTTP/1.1" 404 705 "-" "python-requests/2.22.0"
141.98.11.175 - - [17/Nov/2024:01:19:46 +0600] "POST /ws/v1/cluster/apps/new-application HTTP/1.1" 404 705 "-" "Go-http-client/1.1"
