152.32.216.28 - - [02/Oct/2024:20:05:37 +0600] "GET /sitemap.xml HTTP/1.1" 404 705 "-" "Mozilla/5.0 (Macintosh; Intel Mac OS X 10_7_0) AppleWebKit/535.11 (KHTML, like Gecko) Chrome/17.0.963.56 Safari/535.11"
1.14.250.37 - - [02/Oct/2024:20:44:45 +0600] "GET /stacks HTTP/1.1" 404 705 "-" "Mozilla/5.0 zgrab/0.x"
5.59.249.236 - - [02/Oct/2024:23:52:12 +0600] "POST /ws/v1/cluster/apps/new-application HTTP/1.1" 404 705 "-" "python-requests/2.22.0"
154.213.187.136 - - [03/Oct/2024:00:46:32 +0600] "POST /ws/v1/cluster/apps/new-application HTTP/1.1" 404 705 "-" "python-requests/2.22.0"
198.235.24.39 - - [03/Oct/2024:01:43:38 +0600] "GET / HTTP/1.0" 404 1236 "-" "Expanse, a Palo Alto Networks company, searches across the global IPv4 space multiple times per day to identify customers' presences on the Internet. If you would like to be excluded from our scans, please send IP addresses/domains to: scaninfo@paloaltonetworks.com"
39.106.18.244 - - [03/Oct/2024:03:17:50 +0600] "GET /stacks HTTP/1.1" 404 705 "-" "Mozilla/5.0 zgrab/0.x"
47.103.57.73 - - [03/Oct/2024:04:35:24 +0600] "GET /stacks HTTP/1.1" 404 705 "-" "Mozilla/5.0 zgrab/0.x"
45.84.89.3 - - [03/Oct/2024:06:22:46 +0600] "GET / HTTP/1.1" 404 1236 "-" "Mozilla/6.0 (Windows NT 10.0; Win64; x64) AppleWebKit/537.36 (KHTML, like Gecko) Chrome/127.0.0.0 Safari/537.36 Inspici (www.inspici.com)"
39.106.18.244 - - [03/Oct/2024:07:28:36 +0600] "GET /stacks HTTP/1.1" 404 705 "-" "Mozilla/5.0 zgrab/0.x"
206.168.34.35 - - [03/Oct/2024:09:00:27 +0600] "GET / HTTP/1.1" 404 705 "-" "Mozilla/5.0 (compatible; CensysInspect/1.1; +https://about.censys.io/)"
23.95.200.178 - - [03/Oct/2024:09:38:41 +0600] "GET / HTTP/1.1" 404 705 "-" "Mozilla/5.0"
205.210.31.110 - - [03/Oct/2024:10:42:26 +0600] "GET / HTTP/1.1" 404 705 "-" "Expanse, a Palo Alto Networks company, searches across the global IPv4 space multiple times per day to identify customers' presences on the Internet. If you would like to be excluded from our scans, please send IP addresses/domains to: scaninfo@paloaltonetworks.com"
154.213.186.9 - - [03/Oct/2024:10:55:36 +0600] "POST /ws/v1/cluster/apps/new-application HTTP/1.1" 404 705 "-" "python-requests/2.22.0"
5.59.249.3 - - [03/Oct/2024:11:05:24 +0600] "POST /ws/v1/cluster/apps/new-application HTTP/1.1" 404 705 "-" "python-requests/2.22.0"
5.59.249.3 - - [03/Oct/2024:11:31:02 +0600] "POST /ws/v1/cluster/apps/new-application HTTP/1.1" 404 705 "-" "python-requests/2.22.0"
106.75.65.24 - - [03/Oct/2024:14:21:52 +0600] "GET / HTTP/1.1" 404 1236 "-" "-"
106.55.165.3 - - [03/Oct/2024:15:06:03 +0600] "GET /stacks HTTP/1.1" 404 705 "-" "Mozilla/5.0 zgrab/0.x"
101.91.148.86 - - [03/Oct/2024:16:10:43 +0600] "GET /stacks HTTP/1.1" 404 705 "-" "Mozilla/5.0 zgrab/0.x"
39.104.134.58 - - [03/Oct/2024:16:53:26 +0600] "GET /stacks HTTP/1.1" 404 705 "-" "Mozilla/5.0 zgrab/0.x"
64.62.197.120 - - [03/Oct/2024:16:54:05 +0600] "GET / HTTP/1.1" 404 705 "-" "Mozilla/5.0 (Macintosh; Intel Mac OS X 10_15_7) AppleWebKit/537.36 (KHTML, like Gecko) Chrome/124.0.0.0 Safari/537.36"
64.62.197.112 - - [03/Oct/2024:16:54:23 +0600] "GET /favicon.ico HTTP/1.1" 404 705 "-" "Mozilla/5.0 (Macintosh; Intel Mac OS X 10_9_3) AppleWebKit/537.75.14 (KHTML, like Gecko) Version/7.0.3 Safari/7046A194A"
5.59.249.210 - - [03/Oct/2024:17:43:24 +0600] "POST /ws/v1/cluster/apps/new-application HTTP/1.1" 404 705 "-" "python-requests/2.22.0"
5.59.249.3 - - [03/Oct/2024:18:14:51 +0600] "POST /ws/v1/cluster/apps/new-application HTTP/1.1" 404 705 "-" "python-requests/2.22.0"
13.58.97.162 - - [03/Oct/2024:19:00:11 +0600] "GET / HTTP/1.1" 404 705 "-" "Mozilla/5.0 (Macintosh; Intel Mac OS X 10_15_7) AppleWebKit/537.36 (KHTML, like Gecko) Chrome/126.0.0.0 Safari/537.36"
5.59.249.210 - - [03/Oct/2024:19:05:00 +0600] "POST /ws/v1/cluster/apps/new-application HTTP/1.1" 404 705 "-" "python-requests/2.22.0"
184.105.247.252 - - [03/Oct/2024:20:07:00 +0600] "GET / HTTP/1.1" 404 705 "-" "Mozilla/5.0 (Macintosh; Intel Mac OS X 10_15_7) AppleWebKit/605.1.15 (KHTML, like Gecko) Version/17.4.1 Safari/605.1.15"
184.105.247.252 - - [03/Oct/2024:20:07:08 +0600] "GET /favicon.ico HTTP/1.1" 404 705 "-" "Mozilla/5.0 (Macintosh; Intel Mac OS X 10_15_7) AppleWebKit/605.1.15 (KHTML, like Gecko)"
101.36.97.187 - - [03/Oct/2024:20:12:38 +0600] "GET / HTTP/1.1" 404 1236 "-" "Mozilla/5.0 (Macintosh; Intel Mac OS X 10_15_7) AppleWebKit/537.36 (KHTML, like Gecko) Chrome/120.0.0.0 Safari/537.36 Edg/120.0.0.0"
101.36.97.187 - - [03/Oct/2024:20:12:43 +0600] "GET /robots.txt HTTP/1.1" 404 705 "-" "Mozilla/5.0 (Macintosh; Intel Mac OS X 10_7_0) AppleWebKit/535.11 (KHTML, like Gecko) Chrome/17.0.963.56 Safari/535.11"
101.36.97.187 - - [03/Oct/2024:20:12:43 +0600] "GET /favicon.ico HTTP/1.1" 404 705 "-" "Mozilla/5.0 (Macintosh; Intel Mac OS X 10_7_0) AppleWebKit/535.11 (KHTML, like Gecko) Chrome/17.0.963.56 Safari/535.11"
101.36.97.187 - - [03/Oct/2024:20:12:44 +0600] "GET /sitemap.xml HTTP/1.1" 404 705 "-" "Mozilla/5.0 (Macintosh; Intel Mac OS X 10_7_0) AppleWebKit/535.11 (KHTML, like Gecko) Chrome/17.0.963.56 Safari/535.11"
117.187.117.6 - - [03/Oct/2024:21:16:45 +0600] "GET /stacks HTTP/1.1" 404 705 "-" "Mozilla/5.0 zgrab/0.x"
5.59.249.210 - - [03/Oct/2024:23:53:29 +0600] "POST /ws/v1/cluster/apps/new-application HTTP/1.1" 404 705 "-" "python-requests/2.22.0"
39.105.202.192 - - [04/Oct/2024:00:19:15 +0600] "GET /stacks HTTP/1.1" 404 705 "-" "Mozilla/5.0 zgrab/0.x"
220.248.173.137 - - [04/Oct/2024:00:50:39 +0600] "GET /stacks HTTP/1.1" 404 705 "-" "Mozilla/5.0 zgrab/0.x"
5.59.249.18 - - [04/Oct/2024:02:19:12 +0600] "POST /ws/v1/cluster/apps/new-application HTTP/1.1" 404 705 "-" "python-requests/2.22.0"
5.59.249.18 - - [04/Oct/2024:03:36:39 +0600] "POST /ws/v1/cluster/apps/new-application HTTP/1.1" 404 705 "-" "python-requests/2.22.0"
205.210.31.143 - - [04/Oct/2024:04:27:04 +0600] "GET / HTTP/1.0" 404 1236 "-" "Expanse, a Palo Alto Networks company, searches across the global IPv4 space multiple times per day to identify customers' presences on the Internet. If you would like to be excluded from our scans, please send IP addresses/domains to: scaninfo@paloaltonetworks.com"
113.200.98.17 - - [04/Oct/2024:04:38:45 +0600] "GET /stacks HTTP/1.1" 404 705 "-" "Mozilla/5.0 zgrab/0.x"
45.84.89.3 - - [04/Oct/2024:05:32:51 +0600] "GET / HTTP/1.1" 404 1236 "-" "Mozilla/6.0 (Windows NT 10.0; Win64; x64) AppleWebKit/537.36 (KHTML, like Gecko) Chrome/127.0.0.0 Safari/537.36 Inspici (www.inspici.com)"
52.228.154.149 - - [04/Oct/2024:06:24:53 +0600] "GET /manager/html HTTP/1.1" 404 705 "-" "Mozilla/5.0 zgrab/0.x"
154.213.187.136 - - [04/Oct/2024:06:25:04 +0600] "POST /ws/v1/cluster/apps/new-application HTTP/1.1" 404 705 "-" "python-requests/2.22.0"
120.76.141.205 - - [04/Oct/2024:06:50:25 +0600] "GET /stacks HTTP/1.1" 404 705 "-" "Mozilla/5.0 zgrab/0.x"
5.59.248.145 - - [04/Oct/2024:07:48:22 +0600] "POST /ws/v1/cluster/apps/new-application HTTP/1.1" 404 705 "-" "python-requests/2.28.1"
113.214.18.234 - - [04/Oct/2024:07:50:26 +0600] "GET /stacks HTTP/1.1" 404 705 "-" "Mozilla/5.0 zgrab/0.x"
5.59.248.145 - - [04/Oct/2024:08:42:50 +0600] "POST /ws/v1/cluster/apps/new-application HTTP/1.1" 404 705 "-" "python-requests/2.28.1"
154.213.187.136 - - [04/Oct/2024:09:04:45 +0600] "POST /ws/v1/cluster/apps/new-application HTTP/1.1" 404 705 "-" "python-requests/2.22.0"
51.8.223.159 - - [04/Oct/2024:09:54:18 +0600] "GET /manager/text/list HTTP/1.1" 404 705 "-" "Mozilla/5.0 zgrab/0.x"
221.130.29.85 - - [04/Oct/2024:10:54:40 +0600] "GET /stacks HTTP/1.1" 404 705 "-" "Mozilla/5.0 zgrab/0.x"
147.185.132.159 - - [04/Oct/2024:14:56:57 +0600] "GET / HTTP/1.1" 404 705 "-" "Expanse, a Palo Alto Networks company, searches across the global IPv4 space multiple times per day to identify customers' presences on the Internet. If you would like to be excluded from our scans, please send IP addresses/domains to: scaninfo@paloaltonetworks.com"
87.236.176.197 - - [04/Oct/2024:15:28:48 +0600] "GET / HTTP/1.1" 404 705 "-" "Mozilla/5.0 (compatible; InternetMeasurement/1.0; +https://internet-measurement.com/)"
139.198.163.91 - - [04/Oct/2024:17:14:37 +0600] "GET /stacks HTTP/1.1" 404 705 "-" "Mozilla/5.0 zgrab/0.x"
5.59.249.210 - - [04/Oct/2024:18:28:45 +0600] "POST /ws/v1/cluster/apps/new-application HTTP/1.1" 404 705 "-" "python-requests/2.22.0"
47.103.57.73 - - [04/Oct/2024:18:33:49 +0600] "GET /stacks HTTP/1.1" 404 705 "-" "Mozilla/5.0 zgrab/0.x"
81.68.179.56 - - [04/Oct/2024:18:52:48 +0600] "GET /stacks HTTP/1.1" 404 705 "-" "Mozilla/5.0 zgrab/0.x"
65.49.1.32 - - [04/Oct/2024:19:30:25 +0600] "GET / HTTP/1.1" 404 705 "-" "Mozilla/5.0 (X11; CrOS x86_64 14541.0.0) AppleWebKit/537.36 (KHTML, like Gecko) Chrome/123.0.0.0 Safari/537.36"
65.49.1.24 - - [04/Oct/2024:19:30:33 +0600] "GET /favicon.ico HTTP/1.1" 404 705 "-" "Mozilla/5.0 (X11; Linux x86_64) AppleWebKit/537.36 (KHTML, like Gecko) Chrome/126.0.0.0 Safari/537.36"
152.32.159.177 - - [04/Oct/2024:20:18:32 +0600] "GET / HTTP/1.1" 404 1236 "-" "Mozilla/5.0 (Macintosh; Intel Mac OS X 10_15_7) AppleWebKit/537.36 (KHTML, like Gecko) Chrome/120.0.0.0 Safari/537.36 Edg/120.0.0.0"
152.32.159.177 - - [04/Oct/2024:20:18:38 +0600] "GET /favicon.ico HTTP/1.1" 404 705 "-" "Mozilla/5.0 (Macintosh; Intel Mac OS X 10_7_0) AppleWebKit/535.11 (KHTML, like Gecko) Chrome/17.0.963.56 Safari/535.11"
152.32.159.177 - - [04/Oct/2024:20:18:39 +0600] "GET /robots.txt HTTP/1.1" 404 705 "-" "Mozilla/5.0 (Macintosh; Intel Mac OS X 10_7_0) AppleWebKit/535.11 (KHTML, like Gecko) Chrome/17.0.963.56 Safari/535.11"
152.32.159.177 - - [04/Oct/2024:20:18:39 +0600] "GET /sitemap.xml HTTP/1.1" 404 705 "-" "Mozilla/5.0 (Macintosh; Intel Mac OS X 10_7_0) AppleWebKit/535.11 (KHTML, like Gecko) Chrome/17.0.963.56 Safari/535.11"
42.192.210.147 - - [04/Oct/2024:21:13:03 +0600] "GET /stacks HTTP/1.1" 404 705 "-" "Mozilla/5.0 zgrab/0.x"
154.213.186.9 - - [04/Oct/2024:22:16:00 +0600] "POST /ws/v1/cluster/apps/new-application HTTP/1.1" 404 705 "-" "python-requests/2.22.0"
124.222.54.108 - - [04/Oct/2024:22:21:17 +0600] "GET /stacks HTTP/1.1" 404 705 "-" "Mozilla/5.0 zgrab/0.x"
113.200.98.17 - - [04/Oct/2024:23:54:08 +0600] "GET /stacks HTTP/1.1" 404 705 "-" "Mozilla/5.0 zgrab/0.x"
198.235.24.165 - - [05/Oct/2024:00:59:43 +0600] "GET / HTTP/1.1" 404 705 "-" "Expanse, a Palo Alto Networks company, searches across the global IPv4 space multiple times per day to identify customers' presences on the Internet. If you would like to be excluded from our scans, please send IP addresses/domains to: scaninfo@paloaltonetworks.com"
106.55.165.3 - - [05/Oct/2024:01:42:18 +0600] "GET /stacks HTTP/1.1" 404 705 "-" "Mozilla/5.0 zgrab/0.x"
45.84.89.3 - - [05/Oct/2024:04:20:10 +0600] "GET / HTTP/1.1" 404 1236 "-" "Mozilla/6.0 (Windows NT 10.0; Win64; x64) AppleWebKit/537.36 (KHTML, like Gecko) Chrome/127.0.0.0 Safari/537.36 Inspici (www.inspici.com)"
147.185.132.37 - - [05/Oct/2024:04:40:14 +0600] "GET / HTTP/1.0" 404 1236 "-" "Expanse, a Palo Alto Networks company, searches across the global IPv4 space multiple times per day to identify customers' presences on the Internet. If you would like to be excluded from our scans, please send IP addresses/domains to: scaninfo@paloaltonetworks.com"
31.220.1.144 - - [05/Oct/2024:04:41:58 +0600] "GET / HTTP/1.1" 404 1236 "-" "-"
154.213.186.9 - - [05/Oct/2024:05:35:40 +0600] "POST /ws/v1/cluster/apps/new-application HTTP/1.1" 404 705 "-" "python-requests/2.22.0"
154.213.186.9 - - [05/Oct/2024:07:03:18 +0600] "POST /ws/v1/cluster/apps/new-application HTTP/1.1" 404 705 "-" "python-requests/2.22.0"
117.187.117.6 - - [05/Oct/2024:08:36:57 +0600] "GET /stacks HTTP/1.1" 404 705 "-" "Mozilla/5.0 zgrab/0.x"
23.95.200.178 - - [05/Oct/2024:09:57:43 +0600] "GET / HTTP/1.1" 404 705 "-" "Mozilla/5.0"
184.105.247.254 - - [05/Oct/2024:11:01:18 +0600] "GET / HTTP/1.1" 404 705 "-" "Mozilla/5.0 (Windows NT 10.0; Win64; x64) AppleWebKit/537.36 (KHTML, like Gecko) Chrome/114.0.0.0 YaBrowser/23.7.0.2534 Yowser/2.5 Safari/537.36"
47.97.122.13 - - [05/Oct/2024:11:01:30 +0600] "GET /stacks HTTP/1.1" 404 705 "-" "Mozilla/5.0 zgrab/0.x"
184.105.247.254 - - [05/Oct/2024:11:01:30 +0600] "GET /favicon.ico HTTP/1.1" 404 705 "-" "Mozilla/5.0 (Macintosh; Intel Mac OS X 10_15_7) AppleWebKit/605.1.15 (KHTML, like Gecko) Version/16.1 Safari/605.1.15"
71.6.134.234 - - [05/Oct/2024:11:23:53 +0600] "GET / HTTP/1.1" 404 705 "-" "Mozilla/5.0 (Windows NT 10.0; Win64; x64) AppleWebKit/537.36 (KHTML, like Gecko) Chrome/102.0.0.0 Safari/537.36"
71.6.134.234 - - [05/Oct/2024:11:24:14 +0600] "GET /favicon.ico HTTP/1.1" 404 1236 "-" "Mozilla/5.0 (Windows NT 10.0; Win64; x64) AppleWebKit/537.36 (KHTML, like Gecko) Chrome/102.0.0.0 Safari/537.36"
113.200.98.17 - - [05/Oct/2024:12:56:49 +0600] "GET /stacks HTTP/1.1" 404 705 "-" "Mozilla/5.0 zgrab/0.x"
162.142.125.38 - - [05/Oct/2024:13:24:35 +0600] "GET / HTTP/1.1" 404 705 "-" "Mozilla/5.0 (compatible; CensysInspect/1.1; +https://about.censys.io/)"
139.162.7.59 - - [05/Oct/2024:16:36:37 +0600] "GET / HTTP/1.0" 404 1236 "-" "-"
139.162.7.59 - - [05/Oct/2024:16:36:47 +0600] "OPTIONS / HTTP/1.0" 404 1236 "-" "-"
139.162.7.59 - - [05/Oct/2024:16:37:18 +0600] "GET /CSS/Miniweb.css HTTP/1.1" 404 1236 "-" "curl/7.54.0"
139.162.7.59 - - [05/Oct/2024:16:37:18 +0600] "GET / HTTP/1.1" 404 1236 "-" "curl/7.54.0"
139.162.7.59 - - [05/Oct/2024:16:37:18 +0600] "GET /webui HTTP/1.1" 404 1236 "-" "curl/7.54.0"
139.162.7.59 - - [05/Oct/2024:16:37:19 +0600] "GET /oIl8 HTTP/1.1" 404 1236 "-" "curl/7.54.0"
139.162.7.59 - - [05/Oct/2024:16:37:19 +0600] "GET /HNAP1 HTTP/1.1" 404 1236 "-" "curl/7.54.0"
139.162.7.59 - - [05/Oct/2024:16:37:19 +0600] "GET /server-status HTTP/1.1" 404 1236 "-" "curl/7.54.0"
139.162.7.59 - - [05/Oct/2024:16:37:19 +0600] "GET /human.aspx HTTP/1.1" 404 1236 "-" "curl/7.54.0"
139.162.7.59 - - [05/Oct/2024:16:37:19 +0600] "GET / HTTP/1.1" 404 1236 "-" "curl/7.54.0"
139.162.7.59 - - [05/Oct/2024:16:37:19 +0600] "GET /base.shtml HTTP/1.1" 404 1236 "-" "curl/7.54.0"
139.162.7.59 - - [05/Oct/2024:16:37:19 +0600] "GET / HTTP/1.1" 404 1236 "-" "curl/7.54.0"
139.162.7.59 - - [05/Oct/2024:16:37:19 +0600] "GET /user HTTP/1.1" 404 1236 "-" "curl/7.54.0"
139.162.7.59 - - [05/Oct/2024:16:37:19 +0600] "GET /nmaplowercheck1728124638 HTTP/1.1" 404 1236 "-" "curl/7.54.0"
139.162.7.59 - - [05/Oct/2024:16:37:19 +0600] "GET /user HTTP/1.1" 404 1236 "-" "curl/7.54.0"
139.162.7.59 - - [05/Oct/2024:16:37:19 +0600] "GET /human.aspx HTTP/1.1" 404 1236 "-" "curl/7.54.0"
139.162.7.59 - - [05/Oct/2024:16:37:19 +0600] "GET /webui HTTP/1.1" 404 1236 "-" "curl/7.54.0"
139.162.7.59 - - [05/Oct/2024:16:37:20 +0600] "GET /start.cgi HTTP/1.1" 404 1236 "-" "curl/7.54.0"
139.162.7.59 - - [05/Oct/2024:16:37:20 +0600] "GET /readme.txt HTTP/1.1" 404 1236 "-" "curl/7.54.0"
139.162.7.59 - - [05/Oct/2024:16:37:20 +0600] "GET /dana-cached/hc/HostCheckerInstaller.osx HTTP/1.1" 404 1236 "-" "curl/7.54.0"
139.162.7.59 - - [05/Oct/2024:16:37:20 +0600] "GET /menu.shtml HTTP/1.1" 404 1236 "-" "curl/7.54.0"
139.162.7.59 - - [05/Oct/2024:16:37:20 +0600] "GET /dana-na/nc/nc_gina_ver.txt HTTP/1.1" 404 1236 "-" "curl/7.54.0"
139.162.7.59 - - [05/Oct/2024:16:37:20 +0600] "GET /home.aspx HTTP/1.1" 404 1236 "-" "curl/7.54.0"
139.162.7.59 - - [05/Oct/2024:16:37:20 +0600] "GET /favicon.ico HTTP/1.1" 404 1236 "-" "curl/7.54.0"
139.162.7.59 - - [05/Oct/2024:16:37:20 +0600] "GET /+CSCOE+/logon.html HTTP/1.1" 404 1236 "-" "curl/7.54.0"
139.162.7.59 - - [05/Oct/2024:16:37:20 +0600] "GET /inicio.php HTTP/1.1" 404 1236 "-" "curl/7.54.0"
139.162.7.59 - - [05/Oct/2024:16:37:20 +0600] "GET /CFIDE/componentutils/ HTTP/1.1" 404 1236 "-" "curl/7.54.0"
139.162.7.59 - - [05/Oct/2024:16:37:20 +0600] "GET /geoserver/index.html HTTP/1.1" 404 1236 "-" "curl/7.54.0"
139.162.7.59 - - [05/Oct/2024:16:37:20 +0600] "GET /indice.jsp HTTP/1.1" 404 1236 "-" "curl/7.54.0"
139.162.7.59 - - [05/Oct/2024:16:37:20 +0600] "GET /geoserver/ HTTP/1.1" 404 1236 "-" "curl/7.54.0"
139.162.7.59 - - [05/Oct/2024:16:37:21 +0600] "GET /geoserver/web/wicket/bookmarkable/org.geoserver.web.AboutGeoServerPage HTTP/1.1" 404 1236 "-" "curl/7.54.0"
139.162.7.59 - - [05/Oct/2024:16:37:21 +0600] "GET /inicio.jsa HTTP/1.1" 404 1236 "-" "curl/7.54.0"
139.162.7.59 - - [05/Oct/2024:16:37:21 +0600] "GET /Account/Login HTTP/1.1" 404 1236 "-" "curl/7.54.0"
139.162.7.59 - - [05/Oct/2024:16:37:21 +0600] "GET /localstart.pl HTTP/1.1" 404 1236 "-" "curl/7.54.0"
139.162.7.59 - - [05/Oct/2024:16:37:21 +0600] "GET /cgi-bin/info.cgi HTTP/1.1" 404 1236 "-" "curl/7.54.0"
139.162.7.59 - - [05/Oct/2024:16:37:21 +0600] "GET /indice.cgi HTTP/1.1" 404 1236 "-" "curl/7.54.0"
139.162.7.59 - - [05/Oct/2024:16:37:21 +0600] "GET /inicio.asp HTTP/1.1" 404 1236 "-" "curl/7.54.0"
139.162.7.59 - - [05/Oct/2024:16:37:21 +0600] "GET /default.php HTTP/1.1" 404 1236 "-" "curl/7.54.0"
139.162.7.59 - - [05/Oct/2024:16:37:21 +0600] "POST /sdk HTTP/1.1" 404 1236 "-" "curl/7.54.0"
139.162.7.59 - - [05/Oct/2024:16:37:21 +0600] "GET /admin.shtml HTTP/1.1" 404 1236 "-" "curl/7.54.0"
139.162.7.59 - - [05/Oct/2024:16:37:21 +0600] "GET /geoserver/web/wicket/bookmarkable/org.geoserver.web.AboutGeoServerPage HTTP/1.1" 404 1236 "-" "curl/7.54.0"
139.162.7.59 - - [05/Oct/2024:16:37:21 +0600] "GET /xml/info.xml HTTP/1.1" 404 1236 "-" "curl/7.54.0"
139.162.7.59 - - [05/Oct/2024:16:37:21 +0600] "GET /Portal/Portal.mwsl HTTP/1.1" 404 1236 "-" "curl/7.54.0"
139.162.7.59 - - [05/Oct/2024:16:37:21 +0600] "GET /magento_version HTTP/1.1" 404 1236 "-" "curl/7.54.0"
139.162.7.59 - - [05/Oct/2024:16:37:21 +0600] "GET /docs/cplugError.html/ HTTP/1.1" 404 1236 "-" "curl/7.54.0"
139.162.7.59 - - [05/Oct/2024:16:37:22 +0600] "GET /base.jsa HTTP/1.1" 404 1236 "-" "curl/7.54.0"
139.162.7.59 - - [05/Oct/2024:16:37:22 +0600] "GET /default.html HTTP/1.1" 404 1236 "-" "curl/7.54.0"
139.162.7.59 - - [05/Oct/2024:16:37:22 +0600] "GET /menu.pl HTTP/1.1" 404 1236 "-" "curl/7.54.0"
139.162.7.59 - - [05/Oct/2024:16:37:22 +0600] "GET /inicio.aspx HTTP/1.1" 404 1236 "-" "curl/7.54.0"
139.162.7.59 - - [05/Oct/2024:16:37:22 +0600] "GET /admin.jsa HTTP/1.1" 404 1236 "-" "curl/7.54.0"
139.162.7.59 - - [05/Oct/2024:16:37:22 +0600] "GET /home.shtml HTTP/1.1" 404 1236 "-" "curl/7.54.0"
139.162.7.59 - - [05/Oct/2024:16:37:23 +0600] "GET /start.html HTTP/1.1" 404 1236 "-" "curl/7.54.0"
139.162.7.59 - - [05/Oct/2024:16:37:23 +0600] "GET /admin.html HTTP/1.1" 404 1236 "-" "curl/7.54.0"
139.162.7.59 - - [05/Oct/2024:16:37:23 +0600] "GET /inicio.jhtml HTTP/1.1" 404 1236 "-" "curl/7.54.0"
139.162.7.59 - - [05/Oct/2024:16:37:23 +0600] "GET /indice.jhtml HTTP/1.1" 404 1236 "-" "curl/7.54.0"
139.162.7.59 - - [05/Oct/2024:16:37:23 +0600] "GET /base.jsp HTTP/1.1" 404 1236 "-" "curl/7.54.0"
139.162.7.59 - - [05/Oct/2024:16:37:23 +0600] "GET /index.cfm HTTP/1.1" 404 1236 "-" "curl/7.54.0"
139.162.7.59 - - [05/Oct/2024:16:37:24 +0600] "GET /base.aspx HTTP/1.1" 404 1236 "-" "curl/7.54.0"
139.162.7.59 - - [05/Oct/2024:16:37:24 +0600] "GET /menu.jsp HTTP/1.1" 404 1236 "-" "curl/7.54.0"
139.162.7.59 - - [05/Oct/2024:16:37:24 +0600] "GET /index.jsa HTTP/1.1" 404 1236 "-" "curl/7.54.0"
139.162.7.59 - - [05/Oct/2024:16:37:24 +0600] "GET /admin.pl HTTP/1.1" 404 1236 "-" "curl/7.54.0"
139.162.7.59 - - [05/Oct/2024:16:37:24 +0600] "GET /localstart.cgi HTTP/1.1" 404 1236 "-" "curl/7.54.0"
139.162.7.59 - - [05/Oct/2024:16:37:24 +0600] "GET / HTTP/1.1" 404 1236 "-" "Mozilla/5.0 (Windows NT 6.1) AppleWebKit/537.36 (KHTML, like Gecko) Chrome/36.0.1985.125 Safari/537.36"
139.162.7.59 - - [05/Oct/2024:16:37:24 +0600] "GET /main.php HTTP/1.1" 404 1236 "-" "curl/7.54.0"
139.162.7.59 - - [05/Oct/2024:16:37:25 +0600] "GET /index.jhtml HTTP/1.1" 404 1236 "-" "curl/7.54.0"
139.162.7.59 - - [05/Oct/2024:16:37:25 +0600] "GET /.git/HEAD HTTP/1.1" 404 1236 "-" "curl/7.54.0"
139.162.7.59 - - [05/Oct/2024:16:37:25 +0600] "GET /inicio.html HTTP/1.1" 404 1236 "-" "curl/7.54.0"
139.162.7.59 - - [05/Oct/2024:16:37:25 +0600] "GET /menu.jsa HTTP/1.1" 404 1236 "-" "curl/7.54.0"
139.162.7.59 - - [05/Oct/2024:16:37:25 +0600] "GET /home.jhtml HTTP/1.1" 404 1236 "-" "curl/7.54.0"
139.162.7.59 - - [05/Oct/2024:16:37:25 +0600] "GET /robots.txt HTTP/1.1" 404 1236 "-" "curl/7.54.0"
139.162.7.59 - - [05/Oct/2024:16:37:25 +0600] "GET /index.cgi HTTP/1.1" 404 1236 "-" "curl/7.54.0"
139.162.7.59 - - [05/Oct/2024:16:37:26 +0600] "GET /indice.aspx HTTP/1.1" 404 1236 "-" "curl/7.54.0"
139.162.7.59 - - [05/Oct/2024:16:37:26 +0600] "GET /base.php HTTP/1.1" 404 1236 "-" "curl/7.54.0"
139.162.7.59 - - [05/Oct/2024:16:37:26 +0600] "GET /base.asp HTTP/1.1" 404 1236 "-" "curl/7.54.0"
139.162.7.59 - - [05/Oct/2024:16:37:26 +0600] "GET /home.cgi HTTP/1.1" 404 1236 "-" "curl/7.54.0"
139.162.7.59 - - [05/Oct/2024:16:37:26 +0600] "GET /index.html HTTP/1.1" 404 1236 "-" "curl/7.54.0"
139.162.7.59 - - [05/Oct/2024:16:37:26 +0600] "GET /main.jsa HTTP/1.1" 404 1236 "-" "curl/7.54.0"
139.162.7.59 - - [05/Oct/2024:16:37:27 +0600] "GET /admin.cfm HTTP/1.1" 404 1236 "-" "curl/7.54.0"
139.162.7.59 - - [05/Oct/2024:16:37:27 +0600] "GET /base.jhtml HTTP/1.1" 404 1236 "-" "curl/7.54.0"
139.162.7.59 - - [05/Oct/2024:16:37:27 +0600] "GET /Portal0000.htm HTTP/1.1" 404 1236 "-" "curl/7.54.0"
139.162.7.59 - - [05/Oct/2024:16:37:27 +0600] "GET /start.pl HTTP/1.1" 404 1236 "-" "curl/7.54.0"
139.162.7.59 - - [05/Oct/2024:16:37:27 +0600] "GET /home.html HTTP/1.1" 404 1236 "-" "curl/7.54.0"
139.162.7.59 - - [05/Oct/2024:16:37:27 +0600] "GET /start.jsa HTTP/1.1" 404 1236 "-" "curl/7.54.0"
139.162.7.59 - - [05/Oct/2024:16:37:27 +0600] "GET /main.pl HTTP/1.1" 404 1236 "-" "curl/7.54.0"
139.162.7.59 - - [05/Oct/2024:16:37:27 +0600] "GET /__Additional HTTP/1.1" 404 1236 "-" "curl/7.54.0"
139.162.7.59 - - [05/Oct/2024:16:37:28 +0600] "GET /indice.shtml HTTP/1.1" 404 1236 "-" "curl/7.54.0"
139.162.7.59 - - [05/Oct/2024:16:37:28 +0600] "GET /indice.pl HTTP/1.1" 404 1236 "-" "curl/7.54.0"
139.162.7.59 - - [05/Oct/2024:16:37:28 +0600] "GET /admin.php HTTP/1.1" 404 1236 "-" "curl/7.54.0"
139.162.7.59 - - [05/Oct/2024:16:37:28 +0600] "GET /admin.cgi HTTP/1.1" 404 1236 "-" "curl/7.54.0"
139.162.7.59 - - [05/Oct/2024:16:37:28 +0600] "GET /home.jsp HTTP/1.1" 404 1236 "-" "curl/7.54.0"
139.162.7.59 - - [05/Oct/2024:16:37:28 +0600] "GET /home.pl HTTP/1.1" 404 1236 "-" "curl/7.54.0"
139.162.7.59 - - [05/Oct/2024:16:37:29 +0600] "GET /menu.asp HTTP/1.1" 404 1236 "-" "curl/7.54.0"
139.162.7.59 - - [05/Oct/2024:16:37:29 +0600] "GET /admin.jhtml HTTP/1.1" 404 1236 "-" "curl/7.54.0"
139.162.7.59 - - [05/Oct/2024:16:37:29 +0600] "GET /indice.html HTTP/1.1" 404 1236 "-" "curl/7.54.0"
139.162.7.59 - - [05/Oct/2024:16:37:29 +0600] "GET /inicio.cgi HTTP/1.1" 404 1236 "-" "curl/7.54.0"
139.162.7.59 - - [05/Oct/2024:16:37:29 +0600] "GET /indice.jsa HTTP/1.1" 404 1236 "-" "curl/7.54.0"
139.162.7.59 - - [05/Oct/2024:16:37:29 +0600] "GET /indice.asp HTTP/1.1" 404 1236 "-" "curl/7.54.0"
139.162.7.59 - - [05/Oct/2024:16:37:29 +0600] "GET /base.pl HTTP/1.1" 404 1236 "-" "curl/7.54.0"
139.162.7.59 - - [05/Oct/2024:16:37:29 +0600] "GET /start.shtml HTTP/1.1" 404 1236 "-" "curl/7.54.0"
139.162.7.59 - - [05/Oct/2024:16:37:29 +0600] "GET /localstart.shtml HTTP/1.1" 404 1236 "-" "curl/7.54.0"
139.162.7.59 - - [05/Oct/2024:16:37:29 +0600] "GET /indice.cfm HTTP/1.1" 404 1236 "-" "curl/7.54.0"
139.162.7.59 - - [05/Oct/2024:16:37:29 +0600] "GET /inicio.shtml HTTP/1.1" 404 1236 "-" "curl/7.54.0"
139.162.7.59 - - [05/Oct/2024:16:37:30 +0600] "GET /inicio.pl HTTP/1.1" 404 1236 "-" "curl/7.54.0"
139.162.7.59 - - [05/Oct/2024:16:37:30 +0600] "GET /inicio.cfm HTTP/1.1" 404 1236 "-" "curl/7.54.0"
139.162.7.59 - - [05/Oct/2024:16:37:30 +0600] "GET /default.jsa HTTP/1.1" 404 1236 "-" "curl/7.54.0"
139.162.7.59 - - [05/Oct/2024:16:37:30 +0600] "GET /localstart.php HTTP/1.1" 404 1236 "-" "curl/7.54.0"
139.162.7.59 - - [05/Oct/2024:16:37:30 +0600] "GET /localstart.jsa HTTP/1.1" 404 1236 "-" "curl/7.54.0"
139.162.7.59 - - [05/Oct/2024:16:37:30 +0600] "GET /default.jsp HTTP/1.1" 404 1236 "-" "curl/7.54.0"
139.162.7.59 - - [05/Oct/2024:16:37:30 +0600] "GET /main.shtml HTTP/1.1" 404 1236 "-" "curl/7.54.0"
139.162.7.59 - - [05/Oct/2024:16:37:30 +0600] "GET /index.jsp HTTP/1.1" 404 1236 "-" "curl/7.54.0"
139.162.7.59 - - [05/Oct/2024:16:37:30 +0600] "GET /localstart.jhtml HTTP/1.1" 404 1236 "-" "curl/7.54.0"
139.162.7.59 - - [05/Oct/2024:16:37:30 +0600] "GET /default.cfm HTTP/1.1" 404 1236 "-" "curl/7.54.0"
139.162.7.59 - - [05/Oct/2024:16:37:30 +0600] "GET /default.jhtml HTTP/1.1" 404 1236 "-" "curl/7.54.0"
139.162.7.59 - - [05/Oct/2024:16:37:30 +0600] "GET /default.pl HTTP/1.1" 404 1236 "-" "curl/7.54.0"
139.162.7.59 - - [05/Oct/2024:16:37:30 +0600] "GET /admin.aspx HTTP/1.1" 404 1236 "-" "curl/7.54.0"
139.162.7.59 - - [05/Oct/2024:16:37:30 +0600] "GET /menu.jhtml HTTP/1.1" 404 1236 "-" "curl/7.54.0"
139.162.7.59 - - [05/Oct/2024:16:37:30 +0600] "GET /localstart.aspx HTTP/1.1" 404 1236 "-" "curl/7.54.0"
139.162.7.59 - - [05/Oct/2024:16:37:30 +0600] "GET /index.pl HTTP/1.1" 404 1236 "-" "curl/7.54.0"
139.162.7.59 - - [05/Oct/2024:16:37:30 +0600] "GET /main.cfm HTTP/1.1" 404 1236 "-" "curl/7.54.0"
139.162.7.59 - - [05/Oct/2024:16:37:30 +0600] "GET /home.jsa HTTP/1.1" 404 1236 "-" "curl/7.54.0"
139.162.7.59 - - [05/Oct/2024:16:37:30 +0600] "GET /main.jhtml HTTP/1.1" 404 1236 "-" "curl/7.54.0"
139.162.7.59 - - [05/Oct/2024:16:37:30 +0600] "GET /start.cfm HTTP/1.1" 404 1236 "-" "curl/7.54.0"
139.162.7.59 - - [05/Oct/2024:16:37:30 +0600] "GET /localstart.cfm HTTP/1.1" 404 1236 "-" "curl/7.54.0"
139.162.7.59 - - [05/Oct/2024:16:37:30 +0600] "GET /inicio.jsp HTTP/1.1" 404 1236 "-" "curl/7.54.0"
139.162.7.59 - - [05/Oct/2024:16:37:30 +0600] "GET /main.jsp HTTP/1.1" 404 1236 "-" "curl/7.54.0"
139.162.7.59 - - [05/Oct/2024:16:37:30 +0600] "GET /admin.jsp HTTP/1.1" 404 1236 "-" "curl/7.54.0"
139.162.7.59 - - [05/Oct/2024:16:37:30 +0600] "GET /localstart.jsp HTTP/1.1" 404 1236 "-" "curl/7.54.0"
139.162.7.59 - - [05/Oct/2024:16:37:30 +0600] "GET /default.cgi HTTP/1.1" 404 1236 "-" "curl/7.54.0"
139.162.7.59 - - [05/Oct/2024:16:37:30 +0600] "GET /index.php HTTP/1.1" 404 1236 "-" "curl/7.54.0"
139.162.7.59 - - [05/Oct/2024:16:37:30 +0600] "GET /start.jsp HTTP/1.1" 404 1236 "-" "curl/7.54.0"
139.162.7.59 - - [05/Oct/2024:16:37:30 +0600] "GET /menu.php HTTP/1.1" 404 1236 "-" "curl/7.54.0"
139.162.7.59 - - [05/Oct/2024:16:37:30 +0600] "GET /home.asp HTTP/1.1" 404 1236 "-" "curl/7.54.0"
139.162.7.59 - - [05/Oct/2024:16:37:30 +0600] "GET /localstart.asp HTTP/1.1" 404 1236 "-" "curl/7.54.0"
139.162.7.59 - - [05/Oct/2024:16:37:30 +0600] "GET /start.php HTTP/1.1" 404 1236 "-" "curl/7.54.0"
139.162.7.59 - - [05/Oct/2024:16:37:30 +0600] "GET /base.html HTTP/1.1" 404 1236 "-" "curl/7.54.0"
139.162.7.59 - - [05/Oct/2024:16:37:30 +0600] "GET /default.asp HTTP/1.1" 404 1236 "-" "curl/7.54.0"
139.162.7.59 - - [05/Oct/2024:16:37:38 +0600] "GET / HTTP/1.1" 404 1236 "-" "-"
42.192.210.147 - - [05/Oct/2024:20:16:29 +0600] "GET /stacks HTTP/1.1" 404 705 "-" "Mozilla/5.0 zgrab/0.x"
165.154.128.199 - - [05/Oct/2024:20:20:25 +0600] "GET / HTTP/1.1" 404 1236 "-" "Mozilla/5.0 (Macintosh; Intel Mac OS X 10_15_7) AppleWebKit/537.36 (KHTML, like Gecko) Chrome/120.0.0.0 Safari/537.36 Edg/120.0.0.0"
165.154.128.199 - - [05/Oct/2024:20:20:30 +0600] "GET /favicon.ico HTTP/1.1" 404 705 "-" "Mozilla/5.0 (Macintosh; Intel Mac OS X 10_7_0) AppleWebKit/535.11 (KHTML, like Gecko) Chrome/17.0.963.56 Safari/535.11"
165.154.128.199 - - [05/Oct/2024:20:20:31 +0600] "GET /robots.txt HTTP/1.1" 404 705 "-" "Mozilla/5.0 (Macintosh; Intel Mac OS X 10_7_0) AppleWebKit/535.11 (KHTML, like Gecko) Chrome/17.0.963.56 Safari/535.11"
165.154.128.199 - - [05/Oct/2024:20:20:31 +0600] "GET /sitemap.xml HTTP/1.1" 404 705 "-" "Mozilla/5.0 (Macintosh; Intel Mac OS X 10_7_0) AppleWebKit/535.11 (KHTML, like Gecko) Chrome/17.0.963.56 Safari/535.11"
39.106.18.244 - - [05/Oct/2024:21:38:28 +0600] "GET /stacks HTTP/1.1" 404 705 "-" "Mozilla/5.0 zgrab/0.x"
154.213.186.9 - - [05/Oct/2024:21:40:47 +0600] "POST /ws/v1/cluster/apps/new-application HTTP/1.1" 404 705 "-" "python-requests/2.22.0"
49.235.100.221 - - [05/Oct/2024:23:35:24 +0600] "GET /stacks HTTP/1.1" 404 705 "-" "Mozilla/5.0 zgrab/0.x"
154.213.187.136 - - [06/Oct/2024:01:29:09 +0600] "POST /ws/v1/cluster/apps/new-application HTTP/1.1" 404 705 "-" "python-requests/2.22.0"
1.14.250.37 - - [06/Oct/2024:01:47:20 +0600] "GET /stacks HTTP/1.1" 404 705 "-" "Mozilla/5.0 zgrab/0.x"
39.106.18.244 - - [06/Oct/2024:02:52:24 +0600] "GET /stacks HTTP/1.1" 404 705 "-" "Mozilla/5.0 zgrab/0.x"
154.213.187.136 - - [06/Oct/2024:03:20:33 +0600] "POST /ws/v1/cluster/apps/new-application HTTP/1.1" 404 705 "-" "python-requests/2.22.0"
5.59.249.18 - - [06/Oct/2024:03:22:55 +0600] "POST /ws/v1/cluster/apps/new-application HTTP/1.1" 404 705 "-" "python-requests/2.22.0"
45.84.89.3 - - [06/Oct/2024:03:35:03 +0600] "GET / HTTP/1.1" 404 1236 "-" "Mozilla/6.0 (Windows NT 10.0; Win64; x64) AppleWebKit/537.36 (KHTML, like Gecko) Chrome/127.0.0.0 Safari/537.36 Inspici (www.inspici.com)"
130.162.34.83 - - [06/Oct/2024:06:12:56 +0600] "GET /stacks HTTP/1.1" 404 705 "-" "Mozilla/5.0 zgrab/0.x"
43.139.128.232 - - [06/Oct/2024:07:02:44 +0600] "GET /stacks HTTP/1.1" 404 705 "-" "Mozilla/5.0 zgrab/0.x"
51.81.181.166 - - [06/Oct/2024:08:00:20 +0600] "GET / HTTP/1.1" 404 1236 "-" "Mozilla/5.0 (X11; Ubuntu; Linux x86_64; rv:130.0) Gecko/20100101 Firefox/130.0"
205.210.31.171 - - [06/Oct/2024:09:55:08 +0600] "GET / HTTP/1.0" 404 1236 "-" "Expanse, a Palo Alto Networks company, searches across the global IPv4 space multiple times per day to identify customers' presences on the Internet. If you would like to be excluded from our scans, please send IP addresses/domains to: scaninfo@paloaltonetworks.com"
147.185.132.94 - - [06/Oct/2024:11:09:31 +0600] "GET / HTTP/1.1" 404 705 "-" "Expanse, a Palo Alto Networks company, searches across the global IPv4 space multiple times per day to identify customers' presences on the Internet. If you would like to be excluded from our scans, please send IP addresses/domains to: scaninfo@paloaltonetworks.com"
154.213.187.136 - - [06/Oct/2024:11:23:47 +0600] "POST /ws/v1/cluster/apps/new-application HTTP/1.1" 404 705 "-" "python-requests/2.22.0"
162.142.125.202 - - [06/Oct/2024:11:30:22 +0600] "GET / HTTP/1.1" 404 1236 "-" "-"
162.142.125.202 - - [06/Oct/2024:11:30:26 +0600] "GET / HTTP/1.1" 404 705 "-" "Mozilla/5.0 (compatible; CensysInspect/1.1; +https://about.censys.io/)"
5.59.249.18 - - [06/Oct/2024:12:22:02 +0600] "POST /ws/v1/cluster/apps/new-application HTTP/1.1" 404 705 "-" "python-requests/2.22.0"
124.225.69.188 - - [06/Oct/2024:13:18:47 +0600] "GET /stacks HTTP/1.1" 404 705 "-" "Mozilla/5.0 zgrab/0.x"
47.97.122.13 - - [06/Oct/2024:17:22:00 +0600] "GET /stacks HTTP/1.1" 404 705 "-" "Mozilla/5.0 zgrab/0.x"
81.68.179.56 - - [06/Oct/2024:17:32:53 +0600] "GET /stacks HTTP/1.1" 404 705 "-" "Mozilla/5.0 zgrab/0.x"
65.49.1.93 - - [06/Oct/2024:17:41:27 +0600] "GET / HTTP/1.1" 404 705 "-" "Mozilla/5.0 (Linux; Android 10; K) AppleWebKit/537.36 (KHTML, like Gecko) Chrome/122.0.0.0 Mobile Safari/537.36"
65.49.1.80 - - [06/Oct/2024:17:41:39 +0600] "GET /favicon.ico HTTP/1.1" 404 705 "-" "Mozilla/5.0 (Windows NT 10.0; Win64; x64; rv:102.0) Gecko/20100101 Firefox/102.0"
118.121.205.107 - - [06/Oct/2024:19:37:13 +0600] "GET /stacks HTTP/1.1" 404 705 "-" "Mozilla/5.0 zgrab/0.x"
152.32.227.252 - - [06/Oct/2024:21:35:40 +0600] "GET / HTTP/1.1" 404 1236 "-" "Mozilla/5.0 (Macintosh; Intel Mac OS X 10_15_7) AppleWebKit/537.36 (KHTML, like Gecko) Chrome/120.0.0.0 Safari/537.36 Edg/120.0.0.0"
152.32.227.252 - - [06/Oct/2024:21:35:46 +0600] "GET /favicon.ico HTTP/1.1" 404 705 "-" "Mozilla/5.0 (Macintosh; Intel Mac OS X 10_7_0) AppleWebKit/535.11 (KHTML, like Gecko) Chrome/17.0.963.56 Safari/535.11"
152.32.227.252 - - [06/Oct/2024:21:35:46 +0600] "GET /robots.txt HTTP/1.1" 404 705 "-" "Mozilla/5.0 (Macintosh; Intel Mac OS X 10_7_0) AppleWebKit/535.11 (KHTML, like Gecko) Chrome/17.0.963.56 Safari/535.11"
152.32.227.252 - - [06/Oct/2024:21:35:46 +0600] "GET /sitemap.xml HTTP/1.1" 404 705 "-" "Mozilla/5.0 (Macintosh; Intel Mac OS X 10_7_0) AppleWebKit/535.11 (KHTML, like Gecko) Chrome/17.0.963.56 Safari/535.11"
39.106.18.244 - - [06/Oct/2024:22:37:12 +0600] "GET /stacks HTTP/1.1" 404 705 "-" "Mozilla/5.0 zgrab/0.x"
139.196.221.20 - - [06/Oct/2024:22:45:36 +0600] "GET /stacks HTTP/1.1" 404 705 "-" "Mozilla/5.0 zgrab/0.x"
154.213.187.136 - - [06/Oct/2024:23:38:23 +0600] "POST /ws/v1/cluster/apps/new-application HTTP/1.1" 404 705 "-" "python-requests/2.22.0"
154.213.187.136 - - [06/Oct/2024:23:45:19 +0600] "POST /ws/v1/cluster/apps/new-application HTTP/1.1" 404 705 "-" "python-requests/2.22.0"
45.148.10.197 - - [07/Oct/2024:01:49:52 +0600] "POST /ws/v1/cluster/apps/new-application HTTP/1.1" 404 705 "-" "python-requests/2.25.1"
45.84.89.3 - - [07/Oct/2024:02:36:20 +0600] "GET / HTTP/1.1" 404 1236 "-" "Mozilla/6.0 (Windows NT 10.0; Win64; x64) AppleWebKit/537.36 (KHTML, like Gecko) Chrome/127.0.0.0 Safari/537.36 Inspici (www.inspici.com)"
180.232.31.146 - - [07/Oct/2024:03:09:36 +0600] "GET /stacks HTTP/1.1" 404 705 "-" "Mozilla/5.0 zgrab/0.x"
5.59.249.210 - - [07/Oct/2024:03:47:50 +0600] "POST /ws/v1/cluster/apps/new-application HTTP/1.1" 404 705 "-" "python-requests/2.22.0"
198.235.24.124 - - [07/Oct/2024:05:08:01 +0600] "GET / HTTP/1.0" 404 1236 "-" "Expanse, a Palo Alto Networks company, searches across the global IPv4 space multiple times per day to identify customers' presences on the Internet. If you would like to be excluded from our scans, please send IP addresses/domains to: scaninfo@paloaltonetworks.com"
47.103.57.73 - - [07/Oct/2024:06:05:26 +0600] "GET /stacks HTTP/1.1" 404 705 "-" "Mozilla/5.0 zgrab/0.x"
101.91.148.86 - - [07/Oct/2024:06:23:27 +0600] "GET /stacks HTTP/1.1" 404 705 "-" "Mozilla/5.0 zgrab/0.x"
43.139.128.232 - - [07/Oct/2024:06:33:21 +0600] "GET /stacks HTTP/1.1" 404 705 "-" "Mozilla/5.0 zgrab/0.x"
154.213.187.136 - - [07/Oct/2024:06:36:50 +0600] "POST /ws/v1/cluster/apps/new-application HTTP/1.1" 404 705 "-" "python-requests/2.22.0"
117.187.117.6 - - [07/Oct/2024:08:55:53 +0600] "GET /stacks HTTP/1.1" 404 705 "-" "Mozilla/5.0 zgrab/0.x"
23.95.200.178 - - [07/Oct/2024:10:22:35 +0600] "GET / HTTP/1.1" 404 705 "-" "Mozilla/5.0"
130.162.34.83 - - [07/Oct/2024:10:51:52 +0600] "GET /stacks HTTP/1.1" 404 705 "-" "Mozilla/5.0 zgrab/0.x"
87.236.176.126 - - [07/Oct/2024:11:42:18 +0600] "GET / HTTP/1.1" 404 705 "-" "Mozilla/5.0 (compatible; InternetMeasurement/1.0; +https://internet-measurement.com/)"
42.192.210.147 - - [07/Oct/2024:11:49:17 +0600] "GET /stacks HTTP/1.1" 404 705 "-" "Mozilla/5.0 zgrab/0.x"
45.148.10.197 - - [07/Oct/2024:12:20:49 +0600] "POST /ws/v1/cluster/apps/new-application HTTP/1.1" 404 705 "-" "python-requests/2.25.1"
147.185.132.37 - - [07/Oct/2024:12:24:42 +0600] "GET / HTTP/1.1" 404 705 "-" "Expanse, a Palo Alto Networks company, searches across the global IPv4 space multiple times per day to identify customers' presences on the Internet. If you would like to be excluded from our scans, please send IP addresses/domains to: scaninfo@paloaltonetworks.com"
164.90.134.127 - - [07/Oct/2024:12:45:52 +0600] "GET /stacks HTTP/1.1" 404 705 "-" "Mozilla/5.0 zgrab/0.x"
152.89.170.31 - - [07/Oct/2024:13:25:51 +0600] "POST /ws/v1/cluster/apps/new-application HTTP/1.1" 404 705 "-" "python-requests/2.22.0"
117.187.117.6 - - [07/Oct/2024:13:34:55 +0600] "GET /stacks HTTP/1.1" 404 705 "-" "Mozilla/5.0 zgrab/0.x"
152.32.235.96 - - [07/Oct/2024:15:37:35 +0600] "GET / HTTP/1.1" 404 1236 "-" "Mozilla/5.0 (Macintosh; Intel Mac OS X 10_15_7) AppleWebKit/537.36 (KHTML, like Gecko) Chrome/120.0.0.0 Safari/537.36 Edg/120.0.0.0"
152.32.235.96 - - [07/Oct/2024:15:37:40 +0600] "GET /favicon.ico HTTP/1.1" 404 705 "-" "Mozilla/5.0 (Macintosh; Intel Mac OS X 10_7_0) AppleWebKit/535.11 (KHTML, like Gecko) Chrome/17.0.963.56 Safari/535.11"
152.32.235.96 - - [07/Oct/2024:15:37:41 +0600] "GET /sitemap.xml HTTP/1.1" 404 705 "-" "Mozilla/5.0 (Macintosh; Intel Mac OS X 10_7_0) AppleWebKit/535.11 (KHTML, like Gecko) Chrome/17.0.963.56 Safari/535.11"
152.32.235.96 - - [07/Oct/2024:15:37:41 +0600] "GET /robots.txt HTTP/1.1" 404 705 "-" "Mozilla/5.0 (Macintosh; Intel Mac OS X 10_7_0) AppleWebKit/535.11 (KHTML, like Gecko) Chrome/17.0.963.56 Safari/535.11"
39.106.18.244 - - [07/Oct/2024:17:57:40 +0600] "GET /stacks HTTP/1.1" 404 705 "-" "Mozilla/5.0 zgrab/0.x"
113.200.98.17 - - [07/Oct/2024:18:27:04 +0600] "GET /stacks HTTP/1.1" 404 705 "-" "Mozilla/5.0 zgrab/0.x"
93.123.85.210 - - [07/Oct/2024:18:56:09 +0600] "POST /ws/v1/cluster/apps/new-application HTTP/1.1" 404 705 "-" "python-requests/2.22.0"
152.32.159.97 - - [07/Oct/2024:21:00:18 +0600] "GET / HTTP/1.1" 404 1236 "-" "Mozilla/5.0 (Macintosh; Intel Mac OS X 10_15_7) AppleWebKit/537.36 (KHTML, like Gecko) Chrome/120.0.0.0 Safari/537.36 Edg/120.0.0.0"
152.32.159.97 - - [07/Oct/2024:21:00:23 +0600] "GET /favicon.ico HTTP/1.1" 404 705 "-" "Mozilla/5.0 (Macintosh; Intel Mac OS X 10_7_0) AppleWebKit/535.11 (KHTML, like Gecko) Chrome/17.0.963.56 Safari/535.11"
152.32.159.97 - - [07/Oct/2024:21:00:23 +0600] "GET /robots.txt HTTP/1.1" 404 705 "-" "Mozilla/5.0 (Macintosh; Intel Mac OS X 10_7_0) AppleWebKit/535.11 (KHTML, like Gecko) Chrome/17.0.963.56 Safari/535.11"
152.32.159.97 - - [07/Oct/2024:21:00:23 +0600] "GET /sitemap.xml HTTP/1.1" 404 705 "-" "Mozilla/5.0 (Macintosh; Intel Mac OS X 10_7_0) AppleWebKit/535.11 (KHTML, like Gecko) Chrome/17.0.963.56 Safari/535.11"
123.207.35.85 - - [07/Oct/2024:22:20:37 +0600] "GET /stacks HTTP/1.1" 404 705 "-" "Mozilla/5.0 zgrab/0.x"
93.123.85.210 - - [07/Oct/2024:22:39:54 +0600] "POST /ws/v1/cluster/apps/new-application HTTP/1.1" 404 705 "-" "python-requests/2.22.0"
167.94.146.48 - - [07/Oct/2024:22:58:37 +0600] "GET / HTTP/1.1" 404 1236 "-" "-"
167.94.146.48 - - [07/Oct/2024:22:58:41 +0600] "GET / HTTP/1.1" 404 705 "-" "Mozilla/5.0 (compatible; CensysInspect/1.1; +https://about.censys.io/)"
221.130.29.85 - - [07/Oct/2024:23:24:24 +0600] "GET /stacks HTTP/1.1" 404 705 "-" "Mozilla/5.0 zgrab/0.x"
1.14.250.37 - - [08/Oct/2024:00:10:21 +0600] "GET /stacks HTTP/1.1" 404 705 "-" "Mozilla/5.0 zgrab/0.x"
47.106.106.51 - - [08/Oct/2024:00:18:44 +0600] "GET /stacks HTTP/1.1" 404 705 "-" "Mozilla/5.0 zgrab/0.x"
206.168.34.59 - - [08/Oct/2024:01:08:20 +0600] "GET / HTTP/1.1" 404 705 "-" "Mozilla/5.0 (compatible; CensysInspect/1.1; +https://about.censys.io/)"
45.84.89.3 - - [08/Oct/2024:01:41:11 +0600] "GET / HTTP/1.1" 404 1236 "-" "Mozilla/6.0 (Windows NT 10.0; Win64; x64) AppleWebKit/537.36 (KHTML, like Gecko) Chrome/127.0.0.0 Safari/537.36 Inspici (www.inspici.com)"
146.19.210.42 - - [08/Oct/2024:01:41:58 +0600] "POST /ws/v1/cluster/apps/new-application HTTP/1.1" 404 705 "-" "python-requests/2.25.1"
198.74.56.46 - - [08/Oct/2024:03:00:59 +0600] "GET / HTTP/1.1" 404 705 "-" "Mozilla/5.0 zgrab/0.x"
172.104.11.34 - - [08/Oct/2024:03:01:03 +0600] "GET / HTTP/1.1" 404 705 "-" "Mozilla/5.0 (Macintosh; Intel Mac OS X 13_1) AppleWebKit/537.36 (KHTML, like Gecko) Chrome/108.0.0.0 Safari/537.36"
198.235.24.57 - - [08/Oct/2024:03:59:25 +0600] "GET / HTTP/1.0" 404 1236 "-" "Expanse, a Palo Alto Networks company, searches across the global IPv4 space multiple times per day to identify customers' presences on the Internet. If you would like to be excluded from our scans, please send IP addresses/domains to: scaninfo@paloaltonetworks.com"
139.162.7.59 - - [08/Oct/2024:04:24:22 +0600] "GET / HTTP/1.0" 404 1236 "-" "-"
139.162.7.59 - - [08/Oct/2024:04:24:32 +0600] "OPTIONS / HTTP/1.0" 404 1236 "-" "-"
139.162.7.59 - - [08/Oct/2024:04:25:04 +0600] "GET /server-status HTTP/1.1" 404 1236 "-" "curl/7.54.0"
139.162.7.59 - - [08/Oct/2024:04:25:04 +0600] "GET / HTTP/1.1" 404 1236 "-" "curl/7.54.0"
139.162.7.59 - - [08/Oct/2024:04:25:05 +0600] "GET /CSS/Miniweb.css HTTP/1.1" 404 1236 "-" "curl/7.54.0"
139.162.7.59 - - [08/Oct/2024:04:25:05 +0600] "GET / HTTP/1.1" 404 1236 "-" "curl/7.54.0"
139.162.7.59 - - [08/Oct/2024:04:25:05 +0600] "GET /iGgE HTTP/1.1" 404 1236 "-" "curl/7.54.0"
139.162.7.59 - - [08/Oct/2024:04:25:06 +0600] "GET / HTTP/1.1" 404 1236 "-" "curl/7.54.0"
139.162.7.59 - - [08/Oct/2024:04:25:07 +0600] "POST /sdk HTTP/1.1" 404 1236 "-" "curl/7.54.0"
139.162.7.59 - - [08/Oct/2024:04:25:07 +0600] "GET /webui HTTP/1.1" 404 1236 "-" "curl/7.54.0"
139.162.7.59 - - [08/Oct/2024:04:25:09 +0600] "GET / HTTP/1.1" 404 1236 "-" "Mozilla/5.0 (Windows NT 6.1) AppleWebKit/537.36 (KHTML, like Gecko) Chrome/36.0.1985.125 Safari/537.36"
139.162.7.59 - - [08/Oct/2024:04:25:10 +0600] "GET /favicon.ico HTTP/1.1" 404 1236 "-" "curl/7.54.0"
139.162.7.59 - - [08/Oct/2024:04:25:10 +0600] "GET /nmaplowercheck1728339904 HTTP/1.1" 404 1236 "-" "curl/7.54.0"
139.162.7.59 - - [08/Oct/2024:04:25:11 +0600] "GET /HNAP1 HTTP/1.1" 404 1236 "-" "curl/7.54.0"
139.162.7.59 - - [08/Oct/2024:04:25:11 +0600] "GET /Portal/Portal.mwsl HTTP/1.1" 404 1236 "-" "curl/7.54.0"
139.162.7.59 - - [08/Oct/2024:04:25:11 +0600] "GET /docs/cplugError.html/ HTTP/1.1" 404 1236 "-" "curl/7.54.0"
139.162.7.59 - - [08/Oct/2024:04:25:12 +0600] "GET /.git/HEAD HTTP/1.1" 404 1236 "-" "curl/7.54.0"
139.162.7.59 - - [08/Oct/2024:04:25:15 +0600] "GET / HTTP/1.1" 404 1236 "-" "curl/7.54.0"
139.162.7.59 - - [08/Oct/2024:04:25:15 +0600] "GET /owa/ HTTP/1.1" 404 1236 "-" "curl/7.54.0"
139.162.7.59 - - [08/Oct/2024:04:25:15 +0600] "GET /owa/ HTTP/1.1" 404 1236 "-" "curl/7.54.0"
139.162.7.59 - - [08/Oct/2024:04:25:24 +0600] "GET / HTTP/1.1" 404 1236 "-" "-"
113.200.98.17 - - [08/Oct/2024:04:40:53 +0600] "GET /stacks HTTP/1.1" 404 705 "-" "Mozilla/5.0 zgrab/0.x"
39.104.134.58 - - [08/Oct/2024:05:36:21 +0600] "GET /stacks HTTP/1.1" 404 705 "-" "Mozilla/5.0 zgrab/0.x"
113.214.18.234 - - [08/Oct/2024:05:55:02 +0600] "GET /stacks HTTP/1.1" 404 705 "-" "Mozilla/5.0 zgrab/0.x"
113.200.98.17 - - [08/Oct/2024:06:50:17 +0600] "GET /stacks HTTP/1.1" 404 705 "-" "Mozilla/5.0 zgrab/0.x"
220.248.173.137 - - [08/Oct/2024:08:14:15 +0600] "GET /stacks HTTP/1.1" 404 705 "-" "Mozilla/5.0 zgrab/0.x"
147.185.132.100 - - [08/Oct/2024:08:22:14 +0600] "GET / HTTP/1.1" 404 705 "-" "Expanse, a Palo Alto Networks company, searches across the global IPv4 space multiple times per day to identify customers' presences on the Internet. If you would like to be excluded from our scans, please send IP addresses/domains to: scaninfo@paloaltonetworks.com"
42.192.210.147 - - [08/Oct/2024:11:20:47 +0600] "GET /stacks HTTP/1.1" 404 705 "-" "Mozilla/5.0 zgrab/0.x"
5.59.249.210 - - [08/Oct/2024:12:11:24 +0600] "POST /ws/v1/cluster/apps/new-application HTTP/1.1" 404 705 "-" "python-requests/2.22.0"
140.238.153.39 - - [08/Oct/2024:15:31:32 +0600] "GET /stacks HTTP/1.1" 404 705 "-" "Mozilla/5.0 zgrab/0.x"
184.105.247.194 - - [08/Oct/2024:16:17:41 +0600] "GET / HTTP/1.1" 404 705 "-" "Mozilla/5.0 (Windows NT 10.0; Win64; x64) AppleWebKit/537.36 (KHTML, like Gecko) Chrome/109.0.0.0 Safari/537.36"
184.105.247.194 - - [08/Oct/2024:16:17:49 +0600] "GET /favicon.ico HTTP/1.1" 404 705 "-" "Mozilla/5.0 (Macintosh; Intel Mac OS X 10_15_7) AppleWebKit/537.36 (KHTML, like Gecko) Chrome/120.0.0.0 YaBrowser/24.1.0.0 Safari/537.36"
172.212.59.108 - - [08/Oct/2024:17:42:05 +0600] "GET / HTTP/1.1" 404 705 "-" "Mozilla/5.0 zgrab/0.x"
65.49.1.75 - - [08/Oct/2024:22:10:34 +0600] "GET / HTTP/1.1" 404 705 "-" "Mozilla/5.0 (Windows NT 10.0; Win64; x64; rv:109.0) Gecko/20100101 Firefox/109.0"
65.49.1.70 - - [08/Oct/2024:22:10:42 +0600] "GET /favicon.ico HTTP/1.1" 404 705 "-" "Mozilla/5.0 (X11; Linux x86_64) AppleWebKit/537.36 (KHTML, like Gecko) HeadlessChrome/92.0.4515.159 Safari/537.36"
165.154.174.108 - - [08/Oct/2024:22:43:51 +0600] "GET / HTTP/1.1" 404 1236 "-" "Mozilla/5.0 (Macintosh; Intel Mac OS X 10_15_7) AppleWebKit/537.36 (KHTML, like Gecko) Chrome/120.0.0.0 Safari/537.36 Edg/120.0.0.0"
165.154.174.108 - - [08/Oct/2024:22:43:56 +0600] "GET /favicon.ico HTTP/1.1" 404 705 "-" "Mozilla/5.0 (Macintosh; Intel Mac OS X 10_7_0) AppleWebKit/535.11 (KHTML, like Gecko) Chrome/17.0.963.56 Safari/535.11"
165.154.174.108 - - [08/Oct/2024:22:43:56 +0600] "GET /robots.txt HTTP/1.1" 404 705 "-" "Mozilla/5.0 (Macintosh; Intel Mac OS X 10_7_0) AppleWebKit/535.11 (KHTML, like Gecko) Chrome/17.0.963.56 Safari/535.11"
165.154.174.108 - - [08/Oct/2024:22:43:57 +0600] "GET /sitemap.xml HTTP/1.1" 404 705 "-" "Mozilla/5.0 (Macintosh; Intel Mac OS X 10_7_0) AppleWebKit/535.11 (KHTML, like Gecko) Chrome/17.0.963.56 Safari/535.11"
39.106.18.244 - - [08/Oct/2024:22:57:41 +0600] "GET /stacks HTTP/1.1" 404 705 "-" "Mozilla/5.0 zgrab/0.x"
185.191.126.213 - - [09/Oct/2024:00:04:36 +0600] "GET / HTTP/1.1" 404 1236 "-" "-"
205.210.31.49 - - [09/Oct/2024:00:24:07 +0600] "GET / HTTP/1.0" 404 1236 "-" "Expanse, a Palo Alto Networks company, searches across the global IPv4 space multiple times per day to identify customers' presences on the Internet. If you would like to be excluded from our scans, please send IP addresses/domains to: scaninfo@paloaltonetworks.com"
45.84.89.3 - - [09/Oct/2024:00:45:55 +0600] "GET / HTTP/1.1" 404 1236 "-" "Mozilla/6.0 (Windows NT 10.0; Win64; x64) AppleWebKit/537.36 (KHTML, like Gecko) Chrome/127.0.0.0 Safari/537.36 Inspici (www.inspici.com)"
140.238.153.39 - - [09/Oct/2024:04:30:44 +0600] "GET /stacks HTTP/1.1" 404 705 "-" "Mozilla/5.0 zgrab/0.x"
42.192.210.147 - - [09/Oct/2024:04:52:11 +0600] "GET /stacks HTTP/1.1" 404 705 "-" "Mozilla/5.0 zgrab/0.x"
205.210.31.251 - - [09/Oct/2024:05:29:37 +0600] "GET / HTTP/1.1" 404 1236 "-" "Expanse, a Palo Alto Networks company, searches across the global IPv4 space multiple times per day to identify customers' presences on the Internet. If you would like to be excluded from our scans, please send IP addresses/domains to: scaninfo@paloaltonetworks.com"
115.159.211.33 - - [09/Oct/2024:07:33:35 +0600] "GET /stacks HTTP/1.1" 404 705 "-" "Mozilla/5.0 zgrab/0.x"
198.235.24.173 - - [09/Oct/2024:08:44:41 +0600] "GET / HTTP/1.1" 404 705 "-" "Expanse, a Palo Alto Networks company, searches across the global IPv4 space multiple times per day to identify customers' presences on the Internet. If you would like to be excluded from our scans, please send IP addresses/domains to: scaninfo@paloaltonetworks.com"
161.97.114.253 - - [09/Oct/2024:13:34:22 +0600] "POST /ws/v1/cluster/apps/new-application HTTP/1.1" 404 705 "-" "python-requests/2.18.4"
23.95.200.178 - - [09/Oct/2024:13:40:15 +0600] "GET / HTTP/1.1" 404 705 "-" "Mozilla/5.0"
64.62.156.13 - - [09/Oct/2024:13:42:23 +0600] "GET / HTTP/1.1" 404 705 "-" "Mozilla/5.0 (Windows NT 10.0; Win64; x64; rv:109.0) Gecko/20100101 Firefox/110.0"
64.62.156.12 - - [09/Oct/2024:13:42:39 +0600] "GET /favicon.ico HTTP/1.1" 404 705 "-" "Mozilla/5.0 (X11; Ubuntu; Linux x86_64; rv:123.0) Gecko/20100101 Firefox/123.0"
47.97.122.13 - - [09/Oct/2024:14:31:44 +0600] "GET /stacks HTTP/1.1" 404 705 "-" "Mozilla/5.0 zgrab/0.x"
175.27.157.249 - - [09/Oct/2024:14:34:07 +0600] "GET /stacks HTTP/1.1" 404 705 "-" "Mozilla/5.0 zgrab/0.x"
45.156.129.46 - - [09/Oct/2024:14:41:11 +0600] "GET / HTTP/1.1" 404 705 "-" "Mozilla/5.0 (Windows NT 10.0; Win64; x64) AppleWebKit/537.36 (KHTML, like Gecko) Chrome/60.0.3112.113 Safari/537.36"
113.200.98.17 - - [09/Oct/2024:15:29:00 +0600] "GET /stacks HTTP/1.1" 404 705 "-" "Mozilla/5.0 zgrab/0.x"
45.148.10.197 - - [09/Oct/2024:15:56:02 +0600] "POST /ws/v1/cluster/apps/new-application HTTP/1.1" 404 705 "-" "python-requests/2.25.1"
130.162.34.83 - - [09/Oct/2024:16:29:36 +0600] "GET /stacks HTTP/1.1" 404 705 "-" "Mozilla/5.0 zgrab/0.x"
113.200.98.17 - - [09/Oct/2024:17:19:22 +0600] "GET /stacks HTTP/1.1" 404 705 "-" "Mozilla/5.0 zgrab/0.x"
47.97.122.13 - - [09/Oct/2024:20:33:47 +0600] "GET /stacks HTTP/1.1" 404 705 "-" "Mozilla/5.0 zgrab/0.x"
165.154.182.219 - - [09/Oct/2024:21:15:23 +0600] "GET / HTTP/1.1" 404 1236 "-" "Mozilla/5.0 (Macintosh; Intel Mac OS X 10_15_7) AppleWebKit/537.36 (KHTML, like Gecko) Chrome/120.0.0.0 Safari/537.36 Edg/120.0.0.0"
165.154.182.219 - - [09/Oct/2024:21:15:29 +0600] "GET /favicon.ico HTTP/1.1" 404 705 "-" "Mozilla/5.0 (Macintosh; Intel Mac OS X 10_7_0) AppleWebKit/535.11 (KHTML, like Gecko) Chrome/17.0.963.56 Safari/535.11"
165.154.182.219 - - [09/Oct/2024:21:15:29 +0600] "GET /robots.txt HTTP/1.1" 404 705 "-" "Mozilla/5.0 (Macintosh; Intel Mac OS X 10_7_0) AppleWebKit/535.11 (KHTML, like Gecko) Chrome/17.0.963.56 Safari/535.11"
165.154.182.219 - - [09/Oct/2024:21:15:30 +0600] "GET /sitemap.xml HTTP/1.1" 404 705 "-" "Mozilla/5.0 (Macintosh; Intel Mac OS X 10_7_0) AppleWebKit/535.11 (KHTML, like Gecko) Chrome/17.0.963.56 Safari/535.11"
206.168.34.52 - - [09/Oct/2024:22:23:47 +0600] "GET / HTTP/1.1" 404 705 "-" "Mozilla/5.0 (compatible; CensysInspect/1.1; +https://about.censys.io/)"
45.84.89.3 - - [09/Oct/2024:23:36:45 +0600] "GET / HTTP/1.1" 404 1236 "-" "Mozilla/6.0 (Windows NT 10.0; Win64; x64) AppleWebKit/537.36 (KHTML, like Gecko) Chrome/127.0.0.0 Safari/537.36 Inspici (www.inspici.com)"
106.53.148.82 - - [10/Oct/2024:01:28:15 +0600] "GET /stacks HTTP/1.1" 404 705 "-" "Mozilla/5.0 zgrab/0.x"
198.235.24.182 - - [10/Oct/2024:02:04:31 +0600] "GET / HTTP/1.0" 404 1236 "-" "Expanse, a Palo Alto Networks company, searches across the global IPv4 space multiple times per day to identify customers' presences on the Internet. If you would like to be excluded from our scans, please send IP addresses/domains to: scaninfo@paloaltonetworks.com"
205.210.31.169 - - [10/Oct/2024:02:34:11 +0600] "GET / HTTP/1.1" 404 705 "-" "Expanse, a Palo Alto Networks company, searches across the global IPv4 space multiple times per day to identify customers' presences on the Internet. If you would like to be excluded from our scans, please send IP addresses/domains to: scaninfo@paloaltonetworks.com"
8.142.178.141 - - [10/Oct/2024:06:28:14 +0600] "GET /stacks HTTP/1.1" 404 705 "-" "Mozilla/5.0 zgrab/0.x"
101.91.148.86 - - [10/Oct/2024:06:43:10 +0600] "GET /stacks HTTP/1.1" 404 705 "-" "Mozilla/5.0 zgrab/0.x"
