139.162.7.59 - - [15/Aug/2024:07:14:46 +0600] "GET /index.jhtml HTTP/1.1" 404 1236 "-" "curl/7.54.0"
139.162.7.59 - - [15/Aug/2024:07:14:46 +0600] "GET /favicon.ico HTTP/1.1" 404 1236 "-" "curl/7.54.0"
139.162.7.59 - - [15/Aug/2024:07:14:47 +0600] "GET /webui HTTP/1.1" 404 1236 "-" "curl/7.54.0"
139.162.7.59 - - [15/Aug/2024:07:14:47 +0600] "GET /docs/cplugError.html/ HTTP/1.1" 404 1236 "-" "curl/7.54.0"
139.162.7.59 - - [15/Aug/2024:07:14:47 +0600] "GET /inicio.asp HTTP/1.1" 404 1236 "-" "curl/7.54.0"
139.162.7.59 - - [15/Aug/2024:07:14:47 +0600] "GET /human.aspx HTTP/1.1" 404 1236 "-" "curl/7.54.0"
139.162.7.59 - - [15/Aug/2024:07:14:47 +0600] "GET /base.aspx HTTP/1.1" 404 1236 "-" "curl/7.54.0"
139.162.7.59 - - [15/Aug/2024:07:14:47 +0600] "GET /Portal/Portal.mwsl HTTP/1.1" 404 1236 "-" "curl/7.54.0"
139.162.7.59 - - [15/Aug/2024:07:14:47 +0600] "GET /readme.txt HTTP/1.1" 404 1236 "-" "curl/7.54.0"
139.162.7.59 - - [15/Aug/2024:07:14:47 +0600] "GET /user HTTP/1.1" 404 1236 "-" "curl/7.54.0"
139.162.7.59 - - [15/Aug/2024:07:14:47 +0600] "GET /start.jhtml HTTP/1.1" 404 1236 "-" "curl/7.54.0"
139.162.7.59 - - [15/Aug/2024:07:14:47 +0600] "GET /user HTTP/1.1" 404 1236 "-" "curl/7.54.0"
139.162.7.59 - - [15/Aug/2024:07:14:47 +0600] "GET /index.aspx HTTP/1.1" 404 1236 "-" "curl/7.54.0"
139.162.7.59 - - [15/Aug/2024:07:14:47 +0600] "GET /human.aspx HTTP/1.1" 404 1236 "-" "curl/7.54.0"
139.162.7.59 - - [15/Aug/2024:07:14:47 +0600] "GET /home.cfm HTTP/1.1" 404 1236 "-" "curl/7.54.0"
139.162.7.59 - - [15/Aug/2024:07:14:47 +0600] "GET /dana-cached/hc/HostCheckerInstaller.osx HTTP/1.1" 404 1236 "-" "curl/7.54.0"
139.162.7.59 - - [15/Aug/2024:07:14:48 +0600] "GET /?=PHPE9568F36-D428-11d2-A769-00AA001ACF42 HTTP/1.1" 404 1236 "-" "curl/7.54.0"
139.162.7.59 - - [15/Aug/2024:07:14:48 +0600] "GET /main.asp HTTP/1.1" 404 1236 "-" "curl/7.54.0"
139.162.7.59 - - [15/Aug/2024:07:14:48 +0600] "GET /?=PHPB8B5F2A0-3C92-11d3-A3A9-4C7B08C10000 HTTP/1.1" 404 1236 "-" "curl/7.54.0"
139.162.7.59 - - [15/Aug/2024:07:14:48 +0600] "GET /home.aspx HTTP/1.1" 404 1236 "-" "curl/7.54.0"
139.162.7.59 - - [15/Aug/2024:07:14:48 +0600] "GET /+CSCOE+/logon.html HTTP/1.1" 404 1236 "-" "curl/7.54.0"
139.162.7.59 - - [15/Aug/2024:07:14:48 +0600] "GET /server-status HTTP/1.1" 404 1236 "-" "curl/7.54.0"
139.162.7.59 - - [15/Aug/2024:07:14:48 +0600] "GET /dana-na/nc/nc_gina_ver.txt HTTP/1.1" 404 1236 "-" "curl/7.54.0"
139.162.7.59 - - [15/Aug/2024:07:14:48 +0600] "GET /home.php HTTP/1.1" 404 1236 "-" "curl/7.54.0"
139.162.7.59 - - [15/Aug/2024:07:14:48 +0600] "GET /CFIDE/componentutils/ HTTP/1.1" 404 1236 "-" "curl/7.54.0"
139.162.7.59 - - [15/Aug/2024:07:14:48 +0600] "GET /inicio.jhtml HTTP/1.1" 404 1236 "-" "curl/7.54.0"
139.162.7.59 - - [15/Aug/2024:07:14:48 +0600] "GET /home.jhtml HTTP/1.1" 404 1236 "-" "curl/7.54.0"
139.162.7.59 - - [15/Aug/2024:07:14:48 +0600] "GET /main.cgi HTTP/1.1" 404 1236 "-" "curl/7.54.0"
139.162.7.59 - - [15/Aug/2024:07:14:49 +0600] "GET /index.pl HTTP/1.1" 404 1236 "-" "curl/7.54.0"
139.162.7.59 - - [15/Aug/2024:07:14:49 +0600] "GET /menu.cgi HTTP/1.1" 404 1236 "-" "curl/7.54.0"
139.162.7.59 - - [15/Aug/2024:07:14:49 +0600] "GET /localstart.jsa HTTP/1.1" 404 1236 "-" "curl/7.54.0"
139.162.7.59 - - [15/Aug/2024:07:14:49 +0600] "GET /start.pl HTTP/1.1" 404 1236 "-" "curl/7.54.0"
139.162.7.59 - - [15/Aug/2024:07:14:49 +0600] "GET /admin.shtml HTTP/1.1" 404 1236 "-" "curl/7.54.0"
139.162.7.59 - - [15/Aug/2024:07:14:49 +0600] "GET /menu.aspx HTTP/1.1" 404 1236 "-" "curl/7.54.0"
139.162.7.59 - - [15/Aug/2024:07:14:50 +0600] "GET /admin.jsp HTTP/1.1" 404 1236 "-" "curl/7.54.0"
139.162.7.59 - - [15/Aug/2024:07:14:50 +0600] "GET /main.php HTTP/1.1" 404 1236 "-" "curl/7.54.0"
139.162.7.59 - - [15/Aug/2024:07:14:50 +0600] "GET /admin.pl HTTP/1.1" 404 1236 "-" "curl/7.54.0"
139.162.7.59 - - [15/Aug/2024:07:14:50 +0600] "GET /admin.php HTTP/1.1" 404 1236 "-" "curl/7.54.0"
139.162.7.59 - - [15/Aug/2024:07:14:50 +0600] "GET /indice.shtml HTTP/1.1" 404 1236 "-" "curl/7.54.0"
139.162.7.59 - - [15/Aug/2024:07:14:50 +0600] "GET /inicio.html HTTP/1.1" 404 1236 "-" "curl/7.54.0"
139.162.7.59 - - [15/Aug/2024:07:14:50 +0600] "GET /menu.cfm HTTP/1.1" 404 1236 "-" "curl/7.54.0"
139.162.7.59 - - [15/Aug/2024:07:14:51 +0600] "GET /admin.jhtml HTTP/1.1" 404 1236 "-" "curl/7.54.0"
139.162.7.59 - - [15/Aug/2024:07:14:51 +0600] "GET /admin.html HTTP/1.1" 404 1236 "-" "curl/7.54.0"
139.162.7.59 - - [15/Aug/2024:07:14:51 +0600] "GET /main.aspx HTTP/1.1" 404 1236 "-" "curl/7.54.0"
139.162.7.59 - - [15/Aug/2024:07:14:53 +0600] "GET /nmaplowercheck1723684486 HTTP/1.1" 404 1236 "-" "curl/7.54.0"
139.162.7.59 - - [15/Aug/2024:07:14:53 +0600] "GET /HNAP1 HTTP/1.1" 404 1236 "-" "curl/7.54.0"
139.162.7.59 - - [15/Aug/2024:07:14:54 +0600] "GET / HTTP/1.1" 404 1236 "-" "Mozilla/5.0 (Windows NT 6.1) AppleWebKit/537.36 (KHTML, like Gecko) Chrome/36.0.1985.125 Safari/537.36"
139.162.7.59 - - [15/Aug/2024:07:15:02 +0600] "GET / HTTP/1.1" 404 1236 "-" "-"
5.42.86.0 - - [15/Aug/2024:07:54:11 +0600] "GET /stacks HTTP/1.1" 404 705 "-" "Mozilla/5.0 zgrab/0.x"
167.94.146.62 - - [15/Aug/2024:07:55:54 +0600] "GET / HTTP/1.1" 404 1236 "-" "-"
167.94.146.62 - - [15/Aug/2024:07:55:57 +0600] "GET / HTTP/1.1" 404 705 "-" "Mozilla/5.0 (compatible; CensysInspect/1.1; +https://about.censys.io/)"
74.82.47.5 - - [15/Aug/2024:07:57:20 +0600] "GET / HTTP/1.1" 404 705 "-" "Mozilla/5.0 (Windows NT 10.0; Win64; x64) AppleWebKit/537.36 (KHTML, like Gecko) Chrome/122.0.0.0 Safari/537.36"
74.82.47.5 - - [15/Aug/2024:07:57:28 +0600] "GET /favicon.ico HTTP/1.1" 404 705 "-" "Mozilla/5.0 (X11; Linux x86_64; rv:109.0) Gecko/20100101 Firefox/115.0"
206.168.34.60 - - [15/Aug/2024:08:22:00 +0600] "GET / HTTP/1.1" 404 1236 "-" "-"
206.168.34.60 - - [15/Aug/2024:08:22:05 +0600] "GET / HTTP/1.1" 404 705 "-" "Mozilla/5.0 (compatible; CensysInspect/1.1; +https://about.censys.io/)"
141.98.11.13 - - [15/Aug/2024:08:58:37 +0600] "POST /ws/v1/cluster/apps/new-application HTTP/1.1" 404 705 "-" "python-requests/2.22.0"
141.98.11.151 - - [15/Aug/2024:09:33:28 +0600] "POST /ws/v1/cluster/apps/new-application HTTP/1.1" 404 705 "-" "python-requests/2.22.0"
57.151.70.213 - - [15/Aug/2024:09:57:35 +0600] "GET /manager/html HTTP/1.1" 404 705 "-" "Mozilla/5.0 zgrab/0.x"
118.121.205.107 - - [15/Aug/2024:10:05:25 +0600] "GET /stacks HTTP/1.1" 404 705 "-" "Mozilla/5.0 zgrab/0.x"
141.98.11.13 - - [15/Aug/2024:11:01:38 +0600] "POST /ws/v1/cluster/apps/new-application HTTP/1.1" 404 705 "-" "python-requests/2.22.0"
141.98.11.13 - - [15/Aug/2024:12:22:02 +0600] "POST /ws/v1/cluster/apps/new-application HTTP/1.1" 404 705 "-" "python-requests/2.22.0"
141.98.11.151 - - [15/Aug/2024:12:25:48 +0600] "POST /ws/v1/cluster/apps/new-application HTTP/1.1" 404 705 "-" "python-requests/2.22.0"
141.98.11.13 - - [15/Aug/2024:13:27:31 +0600] "POST /ws/v1/cluster/apps/new-application HTTP/1.1" 404 705 "-" "python-requests/2.22.0"
141.98.11.151 - - [15/Aug/2024:13:49:08 +0600] "POST /ws/v1/cluster/apps/new-application HTTP/1.1" 404 705 "-" "python-requests/2.22.0"
141.98.11.151 - - [15/Aug/2024:14:20:41 +0600] "POST /ws/v1/cluster/apps/new-application HTTP/1.1" 404 705 "-" "python-requests/2.22.0"
1.14.250.37 - - [15/Aug/2024:14:23:33 +0600] "GET /stacks HTTP/1.1" 404 705 "-" "Mozilla/5.0 zgrab/0.x"
198.235.24.64 - - [15/Aug/2024:14:27:00 +0600] "GET / HTTP/1.1" 404 705 "-" "Expanse, a Palo Alto Networks company, searches across the global IPv4 space multiple times per day to identify customers' presences on the Internet. If you would like to be excluded from our scans, please send IP addresses/domains to: scaninfo@paloaltonetworks.com"
198.235.24.45 - - [15/Aug/2024:15:56:25 +0600] "GET / HTTP/1.0" 404 1236 "-" "Expanse, a Palo Alto Networks company, searches across the global IPv4 space multiple times per day to identify customers' presences on the Internet. If you would like to be excluded from our scans, please send IP addresses/domains to: scaninfo@paloaltonetworks.com"
140.238.153.39 - - [15/Aug/2024:16:04:02 +0600] "GET /stacks HTTP/1.1" 404 705 "-" "Mozilla/5.0 zgrab/0.x"
141.98.11.13 - - [15/Aug/2024:16:21:09 +0600] "POST /ws/v1/cluster/apps/new-application HTTP/1.1" 404 705 "-" "python-requests/2.22.0"
59.110.164.152 - - [15/Aug/2024:17:48:30 +0600] "GET /stacks HTTP/1.1" 404 705 "-" "Mozilla/5.0 zgrab/0.x"
42.192.210.147 - - [15/Aug/2024:17:54:58 +0600] "GET /stacks HTTP/1.1" 404 705 "-" "Mozilla/5.0 zgrab/0.x"
141.98.11.151 - - [15/Aug/2024:18:22:31 +0600] "POST /ws/v1/cluster/apps/new-application HTTP/1.1" 404 705 "-" "python-requests/2.22.0"
106.55.165.3 - - [15/Aug/2024:18:41:16 +0600] "GET /stacks HTTP/1.1" 404 705 "-" "Mozilla/5.0 zgrab/0.x"
113.200.98.17 - - [15/Aug/2024:19:35:26 +0600] "GET /stacks HTTP/1.1" 404 705 "-" "Mozilla/5.0 zgrab/0.x"
220.248.173.137 - - [15/Aug/2024:19:50:47 +0600] "GET /stacks HTTP/1.1" 404 705 "-" "Mozilla/5.0 zgrab/0.x"
141.98.11.13 - - [15/Aug/2024:20:41:15 +0600] "POST /ws/v1/cluster/apps/new-application HTTP/1.1" 404 705 "-" "python-requests/2.22.0"
208.65.84.35 - - [15/Aug/2024:21:11:21 +0600] "POST /ws/v1/cluster/apps/new-application HTTP/1.1" 404 705 "-" "python-requests/2.22.0"
118.193.59.237 - - [15/Aug/2024:22:47:23 +0600] "GET / HTTP/1.1" 404 1236 "-" "Mozilla/5.0 (Macintosh; Intel Mac OS X 10_15_7) AppleWebKit/537.36 (KHTML, like Gecko) Chrome/120.0.0.0 Safari/537.36 Edg/120.0.0.0"
118.193.59.237 - - [15/Aug/2024:22:47:28 +0600] "GET /favicon.ico HTTP/1.1" 404 705 "-" "Mozilla/5.0 (Macintosh; Intel Mac OS X 10_7_0) AppleWebKit/535.11 (KHTML, like Gecko) Chrome/17.0.963.56 Safari/535.11"
118.193.59.237 - - [15/Aug/2024:22:47:29 +0600] "GET /robots.txt HTTP/1.1" 404 705 "-" "Mozilla/5.0 (Macintosh; Intel Mac OS X 10_7_0) AppleWebKit/535.11 (KHTML, like Gecko) Chrome/17.0.963.56 Safari/535.11"
118.193.59.237 - - [15/Aug/2024:22:47:30 +0600] "GET /sitemap.xml HTTP/1.1" 404 705 "-" "Mozilla/5.0 (Macintosh; Intel Mac OS X 10_7_0) AppleWebKit/535.11 (KHTML, like Gecko) Chrome/17.0.963.56 Safari/535.11"
208.65.84.35 - - [16/Aug/2024:01:13:54 +0600] "POST /ws/v1/cluster/apps/new-application HTTP/1.1" 404 705 "-" "python-requests/2.22.0"
39.106.18.244 - - [16/Aug/2024:01:45:24 +0600] "GET /stacks HTTP/1.1" 404 705 "-" "Mozilla/5.0 zgrab/0.x"
119.29.247.220 - - [16/Aug/2024:01:49:36 +0600] "GET /stacks HTTP/1.1" 404 705 "-" "Mozilla/5.0 zgrab/0.x"
141.98.11.151 - - [16/Aug/2024:02:01:36 +0600] "POST /ws/v1/cluster/apps/new-application HTTP/1.1" 404 705 "-" "python-requests/2.22.0"
141.98.11.13 - - [16/Aug/2024:02:08:37 +0600] "POST /ws/v1/cluster/apps/new-application HTTP/1.1" 404 705 "-" "python-requests/2.22.0"
64.31.39.245 - - [16/Aug/2024:02:10:28 +0600] "POST /ws/v1/cluster/apps/new-application HTTP/1.1" 404 705 "-" "python-requests/2.22.0"
113.200.98.17 - - [16/Aug/2024:02:49:27 +0600] "GET /stacks HTTP/1.1" 404 705 "-" "Mozilla/5.0 zgrab/0.x"
75.119.146.74 - - [16/Aug/2024:03:24:27 +0600] "POST /ws/v1/cluster/apps/new-application HTTP/1.1" 404 705 "-" "python-requests/2.32.3"
175.27.157.249 - - [16/Aug/2024:04:56:37 +0600] "GET /stacks HTTP/1.1" 404 705 "-" "Mozilla/5.0 zgrab/0.x"
75.119.153.250 - - [16/Aug/2024:06:15:50 +0600] "GET /stacks HTTP/1.1" 404 705 "-" "Mozilla/5.0 zgrab/0.x"
141.98.11.13 - - [16/Aug/2024:06:31:26 +0600] "POST /ws/v1/cluster/apps/new-application HTTP/1.1" 404 705 "-" "python-requests/2.22.0"
167.94.145.111 - - [16/Aug/2024:06:35:53 +0600] "GET / HTTP/1.1" 404 1236 "-" "-"
167.94.145.111 - - [16/Aug/2024:06:35:57 +0600] "GET / HTTP/1.1" 404 705 "-" "Mozilla/5.0 (compatible; CensysInspect/1.1; +https://about.censys.io/)"
141.98.11.13 - - [16/Aug/2024:07:53:26 +0600] "POST /ws/v1/cluster/apps/new-application HTTP/1.1" 404 705 "-" "python-requests/2.22.0"
198.235.24.202 - - [16/Aug/2024:07:59:59 +0600] "GET / HTTP/1.0" 404 1236 "-" "Expanse, a Palo Alto Networks company, searches across the global IPv4 space multiple times per day to identify customers' presences on the Internet. If you would like to be excluded from our scans, please send IP addresses/domains to: scaninfo@paloaltonetworks.com"
47.97.122.13 - - [16/Aug/2024:08:29:07 +0600] "GET /stacks HTTP/1.1" 404 705 "-" "Mozilla/5.0 zgrab/0.x"
141.98.11.151 - - [16/Aug/2024:08:32:18 +0600] "POST /ws/v1/cluster/apps/new-application HTTP/1.1" 404 705 "-" "python-requests/2.22.0"
24.199.112.228 - - [16/Aug/2024:09:39:07 +0600] "GET /stacks HTTP/1.1" 404 705 "-" "Mozilla/5.0 zgrab/0.x"
141.98.11.13 - - [16/Aug/2024:10:01:55 +0600] "POST /ws/v1/cluster/apps/new-application HTTP/1.1" 404 705 "-" "python-requests/2.22.0"
87.236.176.129 - - [16/Aug/2024:10:15:39 +0600] "GET / HTTP/1.1" 404 705 "-" "Mozilla/5.0 (compatible; InternetMeasurement/1.0; +https://internet-measurement.com/)"
106.55.165.3 - - [16/Aug/2024:11:37:14 +0600] "GET /stacks HTTP/1.1" 404 705 "-" "Mozilla/5.0 zgrab/0.x"
141.98.11.13 - - [16/Aug/2024:13:12:35 +0600] "POST /ws/v1/cluster/apps/new-application HTTP/1.1" 404 705 "-" "python-requests/2.22.0"
39.104.134.58 - - [16/Aug/2024:13:12:43 +0600] "GET /stacks HTTP/1.1" 404 705 "-" "Mozilla/5.0 zgrab/0.x"
39.106.18.244 - - [16/Aug/2024:13:31:52 +0600] "GET /stacks HTTP/1.1" 404 705 "-" "Mozilla/5.0 zgrab/0.x"
75.119.146.74 - - [16/Aug/2024:14:31:17 +0600] "POST /ws/v1/cluster/apps/new-application HTTP/1.1" 404 705 "-" "python-requests/2.32.3"
140.238.153.39 - - [16/Aug/2024:14:42:14 +0600] "GET /stacks HTTP/1.1" 404 705 "-" "Mozilla/5.0 zgrab/0.x"
205.210.31.13 - - [16/Aug/2024:14:49:15 +0600] "GET / HTTP/1.1" 404 705 "-" "Expanse, a Palo Alto Networks company, searches across the global IPv4 space multiple times per day to identify customers' presences on the Internet. If you would like to be excluded from our scans, please send IP addresses/domains to: scaninfo@paloaltonetworks.com"
75.119.146.74 - - [16/Aug/2024:15:02:58 +0600] "POST /ws/v1/cluster/apps/new-application HTTP/1.1" 404 705 "-" "python-requests/2.32.3"
167.94.138.116 - - [16/Aug/2024:15:26:11 +0600] "GET / HTTP/1.1" 404 1236 "-" "-"
167.94.138.116 - - [16/Aug/2024:15:26:18 +0600] "GET / HTTP/1.1" 404 705 "-" "Mozilla/5.0 (compatible; CensysInspect/1.1; +https://about.censys.io/)"
43.139.128.232 - - [16/Aug/2024:18:32:29 +0600] "GET /stacks HTTP/1.1" 404 705 "-" "Mozilla/5.0 zgrab/0.x"
64.62.197.228 - - [16/Aug/2024:18:58:47 +0600] "GET / HTTP/1.1" 404 705 "-" "Mozilla/5.0 (Windows NT 10.0; Win64; x64) AppleWebKit/537.36 (KHTML, like Gecko) Chrome/120.0.0.0 YaBrowser/24.1.0.0 Safari/537.36"
64.62.197.231 - - [16/Aug/2024:18:58:59 +0600] "GET /favicon.ico HTTP/1.1" 404 705 "-" "Mozilla/5.0 (Macintosh; Intel Mac OS X 10_15_7) AppleWebKit/537.36 (KHTML, like Gecko) Chrome/107.0.0.0 Safari/537.36"
75.119.146.74 - - [16/Aug/2024:19:12:39 +0600] "POST /ws/v1/cluster/apps/new-application HTTP/1.1" 404 705 "-" "python-requests/2.32.3"
42.192.210.147 - - [16/Aug/2024:19:45:01 +0600] "GET /stacks HTTP/1.1" 404 705 "-" "Mozilla/5.0 zgrab/0.x"
141.98.11.13 - - [16/Aug/2024:20:32:31 +0600] "POST /ws/v1/cluster/apps/new-application HTTP/1.1" 404 705 "-" "python-requests/2.22.0"
205.210.31.222 - - [16/Aug/2024:21:18:12 +0600] "GET / HTTP/1.1" 404 1236 "-" "Expanse, a Palo Alto Networks company, searches across the global IPv4 space multiple times per day to identify customers' presences on the Internet. If you would like to be excluded from our scans, please send IP addresses/domains to: scaninfo@paloaltonetworks.com"
165.154.174.108 - - [16/Aug/2024:21:18:59 +0600] "GET / HTTP/1.1" 404 1236 "-" "Mozilla/5.0 (Macintosh; Intel Mac OS X 10_15_7) AppleWebKit/537.36 (KHTML, like Gecko) Chrome/120.0.0.0 Safari/537.36 Edg/120.0.0.0"
165.154.174.108 - - [16/Aug/2024:21:19:05 +0600] "GET /favicon.ico HTTP/1.1" 404 705 "-" "Mozilla/5.0 (Macintosh; Intel Mac OS X 10_7_0) AppleWebKit/535.11 (KHTML, like Gecko) Chrome/17.0.963.56 Safari/535.11"
165.154.174.108 - - [16/Aug/2024:21:19:05 +0600] "GET /robots.txt HTTP/1.1" 404 705 "-" "Mozilla/5.0 (Macintosh; Intel Mac OS X 10_7_0) AppleWebKit/535.11 (KHTML, like Gecko) Chrome/17.0.963.56 Safari/535.11"
165.154.174.108 - - [16/Aug/2024:21:19:06 +0600] "GET /sitemap.xml HTTP/1.1" 404 705 "-" "Mozilla/5.0 (Macintosh; Intel Mac OS X 10_7_0) AppleWebKit/535.11 (KHTML, like Gecko) Chrome/17.0.963.56 Safari/535.11"
220.248.173.137 - - [16/Aug/2024:21:50:47 +0600] "GET /stacks HTTP/1.1" 404 705 "-" "Mozilla/5.0 zgrab/0.x"
75.119.146.74 - - [16/Aug/2024:22:31:25 +0600] "POST /ws/v1/cluster/apps/new-application HTTP/1.1" 404 705 "-" "python-requests/2.32.3"
75.119.146.74 - - [16/Aug/2024:23:05:09 +0600] "POST /ws/v1/cluster/apps/new-application HTTP/1.1" 404 705 "-" "python-requests/2.32.3"
75.119.146.74 - - [17/Aug/2024:00:06:40 +0600] "POST /ws/v1/cluster/apps/new-application HTTP/1.1" 404 705 "-" "python-requests/2.32.3"
141.98.11.151 - - [17/Aug/2024:01:03:31 +0600] "POST /ws/v1/cluster/apps/new-application HTTP/1.1" 404 705 "-" "python-requests/2.22.0"
198.235.24.252 - - [17/Aug/2024:01:05:59 +0600] "GET / HTTP/1.1" 404 705 "-" "Expanse, a Palo Alto Networks company, searches across the global IPv4 space multiple times per day to identify customers' presences on the Internet. If you would like to be excluded from our scans, please send IP addresses/domains to: scaninfo@paloaltonetworks.com"
141.98.11.151 - - [17/Aug/2024:01:42:29 +0600] "POST /ws/v1/cluster/apps/new-application HTTP/1.1" 404 705 "-" "python-requests/2.22.0"
198.74.56.46 - - [17/Aug/2024:03:01:43 +0600] "GET / HTTP/1.1" 404 705 "-" "Mozilla/5.0 zgrab/0.x"
64.31.39.245 - - [17/Aug/2024:03:21:15 +0600] "POST /ws/v1/cluster/apps/new-application HTTP/1.1" 404 705 "-" "python-requests/2.22.0"
206.168.34.123 - - [17/Aug/2024:03:27:26 +0600] "GET / HTTP/1.1" 404 1236 "-" "-"
206.168.34.123 - - [17/Aug/2024:03:27:35 +0600] "GET / HTTP/1.1" 404 705 "-" "Mozilla/5.0 (compatible; CensysInspect/1.1; +https://about.censys.io/)"
64.31.39.245 - - [17/Aug/2024:04:29:56 +0600] "POST /ws/v1/cluster/apps/new-application HTTP/1.1" 404 705 "-" "python-requests/2.22.0"
47.236.198.147 - - [17/Aug/2024:04:32:25 +0600] "GET /favicon.ico HTTP/1.1" 404 705 "-" "curl/7.75.0"
47.236.198.147 - - [17/Aug/2024:04:32:25 +0600] "GET / HTTP/1.1" 404 705 "-" "Mozilla/5.0 (Windows NT 6.2) AppleWebKit/537.36 (KHTML, like Gecko) Chrome/28.0.1500.95 Safari/537.36"
198.235.24.223 - - [17/Aug/2024:06:06:29 +0600] "GET / HTTP/1.0" 404 1236 "-" "Expanse, a Palo Alto Networks company, searches across the global IPv4 space multiple times per day to identify customers' presences on the Internet. If you would like to be excluded from our scans, please send IP addresses/domains to: scaninfo@paloaltonetworks.com"
75.119.146.74 - - [17/Aug/2024:07:34:21 +0600] "POST /ws/v1/cluster/apps/new-application HTTP/1.1" 404 705 "-" "python-requests/2.32.3"
47.97.122.13 - - [17/Aug/2024:08:20:58 +0600] "GET /stacks HTTP/1.1" 404 705 "-" "Mozilla/5.0 zgrab/0.x"
141.98.11.13 - - [17/Aug/2024:09:09:15 +0600] "POST /ws/v1/cluster/apps/new-application HTTP/1.1" 404 705 "-" "python-requests/2.22.0"
75.119.146.74 - - [17/Aug/2024:09:22:40 +0600] "POST /ws/v1/cluster/apps/new-application HTTP/1.1" 404 705 "-" "python-requests/2.32.3"
141.98.11.151 - - [17/Aug/2024:09:41:01 +0600] "POST /ws/v1/cluster/apps/new-application HTTP/1.1" 404 705 "-" "python-requests/2.22.0"
141.98.11.13 - - [17/Aug/2024:10:13:26 +0600] "POST /ws/v1/cluster/apps/new-application HTTP/1.1" 404 705 "-" "python-requests/2.22.0"
45.148.10.125 - - [17/Aug/2024:11:36:43 +0600] "GET / HTTP/1.1" 404 705 "-" "Mozilla/5.0 (Windows NT 10.0; Win64; x64) AppleWebKit/537.36 (KHTML, like Gecko) Chrome/108.0.0.0 Safari/537.36"
64.31.39.245 - - [17/Aug/2024:12:08:40 +0600] "POST /ws/v1/cluster/apps/new-application HTTP/1.1" 404 705 "-" "python-requests/2.22.0"
209.38.200.190 - - [17/Aug/2024:12:15:53 +0600] "GET / HTTP/1.0" 404 1236 "-" "-"
209.38.192.222 - - [17/Aug/2024:12:16:10 +0600] "GET /cgi-bin/authLogin.cgi HTTP/1.1" 404 1236 "-" "Go-http-client/1.1"
134.122.70.79 - - [17/Aug/2024:12:16:10 +0600] "GET /query?q=SHOW+DIAGNOSTICS HTTP/1.1" 404 1236 "-" "Go-http-client/1.1"
165.22.17.177 - - [17/Aug/2024:12:16:10 +0600] "GET /v2/_catalog HTTP/1.1" 404 1236 "-" "Go-http-client/1.1"
164.90.179.54 - - [17/Aug/2024:12:16:10 +0600] "GET /solr/admin/cores?action=STATUS&wt=json HTTP/1.1" 404 1236 "-" "Go-http-client/1.1"
167.172.173.175 - - [17/Aug/2024:12:16:10 +0600] "GET / HTTP/1.1" 404 705 "-" "Mozilla/5.0 (compatible; Odin; https://docs.getodin.com/)"
164.90.179.54 - - [17/Aug/2024:12:16:10 +0600] "GET /solr/admin/info/system HTTP/1.1" 404 1236 "-" "Go-http-client/1.1"
52.76.71.100 - - [17/Aug/2024:12:16:11 +0600] "GET /favicon.ico HTTP/1.1" 404 1236 "-" "Go-http-client/1.1"
167.172.165.200 - - [17/Aug/2024:12:43:29 +0600] "GET / HTTP/1.0" 404 1236 "-" "-"
165.22.17.177 - - [17/Aug/2024:12:43:47 +0600] "GET /query?q=SHOW+DIAGNOSTICS HTTP/1.1" 404 1236 "-" "Go-http-client/1.1"
161.35.27.223 - - [17/Aug/2024:12:43:47 +0600] "GET / HTTP/1.1" 404 705 "-" "Mozilla/5.0 (compatible; Odin; https://docs.getodin.com/)"
167.172.173.198 - - [17/Aug/2024:12:43:47 +0600] "GET /cgi-bin/authLogin.cgi HTTP/1.1" 404 1236 "-" "Go-http-client/1.1"
161.35.215.201 - - [17/Aug/2024:12:43:47 +0600] "GET /solr/admin/info/system HTTP/1.1" 404 1236 "-" "Go-http-client/1.1"
165.22.85.190 - - [17/Aug/2024:12:43:47 +0600] "GET /v2/_catalog HTTP/1.1" 404 1236 "-" "Go-http-client/1.1"
161.35.215.201 - - [17/Aug/2024:12:43:48 +0600] "GET /solr/admin/cores?action=STATUS&wt=json HTTP/1.1" 404 1236 "-" "Go-http-client/1.1"
52.76.71.100 - - [17/Aug/2024:12:43:48 +0600] "GET /favicon.ico HTTP/1.1" 404 1236 "-" "Go-http-client/1.1"
119.23.51.246 - - [17/Aug/2024:12:50:07 +0600] "GET /stacks HTTP/1.1" 404 705 "-" "Mozilla/5.0 zgrab/0.x"
208.65.84.35 - - [17/Aug/2024:13:11:17 +0600] "POST /ws/v1/cluster/apps/new-application HTTP/1.1" 404 705 "-" "python-requests/2.22.0"
110.40.158.109 - - [17/Aug/2024:13:47:50 +0600] "GET /stacks HTTP/1.1" 404 705 "-" "Mozilla/5.0 zgrab/0.x"
208.65.84.35 - - [17/Aug/2024:14:31:53 +0600] "POST /ws/v1/cluster/apps/new-application HTTP/1.1" 404 705 "-" "python-requests/2.22.0"
74.82.47.3 - - [17/Aug/2024:15:47:25 +0600] "GET / HTTP/1.1" 404 705 "-" "Mozilla/5.0 (Windows NT 10.0; Win64; x64) AppleWebKit/537.36 (KHTML, like Gecko) Chrome/110.0.0.0 Safari/537.36 Edg/110.0.1587.41"
74.82.47.3 - - [17/Aug/2024:15:47:37 +0600] "GET /favicon.ico HTTP/1.1" 404 705 "-" "Mozilla/5.0 (Windows NT 10.0; Win64; x64; rv:95.0) Gecko/20100101 Firefox/98.0"
113.200.98.17 - - [17/Aug/2024:17:39:03 +0600] "GET /stacks HTTP/1.1" 404 705 "-" "Mozilla/5.0 zgrab/0.x"
111.7.96.161 - - [17/Aug/2024:19:06:35 +0600] "GET / HTTP/1.1" 404 705 "-" "Mozilla/5.0 (Macintosh; Intel Mac OS X 10_15_7) AppleWebKit/537.36 (KHTML, like Gecko) Chrome/96.0.4664.110 Safari/537.36"
123.160.223.73 - - [17/Aug/2024:19:06:37 +0600] "GET / HTTP/1.1" 404 705 "-" "Mozilla/5.0 (Macintosh; Intel Mac OS X 10_15_7) AppleWebKit/537.36 (KHTML, like Gecko) Chrome/96.0.4664.110 Safari/537.36"
111.7.96.164 - - [17/Aug/2024:19:06:45 +0600] "GET / HTTP/1.1" 404 705 "-" "Mozilla/5.0 (Macintosh; Intel Mac OS X 10_15_7) AppleWebKit/537.36 (KHTML, like Gecko) Chrome/96.0.4664.110 Safari/537.36"
123.160.223.73 - - [17/Aug/2024:19:06:46 +0600] "GET / HTTP/1.1" 404 705 "-" "Mozilla/5.0 (Macintosh; Intel Mac OS X 10_15_7) AppleWebKit/537.36 (KHTML, like Gecko) Chrome/96.0.4664.110 Safari/537.36"
111.7.96.160 - - [17/Aug/2024:19:06:48 +0600] "GET / HTTP/1.1" 404 705 "-" "Mozilla/5.0 (Macintosh; Intel Mac OS X 10_15_7) AppleWebKit/537.36 (KHTML, like Gecko) Chrome/96.0.4664.110 Safari/537.36"
111.7.96.166 - - [17/Aug/2024:19:06:49 +0600] "GET / HTTP/1.1" 404 705 "-" "Mozilla/5.0 (Macintosh; Intel Mac OS X 10_15_7) AppleWebKit/537.36 (KHTML, like Gecko) Chrome/96.0.4664.110 Safari/537.36"
152.32.149.19 - - [17/Aug/2024:20:17:22 +0600] "GET / HTTP/1.1" 404 1236 "-" "Mozilla/5.0 (Macintosh; Intel Mac OS X 10_15_7) AppleWebKit/537.36 (KHTML, like Gecko) Chrome/120.0.0.0 Safari/537.36 Edg/120.0.0.0"
152.32.149.19 - - [17/Aug/2024:20:17:27 +0600] "GET /favicon.ico HTTP/1.1" 404 705 "-" "Mozilla/5.0 (Macintosh; Intel Mac OS X 10_7_0) AppleWebKit/535.11 (KHTML, like Gecko) Chrome/17.0.963.56 Safari/535.11"
152.32.149.19 - - [17/Aug/2024:20:17:28 +0600] "GET /robots.txt HTTP/1.1" 404 705 "-" "Mozilla/5.0 (Macintosh; Intel Mac OS X 10_7_0) AppleWebKit/535.11 (KHTML, like Gecko) Chrome/17.0.963.56 Safari/535.11"
152.32.149.19 - - [17/Aug/2024:20:17:28 +0600] "GET /sitemap.xml HTTP/1.1" 404 705 "-" "Mozilla/5.0 (Macintosh; Intel Mac OS X 10_7_0) AppleWebKit/535.11 (KHTML, like Gecko) Chrome/17.0.963.56 Safari/535.11"
45.83.66.247 - - [17/Aug/2024:22:27:00 +0600] "GET / HTTP/1.1" 404 705 "-" "Mozilla/5.0 (Windows NT 10.0; Win64; x64; rv:65.0) Gecko/20100101 Firefox/65.0"
45.83.66.137 - - [17/Aug/2024:22:27:00 +0600] "GET /favicon.ico HTTP/1.1" 404 705 "-" "Mozilla/5.0 (Windows NT 10.0; Win64; x64; rv:65.0) Gecko/20100101 Firefox/65.0"
117.187.117.6 - - [17/Aug/2024:22:40:33 +0600] "GET /stacks HTTP/1.1" 404 705 "-" "Mozilla/5.0 zgrab/0.x"
208.65.87.19 - - [17/Aug/2024:22:42:47 +0600] "POST /ws/v1/cluster/apps/new-application HTTP/1.1" 404 705 "-" "python-requests/2.22.0"
198.235.24.68 - - [18/Aug/2024:01:32:44 +0600] "GET / HTTP/1.1" 404 705 "-" "Expanse, a Palo Alto Networks company, searches across the global IPv4 space multiple times per day to identify customers' presences on the Internet. If you would like to be excluded from our scans, please send IP addresses/domains to: scaninfo@paloaltonetworks.com"
152.89.170.242 - - [18/Aug/2024:03:00:53 +0600] "POST /ws/v1/cluster/apps/new-application HTTP/1.1" 404 705 "-" "python-requests/2.22.0"
81.68.179.56 - - [18/Aug/2024:03:25:41 +0600] "GET /stacks HTTP/1.1" 404 705 "-" "Mozilla/5.0 zgrab/0.x"
198.235.24.226 - - [18/Aug/2024:03:56:28 +0600] "GET / HTTP/1.0" 404 1236 "-" "Expanse, a Palo Alto Networks company, searches across the global IPv4 space multiple times per day to identify customers' presences on the Internet. If you would like to be excluded from our scans, please send IP addresses/domains to: scaninfo@paloaltonetworks.com"
167.94.145.106 - - [18/Aug/2024:04:33:29 +0600] "GET / HTTP/1.1" 404 1236 "-" "-"
167.94.145.106 - - [18/Aug/2024:04:33:33 +0600] "GET / HTTP/1.1" 404 705 "-" "Mozilla/5.0 (compatible; CensysInspect/1.1; +https://about.censys.io/)"
47.97.122.13 - - [18/Aug/2024:06:14:45 +0600] "GET /stacks HTTP/1.1" 404 705 "-" "Mozilla/5.0 zgrab/0.x"
208.65.87.19 - - [18/Aug/2024:06:22:22 +0600] "POST /ws/v1/cluster/apps/new-application HTTP/1.1" 404 705 "-" "python-requests/2.22.0"
152.89.170.242 - - [18/Aug/2024:07:01:27 +0600] "POST /ws/v1/cluster/apps/new-application HTTP/1.1" 404 705 "-" "python-requests/2.22.0"
67.187.148.19 - - [18/Aug/2024:07:56:07 +0600] "GET /stacks HTTP/1.1" 404 705 "-" "Mozilla/5.0 zgrab/0.x"
162.142.125.214 - - [18/Aug/2024:07:57:26 +0600] "GET / HTTP/1.1" 404 1236 "-" "-"
162.142.125.214 - - [18/Aug/2024:07:57:29 +0600] "GET / HTTP/1.1" 404 705 "-" "Mozilla/5.0 (compatible; CensysInspect/1.1; +https://about.censys.io/)"
199.45.154.142 - - [18/Aug/2024:10:26:08 +0600] "GET / HTTP/1.1" 404 1236 "-" "-"
199.45.154.142 - - [18/Aug/2024:10:26:11 +0600] "GET / HTTP/1.1" 404 705 "-" "Mozilla/5.0 (compatible; CensysInspect/1.1; +https://about.censys.io/)"
36.7.107.206 - - [18/Aug/2024:10:29:26 +0600] "GET /stacks HTTP/1.1" 404 705 "-" "Mozilla/5.0 zgrab/0.x"
208.65.87.19 - - [18/Aug/2024:10:38:36 +0600] "POST /ws/v1/cluster/apps/new-application HTTP/1.1" 404 705 "-" "python-requests/2.22.0"
113.200.98.17 - - [18/Aug/2024:11:20:38 +0600] "GET /stacks HTTP/1.1" 404 705 "-" "Mozilla/5.0 zgrab/0.x"
54.151.79.133 - - [18/Aug/2024:13:19:50 +0600] "GET / HTTP/1.1" 404 705 "-" "Mozilla/5.0 (Macintosh; Intel Mac OS X 10_11_5) AppleWebKit/537.36 (KHTML, like Gecko) Chrome/50.0.2661.102 Safari/537.36"
54.151.79.133 - - [18/Aug/2024:13:19:51 +0600] "GET /ws/v1/cluster HTTP/1.1" 404 705 "-" "Mozilla/5.0 (Macintosh; Intel Mac OS X 10_11_5) AppleWebKit/537.36 (KHTML, like Gecko) Chrome/50.0.2661.102 Safari/537.36"
124.222.54.108 - - [18/Aug/2024:14:39:33 +0600] "GET /stacks HTTP/1.1" 404 705 "-" "Mozilla/5.0 zgrab/0.x"
65.49.20.69 - - [18/Aug/2024:15:01:58 +0600] "GET / HTTP/1.1" 404 705 "-" "Mozilla/5.0 (Windows NT 10.0; Win64; x64) AppleWebKit/537.36 (KHTML, like Gecko) Chrome/114.0.0.0 YaBrowser/23.7.0.2534 Yowser/2.5 Safari/537.36"
65.49.20.69 - - [18/Aug/2024:15:02:11 +0600] "GET /favicon.ico HTTP/1.1" 404 705 "-" "Mozilla/5.0 (Windows NT 10.0; Win64; x64; rv:102.0) Gecko/20100101 Firefox/102.0"
154.213.185.111 - - [18/Aug/2024:15:22:52 +0600] "GET http://azenv.net/ HTTP/1.1" 404 705 "-" "Mozilla/5.0 (X11; Linux x86_64) AppleWebKit/537.36 (KHTML, like Gecko) Chrome/102.0.5005.115 Safari/537.36"
113.200.98.17 - - [18/Aug/2024:18:01:56 +0600] "GET /stacks HTTP/1.1" 404 705 "-" "Mozilla/5.0 zgrab/0.x"
118.178.238.201 - - [18/Aug/2024:21:06:19 +0600] "GET /stacks HTTP/1.1" 404 705 "-" "Mozilla/5.0 zgrab/0.x"
165.154.164.57 - - [18/Aug/2024:21:09:54 +0600] "GET / HTTP/1.1" 404 1236 "-" "Mozilla/5.0 (Macintosh; Intel Mac OS X 10_15_7) AppleWebKit/537.36 (KHTML, like Gecko) Chrome/120.0.0.0 Safari/537.36 Edg/120.0.0.0"
165.154.164.57 - - [18/Aug/2024:21:09:59 +0600] "GET /favicon.ico HTTP/1.1" 404 705 "-" "Mozilla/5.0 (Macintosh; Intel Mac OS X 10_7_0) AppleWebKit/535.11 (KHTML, like Gecko) Chrome/17.0.963.56 Safari/535.11"
165.154.164.57 - - [18/Aug/2024:21:10:00 +0600] "GET /robots.txt HTTP/1.1" 404 705 "-" "Mozilla/5.0 (Macintosh; Intel Mac OS X 10_7_0) AppleWebKit/535.11 (KHTML, like Gecko) Chrome/17.0.963.56 Safari/535.11"
165.154.164.57 - - [18/Aug/2024:21:10:00 +0600] "GET /sitemap.xml HTTP/1.1" 404 705 "-" "Mozilla/5.0 (Macintosh; Intel Mac OS X 10_7_0) AppleWebKit/535.11 (KHTML, like Gecko) Chrome/17.0.963.56 Safari/535.11"
42.192.210.147 - - [18/Aug/2024:23:31:33 +0600] "GET /stacks HTTP/1.1" 404 705 "-" "Mozilla/5.0 zgrab/0.x"
101.91.148.86 - - [18/Aug/2024:23:33:49 +0600] "GET /stacks HTTP/1.1" 404 705 "-" "Mozilla/5.0 zgrab/0.x"
87.236.176.231 - - [19/Aug/2024:03:40:19 +0600] "GET / HTTP/1.1" 404 705 "-" "Mozilla/5.0 (compatible; InternetMeasurement/1.0; +https://internet-measurement.com/)"
208.65.84.35 - - [19/Aug/2024:03:56:42 +0600] "POST /ws/v1/cluster/apps/new-application HTTP/1.1" 404 705 "-" "python-requests/2.22.0"
152.32.156.50 - - [19/Aug/2024:04:00:34 +0600] "GET / HTTP/1.1" 404 1236 "-" "Mozilla/5.0 (Macintosh; Intel Mac OS X 10_15_7) AppleWebKit/537.36 (KHTML, like Gecko) Chrome/120.0.0.0 Safari/537.36 Edg/120.0.0.0"
152.32.156.50 - - [19/Aug/2024:04:00:39 +0600] "GET /sitemap.xml HTTP/1.1" 404 705 "-" "Mozilla/5.0 (Macintosh; Intel Mac OS X 10_7_0) AppleWebKit/535.11 (KHTML, like Gecko) Chrome/17.0.963.56 Safari/535.11"
152.32.156.50 - - [19/Aug/2024:04:00:39 +0600] "GET /favicon.ico HTTP/1.1" 404 705 "-" "Mozilla/5.0 (Macintosh; Intel Mac OS X 10_7_0) AppleWebKit/535.11 (KHTML, like Gecko) Chrome/17.0.963.56 Safari/535.11"
152.32.156.50 - - [19/Aug/2024:04:00:39 +0600] "GET /robots.txt HTTP/1.1" 404 705 "-" "Mozilla/5.0 (Macintosh; Intel Mac OS X 10_7_0) AppleWebKit/535.11 (KHTML, like Gecko) Chrome/17.0.963.56 Safari/535.11"
198.235.24.115 - - [19/Aug/2024:05:20:56 +0600] "GET / HTTP/1.1" 404 705 "-" "Expanse, a Palo Alto Networks company, searches across the global IPv4 space multiple times per day to identify customers' presences on the Internet. If you would like to be excluded from our scans, please send IP addresses/domains to: scaninfo@paloaltonetworks.com"
221.130.29.85 - - [19/Aug/2024:05:40:25 +0600] "GET /stacks HTTP/1.1" 404 705 "-" "Mozilla/5.0 zgrab/0.x"
101.133.225.217 - - [19/Aug/2024:06:00:29 +0600] "GET /stacks HTTP/1.1" 404 705 "-" "Mozilla/5.0 zgrab/0.x"
198.235.24.86 - - [19/Aug/2024:06:17:44 +0600] "GET / HTTP/1.0" 404 1236 "-" "Expanse, a Palo Alto Networks company, searches across the global IPv4 space multiple times per day to identify customers' presences on the Internet. If you would like to be excluded from our scans, please send IP addresses/domains to: scaninfo@paloaltonetworks.com"
106.55.165.3 - - [19/Aug/2024:06:59:20 +0600] "GET /stacks HTTP/1.1" 404 705 "-" "Mozilla/5.0 zgrab/0.x"
47.93.56.107 - - [19/Aug/2024:07:07:56 +0600] "GET /stacks HTTP/1.1" 404 705 "-" "Mozilla/5.0 zgrab/0.x"
47.97.122.13 - - [19/Aug/2024:07:31:20 +0600] "GET /stacks HTTP/1.1" 404 705 "-" "Mozilla/5.0 zgrab/0.x"
45.148.10.125 - - [19/Aug/2024:09:00:50 +0600] "GET / HTTP/1.1" 404 705 "-" "Mozilla/5.0 (Windows NT 10.0; Win64; x64) AppleWebKit/537.36 (KHTML, like Gecko) Chrome/108.0.0.0 Safari/537.36"
82.165.212.140 - - [19/Aug/2024:09:51:47 +0600] "GET /login HTTP/1.1" 404 705 "-" "Mozilla/5.0 (Windows NT 10.0; Win64; x64) AppleWebKit/537.36 (KHTML, like Gecko) Chrome/127.0.0.0 Safari/537.36"
64.31.39.245 - - [19/Aug/2024:10:24:03 +0600] "POST /ws/v1/cluster/apps/new-application HTTP/1.1" 404 705 "-" "python-requests/2.22.0"
208.65.87.19 - - [19/Aug/2024:13:42:46 +0600] "POST /ws/v1/cluster/apps/new-application HTTP/1.1" 404 705 "-" "python-requests/2.22.0"
95.214.27.155 - - [19/Aug/2024:14:57:26 +0600] "GET / HTTP/1.1" 404 1236 "-" "-"
208.65.84.35 - - [19/Aug/2024:16:00:40 +0600] "POST /ws/v1/cluster/apps/new-application HTTP/1.1" 404 705 "-" "python-requests/2.22.0"
208.65.87.19 - - [19/Aug/2024:16:10:47 +0600] "POST /ws/v1/cluster/apps/new-application HTTP/1.1" 404 705 "-" "python-requests/2.22.0"
184.105.139.68 - - [19/Aug/2024:17:18:08 +0600] "GET / HTTP/1.1" 404 705 "-" "Mozilla/5.0 (iPad; CPU OS 15_7 like Mac OS X) AppleWebKit/605.1.15 (KHTML, like Gecko) Version/15.6,2 Mobile/15E148 Safari/604.1"
184.105.139.68 - - [19/Aug/2024:17:18:25 +0600] "GET /favicon.ico HTTP/1.1" 404 705 "-" "Mozilla/5.0 (Macintosh; Intel Mac OS X 10_15_7) AppleWebKit/605.1.15 (KHTML, like Gecko) Version/17.3 Safari/605.1.15"
140.238.153.39 - - [19/Aug/2024:17:54:10 +0600] "GET /stacks HTTP/1.1" 404 705 "-" "Mozilla/5.0 zgrab/0.x"
39.104.134.58 - - [19/Aug/2024:18:16:43 +0600] "GET /stacks HTTP/1.1" 404 705 "-" "Mozilla/5.0 zgrab/0.x"
208.65.84.35 - - [19/Aug/2024:19:36:01 +0600] "POST /ws/v1/cluster/apps/new-application HTTP/1.1" 404 705 "-" "python-requests/2.22.0"
39.106.18.244 - - [19/Aug/2024:19:39:39 +0600] "GET /stacks HTTP/1.1" 404 705 "-" "Mozilla/5.0 zgrab/0.x"
101.35.103.64 - - [19/Aug/2024:20:34:57 +0600] "GET /stacks HTTP/1.1" 404 705 "-" "Mozilla/5.0 zgrab/0.x"
152.32.135.214 - - [19/Aug/2024:21:52:27 +0600] "GET / HTTP/1.1" 404 1236 "-" "Mozilla/5.0 (Macintosh; Intel Mac OS X 10_15_7) AppleWebKit/537.36 (KHTML, like Gecko) Chrome/120.0.0.0 Safari/537.36 Edg/120.0.0.0"
152.32.135.214 - - [19/Aug/2024:21:52:32 +0600] "GET /sitemap.xml HTTP/1.1" 404 705 "-" "Mozilla/5.0 (Macintosh; Intel Mac OS X 10_7_0) AppleWebKit/535.11 (KHTML, like Gecko) Chrome/17.0.963.56 Safari/535.11"
152.32.135.214 - - [19/Aug/2024:21:52:32 +0600] "GET /favicon.ico HTTP/1.1" 404 705 "-" "Mozilla/5.0 (Macintosh; Intel Mac OS X 10_7_0) AppleWebKit/535.11 (KHTML, like Gecko) Chrome/17.0.963.56 Safari/535.11"
152.32.135.214 - - [19/Aug/2024:21:52:32 +0600] "GET /robots.txt HTTP/1.1" 404 705 "-" "Mozilla/5.0 (Macintosh; Intel Mac OS X 10_7_0) AppleWebKit/535.11 (KHTML, like Gecko) Chrome/17.0.963.56 Safari/535.11"
13.91.50.116 - - [20/Aug/2024:00:17:59 +0600] "GET / HTTP/1.1" 404 705 "-" "Mozilla/5.0 zgrab/0.x"
164.90.134.127 - - [20/Aug/2024:02:11:24 +0600] "GET /stacks HTTP/1.1" 404 705 "-" "Mozilla/5.0 zgrab/0.x"
139.196.221.20 - - [20/Aug/2024:05:00:20 +0600] "GET /stacks HTTP/1.1" 404 705 "-" "Mozilla/5.0 zgrab/0.x"
162.142.125.215 - - [20/Aug/2024:05:22:52 +0600] "GET / HTTP/1.1" 404 705 "-" "Mozilla/5.0 (compatible; CensysInspect/1.1; +https://about.censys.io/)"
205.210.31.89 - - [20/Aug/2024:05:54:27 +0600] "GET / HTTP/1.1" 404 705 "-" "Expanse, a Palo Alto Networks company, searches across the global IPv4 space multiple times per day to identify customers' presences on the Internet. If you would like to be excluded from our scans, please send IP addresses/domains to: scaninfo@paloaltonetworks.com"
47.97.122.13 - - [20/Aug/2024:05:56:03 +0600] "GET /stacks HTTP/1.1" 404 705 "-" "Mozilla/5.0 zgrab/0.x"
208.65.87.19 - - [20/Aug/2024:06:52:32 +0600] "POST /ws/v1/cluster/apps/new-application HTTP/1.1" 404 705 "-" "python-requests/2.22.0"
167.94.138.124 - - [20/Aug/2024:07:10:11 +0600] "GET / HTTP/1.1" 404 1236 "-" "-"
167.94.138.124 - - [20/Aug/2024:07:10:15 +0600] "GET / HTTP/1.1" 404 705 "-" "Mozilla/5.0 (compatible; CensysInspect/1.1; +https://about.censys.io/)"
208.65.87.19 - - [20/Aug/2024:07:23:49 +0600] "POST /ws/v1/cluster/apps/new-application HTTP/1.1" 404 705 "-" "python-requests/2.22.0"
208.65.84.35 - - [20/Aug/2024:10:40:31 +0600] "POST /ws/v1/cluster/apps/new-application HTTP/1.1" 404 705 "-" "python-requests/2.22.0"
118.121.205.107 - - [20/Aug/2024:11:08:56 +0600] "GET /stacks HTTP/1.1" 404 705 "-" "Mozilla/5.0 zgrab/0.x"
113.214.18.234 - - [20/Aug/2024:11:30:38 +0600] "GET /stacks HTTP/1.1" 404 705 "-" "Mozilla/5.0 zgrab/0.x"
205.210.31.216 - - [20/Aug/2024:11:35:00 +0600] "GET / HTTP/1.0" 404 1236 "-" "Expanse, a Palo Alto Networks company, searches across the global IPv4 space multiple times per day to identify customers' presences on the Internet. If you would like to be excluded from our scans, please send IP addresses/domains to: scaninfo@paloaltonetworks.com"
143.198.218.188 - - [20/Aug/2024:12:02:38 +0600] "GET /stacks HTTP/1.1" 404 705 "-" "Mozilla/5.0 zgrab/0.x"
206.81.29.14 - - [20/Aug/2024:12:31:33 +0600] "GET / HTTP/1.0" 404 1236 "-" "-"
164.92.232.214 - - [20/Aug/2024:12:31:50 +0600] "GET /v2/_catalog HTTP/1.1" 404 1236 "-" "Go-http-client/1.1"
138.68.66.19 - - [20/Aug/2024:12:31:50 +0600] "GET /cgi-bin/authLogin.cgi HTTP/1.1" 404 1236 "-" "Go-http-client/1.1"
138.68.66.19 - - [20/Aug/2024:12:31:50 +0600] "GET /solr/admin/info/system HTTP/1.1" 404 1236 "-" "Go-http-client/1.1"
165.22.74.101 - - [20/Aug/2024:12:31:50 +0600] "GET /query?q=SHOW+DIAGNOSTICS HTTP/1.1" 404 1236 "-" "Go-http-client/1.1"
64.226.87.165 - - [20/Aug/2024:12:31:51 +0600] "GET / HTTP/1.1" 404 705 "-" "Mozilla/5.0 (compatible; Odin; https://docs.getodin.com/)"
138.68.66.19 - - [20/Aug/2024:12:31:51 +0600] "GET /solr/admin/cores?action=STATUS&wt=json HTTP/1.1" 404 1236 "-" "Go-http-client/1.1"
52.76.71.100 - - [20/Aug/2024:12:31:51 +0600] "GET /favicon.ico HTTP/1.1" 404 1236 "-" "Go-http-client/1.1"
64.226.76.39 - - [20/Aug/2024:13:07:29 +0600] "GET / HTTP/1.0" 404 1236 "-" "-"
164.92.243.12 - - [20/Aug/2024:13:07:46 +0600] "GET /v2/_catalog HTTP/1.1" 404 1236 "-" "Go-http-client/1.1"
46.101.139.7 - - [20/Aug/2024:13:07:46 +0600] "GET / HTTP/1.1" 404 705 "-" "Mozilla/5.0 (compatible; Odin; https://docs.getodin.com/)"
164.92.232.214 - - [20/Aug/2024:13:07:46 +0600] "GET /solr/admin/info/system HTTP/1.1" 404 1236 "-" "Go-http-client/1.1"
46.101.139.7 - - [20/Aug/2024:13:07:46 +0600] "GET /cgi-bin/authLogin.cgi HTTP/1.1" 404 1236 "-" "Go-http-client/1.1"
161.35.22.157 - - [20/Aug/2024:13:07:46 +0600] "GET /query?q=SHOW+DIAGNOSTICS HTTP/1.1" 404 1236 "-" "Go-http-client/1.1"
164.92.232.214 - - [20/Aug/2024:13:07:47 +0600] "GET /solr/admin/cores?action=STATUS&wt=json HTTP/1.1" 404 1236 "-" "Go-http-client/1.1"
52.76.71.100 - - [20/Aug/2024:13:07:51 +0600] "GET /favicon.ico HTTP/1.1" 404 1236 "-" "Go-http-client/1.1"
117.187.117.6 - - [20/Aug/2024:13:50:53 +0600] "GET /stacks HTTP/1.1" 404 705 "-" "Mozilla/5.0 zgrab/0.x"
64.62.197.196 - - [20/Aug/2024:15:46:02 +0600] "GET / HTTP/1.1" 404 705 "-" "Mozilla/5.0 (X11; Linux x86_64) AppleWebKit/537.36 (KHTML, like Gecko) HeadlessChrome/101.0.4951.41 Safari/537.36"
64.62.197.185 - - [20/Aug/2024:15:46:15 +0600] "GET /favicon.ico HTTP/1.1" 404 705 "-" "Mozilla/5.0 (X11; Linux x86_64; rv:109.0) Gecko/20100101 Firefox/109.0"
39.106.18.244 - - [20/Aug/2024:16:05:41 +0600] "GET /stacks HTTP/1.1" 404 705 "-" "Mozilla/5.0 zgrab/0.x"
140.238.153.39 - - [20/Aug/2024:16:09:33 +0600] "GET /stacks HTTP/1.1" 404 705 "-" "Mozilla/5.0 zgrab/0.x"
152.89.170.242 - - [20/Aug/2024:16:35:36 +0600] "POST /ws/v1/cluster/apps/new-application HTTP/1.1" 404 705 "-" "python-requests/2.22.0"
106.55.165.3 - - [20/Aug/2024:16:37:47 +0600] "GET /stacks HTTP/1.1" 404 705 "-" "Mozilla/5.0 zgrab/0.x"
220.248.173.137 - - [20/Aug/2024:16:52:04 +0600] "GET /stacks HTTP/1.1" 404 705 "-" "Mozilla/5.0 zgrab/0.x"
167.94.138.52 - - [20/Aug/2024:17:06:01 +0600] "GET / HTTP/1.1" 404 1236 "-" "-"
167.94.138.52 - - [20/Aug/2024:17:06:05 +0600] "GET / HTTP/1.1" 404 705 "-" "Mozilla/5.0 (compatible; CensysInspect/1.1; +https://about.censys.io/)"
75.119.153.250 - - [20/Aug/2024:18:33:06 +0600] "GET /stacks HTTP/1.1" 404 705 "-" "Mozilla/5.0 zgrab/0.x"
139.162.7.59 - - [20/Aug/2024:20:51:12 +0600] "GET / HTTP/1.0" 404 1236 "-" "-"
139.162.7.59 - - [20/Aug/2024:20:51:23 +0600] "OPTIONS / HTTP/1.0" 404 1236 "-" "-"
139.162.7.59 - - [20/Aug/2024:20:51:55 +0600] "GET /G1jz HTTP/1.1" 404 1236 "-" "curl/7.54.0"
139.162.7.59 - - [20/Aug/2024:20:51:55 +0600] "GET /webui HTTP/1.1" 404 1236 "-" "curl/7.54.0"
139.162.7.59 - - [20/Aug/2024:20:51:56 +0600] "GET /user HTTP/1.1" 404 1236 "-" "curl/7.54.0"
139.162.7.59 - - [20/Aug/2024:20:51:56 +0600] "GET /human.aspx HTTP/1.1" 404 1236 "-" "curl/7.54.0"
139.162.7.59 - - [20/Aug/2024:20:51:56 +0600] "GET /dana-cached/hc/HostCheckerInstaller.osx HTTP/1.1" 404 1236 "-" "curl/7.54.0"
139.162.7.59 - - [20/Aug/2024:20:51:56 +0600] "GET /?=PHPE9568F36-D428-11d2-A769-00AA001ACF42 HTTP/1.1" 404 1236 "-" "curl/7.54.0"
139.162.7.59 - - [20/Aug/2024:20:51:56 +0600] "GET /?=PHPB8B5F2A0-3C92-11d3-A3A9-4C7B08C10000 HTTP/1.1" 404 1236 "-" "curl/7.54.0"
139.162.7.59 - - [20/Aug/2024:20:51:56 +0600] "GET /+CSCOE+/logon.html HTTP/1.1" 404 1236 "-" "curl/7.54.0"
139.162.7.59 - - [20/Aug/2024:20:51:56 +0600] "GET /user HTTP/1.1" 404 1236 "-" "curl/7.54.0"
139.162.7.59 - - [20/Aug/2024:20:51:56 +0600] "GET /server-status HTTP/1.1" 404 1236 "-" "curl/7.54.0"
139.162.7.59 - - [20/Aug/2024:20:51:56 +0600] "GET /human.aspx HTTP/1.1" 404 1236 "-" "curl/7.54.0"
139.162.7.59 - - [20/Aug/2024:20:51:56 +0600] "GET / HTTP/1.1" 404 1236 "-" "curl/7.54.0"
139.162.7.59 - - [20/Aug/2024:20:51:56 +0600] "GET /dana-na/nc/nc_gina_ver.txt HTTP/1.1" 404 1236 "-" "curl/7.54.0"
139.162.7.59 - - [20/Aug/2024:20:51:57 +0600] "GET /HNAP1 HTTP/1.1" 404 1236 "-" "curl/7.54.0"
139.162.7.59 - - [20/Aug/2024:20:51:57 +0600] "GET /nmaplowercheck1724165515 HTTP/1.1" 404 1236 "-" "curl/7.54.0"
139.162.7.59 - - [20/Aug/2024:20:51:57 +0600] "GET /CFIDE/componentutils/ HTTP/1.1" 404 1236 "-" "curl/7.54.0"
139.162.7.59 - - [20/Aug/2024:20:51:57 +0600] "GET /.git/HEAD HTTP/1.1" 404 1236 "-" "curl/7.54.0"
139.162.7.59 - - [20/Aug/2024:20:51:59 +0600] "GET /favicon.ico HTTP/1.1" 404 1236 "-" "curl/7.54.0"
139.162.7.59 - - [20/Aug/2024:20:52:00 +0600] "GET /CSS/Miniweb.css HTTP/1.1" 404 1236 "-" "curl/7.54.0"
139.162.7.59 - - [20/Aug/2024:20:52:01 +0600] "GET /webui HTTP/1.1" 404 1236 "-" "curl/7.54.0"
139.162.7.59 - - [20/Aug/2024:20:52:01 +0600] "GET / HTTP/1.1" 404 1236 "-" "curl/7.54.0"
139.162.7.59 - - [20/Aug/2024:20:52:01 +0600] "GET /owa/ HTTP/1.1" 404 1236 "-" "curl/7.54.0"
139.162.7.59 - - [20/Aug/2024:20:52:01 +0600] "GET / HTTP/1.1" 404 1236 "-" "curl/7.54.0"
139.162.7.59 - - [20/Aug/2024:20:52:02 +0600] "GET /owa/ HTTP/1.1" 404 1236 "-" "curl/7.54.0"
139.162.7.59 - - [20/Aug/2024:20:52:02 +0600] "POST /sdk HTTP/1.1" 404 1236 "-" "curl/7.54.0"
139.162.7.59 - - [20/Aug/2024:20:52:02 +0600] "GET /Portal/Portal.mwsl HTTP/1.1" 404 1236 "-" "curl/7.54.0"
139.162.7.59 - - [20/Aug/2024:20:52:02 +0600] "GET /docs/cplugError.html/ HTTP/1.1" 404 1236 "-" "curl/7.54.0"
139.162.7.59 - - [20/Aug/2024:20:52:05 +0600] "GET /Portal0000.htm HTTP/1.1" 404 1236 "-" "curl/7.54.0"
139.162.7.59 - - [20/Aug/2024:20:52:05 +0600] "GET /base.pl HTTP/1.1" 404 1236 "-" "curl/7.54.0"
139.162.7.59 - - [20/Aug/2024:20:52:05 +0600] "GET /menu.shtml HTTP/1.1" 404 1236 "-" "curl/7.54.0"
139.162.7.59 - - [20/Aug/2024:20:52:05 +0600] "GET /inicio.jsa HTTP/1.1" 404 1236 "-" "curl/7.54.0"
139.162.7.59 - - [20/Aug/2024:20:52:05 +0600] "GET /__Additional HTTP/1.1" 404 1236 "-" "curl/7.54.0"
139.162.7.59 - - [20/Aug/2024:20:52:06 +0600] "GET /start.cfm HTTP/1.1" 404 1236 "-" "curl/7.54.0"
139.162.7.59 - - [20/Aug/2024:20:52:06 +0600] "GET /menu.jhtml HTTP/1.1" 404 1236 "-" "curl/7.54.0"
139.162.7.59 - - [20/Aug/2024:20:52:06 +0600] "GET /inicio.php HTTP/1.1" 404 1236 "-" "curl/7.54.0"
139.162.7.59 - - [20/Aug/2024:20:52:06 +0600] "GET /localstart.pl HTTP/1.1" 404 1236 "-" "curl/7.54.0"
139.162.7.59 - - [20/Aug/2024:20:52:06 +0600] "GET /menu.pl HTTP/1.1" 404 1236 "-" "curl/7.54.0"
139.162.7.59 - - [20/Aug/2024:20:52:06 +0600] "GET /admin.cgi HTTP/1.1" 404 1236 "-" "curl/7.54.0"
139.162.7.59 - - [20/Aug/2024:20:52:07 +0600] "GET /main.aspx HTTP/1.1" 404 1236 "-" "curl/7.54.0"
139.162.7.59 - - [20/Aug/2024:20:52:07 +0600] "GET /menu.aspx HTTP/1.1" 404 1236 "-" "curl/7.54.0"
139.162.7.59 - - [20/Aug/2024:20:52:07 +0600] "GET /indice.shtml HTTP/1.1" 404 1236 "-" "curl/7.54.0"
139.162.7.59 - - [20/Aug/2024:20:52:07 +0600] "GET /index.cfm HTTP/1.1" 404 1236 "-" "curl/7.54.0"
139.162.7.59 - - [20/Aug/2024:20:52:07 +0600] "GET /home.jhtml HTTP/1.1" 404 1236 "-" "curl/7.54.0"
139.162.7.59 - - [20/Aug/2024:20:52:07 +0600] "GET /indice.cfm HTTP/1.1" 404 1236 "-" "curl/7.54.0"
139.162.7.59 - - [20/Aug/2024:20:52:07 +0600] "GET /localstart.jsp HTTP/1.1" 404 1236 "-" "curl/7.54.0"
139.162.7.59 - - [20/Aug/2024:20:52:07 +0600] "GET /default.cfm HTTP/1.1" 404 1236 "-" "curl/7.54.0"
139.162.7.59 - - [20/Aug/2024:20:52:07 +0600] "GET /main.jsa HTTP/1.1" 404 1236 "-" "curl/7.54.0"
139.162.7.59 - - [20/Aug/2024:20:52:07 +0600] "GET /readme.txt HTTP/1.1" 404 1236 "-" "curl/7.54.0"
139.162.7.59 - - [20/Aug/2024:20:52:07 +0600] "GET /home.pl HTTP/1.1" 404 1236 "-" "curl/7.54.0"
139.162.7.59 - - [20/Aug/2024:20:52:07 +0600] "GET /menu.html HTTP/1.1" 404 1236 "-" "curl/7.54.0"
139.162.7.59 - - [20/Aug/2024:20:52:07 +0600] "GET /default.jhtml HTTP/1.1" 404 1236 "-" "curl/7.54.0"
139.162.7.59 - - [20/Aug/2024:20:52:07 +0600] "GET /menu.cfm HTTP/1.1" 404 1236 "-" "curl/7.54.0"
139.162.7.59 - - [20/Aug/2024:20:52:07 +0600] "GET /admin.shtml HTTP/1.1" 404 1236 "-" "curl/7.54.0"
139.162.7.59 - - [20/Aug/2024:20:52:07 +0600] "GET /admin.asp HTTP/1.1" 404 1236 "-" "curl/7.54.0"
139.162.7.59 - - [20/Aug/2024:20:52:07 +0600] "GET /admin.jsp HTTP/1.1" 404 1236 "-" "curl/7.54.0"
139.162.7.59 - - [20/Aug/2024:20:52:07 +0600] "GET /admin.jsa HTTP/1.1" 404 1236 "-" "curl/7.54.0"
139.162.7.59 - - [20/Aug/2024:20:52:08 +0600] "GET /home.cfm HTTP/1.1" 404 1236 "-" "curl/7.54.0"
139.162.7.59 - - [20/Aug/2024:20:52:08 +0600] "GET /robots.txt HTTP/1.1" 404 1236 "-" "curl/7.54.0"
139.162.7.59 - - [20/Aug/2024:20:52:08 +0600] "GET /admin.cfm HTTP/1.1" 404 1236 "-" "curl/7.54.0"
139.162.7.59 - - [20/Aug/2024:20:52:08 +0600] "GET /base.cfm HTTP/1.1" 404 1236 "-" "curl/7.54.0"
139.162.7.59 - - [20/Aug/2024:20:52:08 +0600] "GET /indice.aspx HTTP/1.1" 404 1236 "-" "curl/7.54.0"
139.162.7.59 - - [20/Aug/2024:20:52:08 +0600] "GET /localstart.aspx HTTP/1.1" 404 1236 "-" "curl/7.54.0"
139.162.7.59 - - [20/Aug/2024:20:52:08 +0600] "GET /base.inc HTTP/1.1" 404 1236 "-" "curl/7.54.0"
139.162.7.59 - - [20/Aug/2024:20:52:08 +0600] "GET /base.cgi HTTP/1.1" 404 1236 "-" "curl/7.54.0"
139.162.7.59 - - [20/Aug/2024:20:52:08 +0600] "GET /start.php HTTP/1.1" 404 1236 "-" "curl/7.54.0"
139.162.7.59 - - [20/Aug/2024:20:52:08 +0600] "GET /base.jsp HTTP/1.1" 404 1236 "-" "curl/7.54.0"
139.162.7.59 - - [20/Aug/2024:20:52:08 +0600] "GET /home.jsp HTTP/1.1" 404 1236 "-" "curl/7.54.0"
139.162.7.59 - - [20/Aug/2024:20:52:08 +0600] "GET /default.jsp HTTP/1.1" 404 1236 "-" "curl/7.54.0"
139.162.7.59 - - [20/Aug/2024:20:52:08 +0600] "GET /localstart.shtml HTTP/1.1" 404 1236 "-" "curl/7.54.0"
139.162.7.59 - - [20/Aug/2024:20:52:08 +0600] "GET /localstart.asp HTTP/1.1" 404 1236 "-" "curl/7.54.0"
139.162.7.59 - - [20/Aug/2024:20:52:08 +0600] "GET /default.shtml HTTP/1.1" 404 1236 "-" "curl/7.54.0"
139.162.7.59 - - [20/Aug/2024:20:52:08 +0600] "GET /home.shtml HTTP/1.1" 404 1236 "-" "curl/7.54.0"
139.162.7.59 - - [20/Aug/2024:20:52:08 +0600] "GET /admin.aspx HTTP/1.1" 404 1236 "-" "curl/7.54.0"
139.162.7.59 - - [20/Aug/2024:20:52:08 +0600] "GET /start.cgi HTTP/1.1" 404 1236 "-" "curl/7.54.0"
139.162.7.59 - - [20/Aug/2024:20:52:08 +0600] "GET /indice.pl HTTP/1.1" 404 1236 "-" "curl/7.54.0"
139.162.7.59 - - [20/Aug/2024:20:52:08 +0600] "GET /base.php HTTP/1.1" 404 1236 "-" "curl/7.54.0"
139.162.7.59 - - [20/Aug/2024:20:52:08 +0600] "GET /base.jsa HTTP/1.1" 404 1236 "-" "curl/7.54.0"
139.162.7.59 - - [20/Aug/2024:20:52:08 +0600] "GET /index.aspx HTTP/1.1" 404 1236 "-" "curl/7.54.0"
139.162.7.59 - - [20/Aug/2024:20:52:08 +0600] "GET /base.html HTTP/1.1" 404 1236 "-" "curl/7.54.0"
139.162.7.59 - - [20/Aug/2024:20:52:08 +0600] "GET /main.shtml HTTP/1.1" 404 1236 "-" "curl/7.54.0"
139.162.7.59 - - [20/Aug/2024:20:52:08 +0600] "GET /index.asp HTTP/1.1" 404 1236 "-" "curl/7.54.0"
139.162.7.59 - - [20/Aug/2024:20:52:08 +0600] "GET /base.asp HTTP/1.1" 404 1236 "-" "curl/7.54.0"
139.162.7.59 - - [20/Aug/2024:20:52:08 +0600] "GET /index.jsa HTTP/1.1" 404 1236 "-" "curl/7.54.0"
139.162.7.59 - - [20/Aug/2024:20:52:08 +0600] "GET /base.shtml HTTP/1.1" 404 1236 "-" "curl/7.54.0"
139.162.7.59 - - [20/Aug/2024:20:52:08 +0600] "GET /main.jhtml HTTP/1.1" 404 1236 "-" "curl/7.54.0"
139.162.7.59 - - [20/Aug/2024:20:52:08 +0600] "GET /menu.php HTTP/1.1" 404 1236 "-" "curl/7.54.0"
139.162.7.59 - - [20/Aug/2024:20:52:10 +0600] "GET / HTTP/1.1" 404 1236 "-" "-"
120.76.141.205 - - [20/Aug/2024:21:52:47 +0600] "GET /stacks HTTP/1.1" 404 705 "-" "Mozilla/5.0 zgrab/0.x"
119.91.208.128 - - [21/Aug/2024:00:08:12 +0600] "GET /stacks HTTP/1.1" 404 705 "-" "Mozilla/5.0 zgrab/0.x"
208.65.84.35 - - [21/Aug/2024:00:18:46 +0600] "POST /ws/v1/cluster/apps/new-application HTTP/1.1" 404 705 "-" "python-requests/2.22.0"
208.65.84.35 - - [21/Aug/2024:02:23:50 +0600] "POST /ws/v1/cluster/apps/new-application HTTP/1.1" 404 705 "-" "python-requests/2.22.0"
