141.98.11.175 - - [17/Nov/2024:02:31:48 +0600] "POST /ws/v1/cluster/apps/new-application HTTP/1.1" 404 705 "-" "Go-http-client/1.1"
141.98.11.175 - - [17/Nov/2024:02:51:07 +0600] "POST /ws/v1/cluster/apps/new-application HTTP/1.1" 404 705 "-" "Go-http-client/1.1"
141.98.11.175 - - [17/Nov/2024:03:35:46 +0600] "POST /ws/v1/cluster/apps/new-application HTTP/1.1" 404 705 "-" "Go-http-client/1.1"
167.94.145.110 - - [17/Nov/2024:04:01:42 +0600] "GET / HTTP/1.1" 404 1236 "-" "-"
167.94.145.110 - - [17/Nov/2024:04:01:45 +0600] "GET / HTTP/1.1" 404 705 "-" "Mozilla/5.0 (compatible; CensysInspect/1.1; +https://about.censys.io/)"
154.213.187.208 - - [17/Nov/2024:04:14:16 +0600] "POST /ws/v1/cluster/apps/new-application HTTP/1.1" 404 705 "-" "python-requests/2.22.0"
141.98.11.175 - - [17/Nov/2024:04:39:51 +0600] "POST /ws/v1/cluster/apps/new-application HTTP/1.1" 404 705 "-" "Go-http-client/1.1"
198.235.24.100 - - [17/Nov/2024:04:48:09 +0600] "GET / HTTP/1.0" 404 1236 "-" "Expanse, a Palo Alto Networks company, searches across the global IPv4 space multiple times per day to identify customers' presences on the Internet. If you would like to be excluded from our scans, please send IP addresses/domains to: scaninfo@paloaltonetworks.com"
154.213.187.208 - - [17/Nov/2024:05:05:52 +0600] "POST /ws/v1/cluster/apps/new-application HTTP/1.1" 404 705 "-" "python-requests/2.22.0"
57.152.56.133 - - [17/Nov/2024:05:23:51 +0600] "GET /manager/html HTTP/1.1" 404 705 "-" "Mozilla/5.0 zgrab/0.x"
141.98.11.175 - - [17/Nov/2024:05:29:13 +0600] "POST /ws/v1/cluster/apps/new-application HTTP/1.1" 404 705 "-" "Go-http-client/1.1"
39.104.134.58 - - [17/Nov/2024:06:09:15 +0600] "GET /stacks HTTP/1.1" 404 705 "-" "Mozilla/5.0 zgrab/0.x"
141.98.11.175 - - [17/Nov/2024:06:10:34 +0600] "POST /ws/v1/cluster/apps/new-application HTTP/1.1" 404 705 "-" "Go-http-client/1.1"
47.97.122.13 - - [17/Nov/2024:06:23:44 +0600] "GET /stacks HTTP/1.1" 404 705 "-" "Mozilla/5.0 zgrab/0.x"
195.178.110.40 - - [17/Nov/2024:06:29:00 +0600] "GET / HTTP/1.1" 404 705 "-" "Mozilla/5.0 (Windows NT 10.0; Win64; x64) AppleWebKit/537.36 (KHTML, like Gecko) Chrome/108.0.0.0 Safari/537.36"
42.193.181.194 - - [17/Nov/2024:07:07:30 +0600] "GET /stacks HTTP/1.1" 404 705 "-" "Mozilla/5.0 zgrab/0.x"
162.142.125.213 - - [17/Nov/2024:07:21:31 +0600] "GET / HTTP/1.1" 404 1236 "-" "-"
162.142.125.213 - - [17/Nov/2024:07:21:35 +0600] "GET / HTTP/1.1" 404 705 "-" "Mozilla/5.0 (compatible; CensysInspect/1.1; +https://about.censys.io/)"
42.192.210.147 - - [17/Nov/2024:07:41:47 +0600] "GET /stacks HTTP/1.1" 404 705 "-" "Mozilla/5.0 zgrab/0.x"
172.168.40.59 - - [17/Nov/2024:07:53:09 +0600] "GET /manager/text/list HTTP/1.1" 404 705 "-" "Mozilla/5.0 zgrab/0.x"
205.210.31.169 - - [17/Nov/2024:08:41:47 +0600] "GET / HTTP/1.1" 404 705 "-" "Expanse, a Palo Alto Networks company, searches across the global IPv4 space multiple times per day to identify customers' presences on the Internet. If you would like to be excluded from our scans, please send IP addresses/domains to: scaninfo@paloaltonetworks.com"
141.98.11.175 - - [17/Nov/2024:09:22:26 +0600] "POST /ws/v1/cluster/apps/new-application HTTP/1.1" 404 705 "-" "Go-http-client/1.1"
141.98.11.175 - - [17/Nov/2024:09:53:59 +0600] "POST /ws/v1/cluster/apps/new-application HTTP/1.1" 404 705 "-" "Go-http-client/1.1"
141.98.11.175 - - [17/Nov/2024:11:04:18 +0600] "POST /ws/v1/cluster/apps/new-application HTTP/1.1" 404 705 "-" "Go-http-client/1.1"
141.98.11.175 - - [17/Nov/2024:11:10:24 +0600] "POST /ws/v1/cluster/apps/new-application HTTP/1.1" 404 705 "-" "Go-http-client/1.1"
60.191.125.35 - - [17/Nov/2024:11:29:49 +0600] "HEAD http://112.124.42.80:63435/ HTTP/1.1" 404 - "-" "Mozilla/5.0 (Macintosh; Intel Mac OS X 10_11_6) AppleWebKit/537.36 (KHTML, like Gecko) Chrome/53.0.2785.143 Safari/537.36"
154.216.19.166 - - [17/Nov/2024:11:34:42 +0600] "POST /ws/v1/cluster/apps/new-application HTTP/1.1" 404 705 "-" "python-requests/2.27.1"
116.147.37.17 - - [17/Nov/2024:12:06:29 +0600] "GET /stacks HTTP/1.1" 404 705 "-" "Mozilla/5.0 zgrab/0.x"
141.98.11.175 - - [17/Nov/2024:12:21:58 +0600] "POST /ws/v1/cluster/apps/new-application HTTP/1.1" 404 705 "-" "Go-http-client/1.1"
141.98.11.175 - - [17/Nov/2024:13:11:40 +0600] "POST /ws/v1/cluster/apps/new-application HTTP/1.1" 404 705 "-" "Go-http-client/1.1"
113.200.98.17 - - [17/Nov/2024:13:17:19 +0600] "GET /stacks HTTP/1.1" 404 705 "-" "Mozilla/5.0 zgrab/0.x"
141.98.11.175 - - [17/Nov/2024:14:01:13 +0600] "POST /ws/v1/cluster/apps/new-application HTTP/1.1" 404 705 "-" "Go-http-client/1.1"
154.213.187.208 - - [17/Nov/2024:14:24:14 +0600] "POST /ws/v1/cluster/apps/new-application HTTP/1.1" 404 705 "-" "python-requests/2.22.0"
64.62.197.164 - - [17/Nov/2024:14:40:08 +0600] "GET / HTTP/1.1" 404 705 "-" "Mozilla/5.0 (X11; Linux x86_64; rv:109.0) Gecko/20100101 Firefox/110.0"
64.62.197.152 - - [17/Nov/2024:14:40:21 +0600] "GET /favicon.ico HTTP/1.1" 404 705 "-" "Mozilla/5.0 (Windows NT 10.0; Win64; x64) AppleWebKit/537.36 (KHTML, like Gecko) Chrome/122.0.0.0 Safari/537.36"
141.98.11.175 - - [17/Nov/2024:14:42:33 +0600] "POST /ws/v1/cluster/apps/new-application HTTP/1.1" 404 705 "-" "Go-http-client/1.1"
141.98.11.175 - - [17/Nov/2024:15:07:12 +0600] "POST /ws/v1/cluster/apps/new-application HTTP/1.1" 404 705 "-" "Go-http-client/1.1"
120.76.141.205 - - [17/Nov/2024:15:55:37 +0600] "GET /stacks HTTP/1.1" 404 705 "-" "Mozilla/5.0 zgrab/0.x"
141.98.11.175 - - [17/Nov/2024:16:36:00 +0600] "POST /ws/v1/cluster/apps/new-application HTTP/1.1" 404 705 "-" "Go-http-client/1.1"
117.187.117.6 - - [17/Nov/2024:16:46:29 +0600] "GET /stacks HTTP/1.1" 404 705 "-" "Mozilla/5.0 zgrab/0.x"
141.98.11.175 - - [17/Nov/2024:17:20:38 +0600] "POST /ws/v1/cluster/apps/new-application HTTP/1.1" 404 705 "-" "Go-http-client/1.1"
141.98.11.175 - - [17/Nov/2024:18:17:58 +0600] "POST /ws/v1/cluster/apps/new-application HTTP/1.1" 404 705 "-" "Go-http-client/1.1"
45.84.89.3 - - [17/Nov/2024:18:28:40 +0600] "GET / HTTP/1.1" 404 1236 "-" "Mozilla/6.0 (Windows NT 10.0; Win64; x64) AppleWebKit/537.36 (KHTML, like Gecko) Chrome/127.0.0.0 Safari/537.36 Inspici (www.inspici.com)"
141.98.11.175 - - [17/Nov/2024:18:51:05 +0600] "POST /ws/v1/cluster/apps/new-application HTTP/1.1" 404 705 "-" "Go-http-client/1.1"
38.207.132.92 - - [17/Nov/2024:18:55:34 +0600] "GET / HTTP/1.1" 404 1236 "-" "Java/21.0.5"
38.207.132.92 - - [17/Nov/2024:18:55:34 +0600] "GET /favicon.ico HTTP/1.1" 404 1236 "-" "Java/21.0.5"
180.232.31.146 - - [17/Nov/2024:19:15:09 +0600] "GET /stacks HTTP/1.1" 404 705 "-" "Mozilla/5.0 zgrab/0.x"
141.98.11.175 - - [17/Nov/2024:19:30:31 +0600] "POST /ws/v1/cluster/apps/new-application HTTP/1.1" 404 705 "-" "Go-http-client/1.1"
141.98.11.175 - - [17/Nov/2024:19:55:27 +0600] "POST /ws/v1/cluster/apps/new-application HTTP/1.1" 404 705 "-" "Go-http-client/1.1"
141.98.11.175 - - [17/Nov/2024:20:54:36 +0600] "POST /ws/v1/cluster/apps/new-application HTTP/1.1" 404 705 "-" "Go-http-client/1.1"
165.154.120.29 - - [17/Nov/2024:21:40:20 +0600] "GET / HTTP/1.1" 404 1236 "-" "Mozilla/5.0 (Macintosh; Intel Mac OS X 10_15_7) AppleWebKit/537.36 (KHTML, like Gecko) Chrome/120.0.0.0 Safari/537.36 Edg/120.0.0.0"
165.154.120.29 - - [17/Nov/2024:21:40:25 +0600] "GET /favicon.ico HTTP/1.1" 404 705 "-" "Mozilla/5.0 (Macintosh; Intel Mac OS X 10_7_0) AppleWebKit/535.11 (KHTML, like Gecko) Chrome/17.0.963.56 Safari/535.11"
165.154.120.29 - - [17/Nov/2024:21:40:25 +0600] "GET /sitemap.xml HTTP/1.1" 404 705 "-" "Mozilla/5.0 (Macintosh; Intel Mac OS X 10_7_0) AppleWebKit/535.11 (KHTML, like Gecko) Chrome/17.0.963.56 Safari/535.11"
165.154.120.29 - - [17/Nov/2024:21:40:25 +0600] "GET /robots.txt HTTP/1.1" 404 705 "-" "Mozilla/5.0 (Macintosh; Intel Mac OS X 10_7_0) AppleWebKit/535.11 (KHTML, like Gecko) Chrome/17.0.963.56 Safari/535.11"
141.98.11.175 - - [17/Nov/2024:21:52:25 +0600] "POST /ws/v1/cluster/apps/new-application HTTP/1.1" 404 705 "-" "Go-http-client/1.1"
141.98.11.175 - - [17/Nov/2024:22:05:12 +0600] "POST /ws/v1/cluster/apps/new-application HTTP/1.1" 404 705 "-" "Go-http-client/1.1"
113.200.98.17 - - [17/Nov/2024:22:06:55 +0600] "GET /stacks HTTP/1.1" 404 705 "-" "Mozilla/5.0 zgrab/0.x"
47.97.122.13 - - [17/Nov/2024:22:24:40 +0600] "GET /stacks HTTP/1.1" 404 705 "-" "Mozilla/5.0 zgrab/0.x"
154.216.19.166 - - [17/Nov/2024:22:44:46 +0600] "POST /ws/v1/cluster/apps/new-application HTTP/1.1" 404 705 "-" "python-requests/2.27.1"
45.156.129.54 - - [17/Nov/2024:23:00:11 +0600] "GET / HTTP/1.1" 404 705 "-" "Mozilla/5.0 (Windows NT 10.0; Win64; x64) AppleWebKit/537.36 (KHTML, like Gecko) Chrome/60.0.3112.113 Safari/537.36"
113.200.98.17 - - [17/Nov/2024:23:11:52 +0600] "GET /stacks HTTP/1.1" 404 705 "-" "Mozilla/5.0 zgrab/0.x"
141.98.11.175 - - [17/Nov/2024:23:14:52 +0600] "POST /ws/v1/cluster/apps/new-application HTTP/1.1" 404 705 "-" "Go-http-client/1.1"
141.98.11.175 - - [17/Nov/2024:23:31:20 +0600] "POST /ws/v1/cluster/apps/new-application HTTP/1.1" 404 705 "-" "Go-http-client/1.1"
101.43.107.48 - - [18/Nov/2024:00:25:54 +0600] "GET /stacks HTTP/1.1" 404 705 "-" "Mozilla/5.0 zgrab/0.x"
141.98.11.175 - - [18/Nov/2024:00:26:40 +0600] "POST /ws/v1/cluster/apps/new-application HTTP/1.1" 404 705 "-" "Go-http-client/1.1"
198.235.24.180 - - [18/Nov/2024:00:56:12 +0600] "GET / HTTP/1.0" 404 1236 "-" "Expanse, a Palo Alto Networks company, searches across the global IPv4 space multiple times per day to identify customers' presences on the Internet. If you would like to be excluded from our scans, please send IP addresses/domains to: scaninfo@paloaltonetworks.com"
141.98.11.175 - - [18/Nov/2024:01:20:54 +0600] "POST /ws/v1/cluster/apps/new-application HTTP/1.1" 404 705 "-" "Go-http-client/1.1"
101.91.148.86 - - [18/Nov/2024:01:44:16 +0600] "GET /stacks HTTP/1.1" 404 705 "-" "Mozilla/5.0 zgrab/0.x"
141.98.11.175 - - [18/Nov/2024:02:11:20 +0600] "POST /ws/v1/cluster/apps/new-application HTTP/1.1" 404 705 "-" "Go-http-client/1.1"
167.94.146.56 - - [18/Nov/2024:02:19:36 +0600] "GET / HTTP/1.1" 404 1236 "-" "-"
167.94.146.56 - - [18/Nov/2024:02:19:39 +0600] "GET / HTTP/1.1" 404 705 "-" "Mozilla/5.0 (compatible; CensysInspect/1.1; +https://about.censys.io/)"
141.98.11.175 - - [18/Nov/2024:03:02:58 +0600] "POST /ws/v1/cluster/apps/new-application HTTP/1.1" 404 705 "-" "Go-http-client/1.1"
194.50.16.198 - - [18/Nov/2024:03:07:32 +0600] "POST /apply.cgi HTTP/1.1" 404 705 "http://139.59.127.108:8088/apply.cgi" "Mozilla/5.0 (Windows NT 10.0; Win64; x64) AppleWebKit/537.36 (KHTML, like Gecko) Chrome/129.0.6668.71 Safari/537.36"
221.130.29.85 - - [18/Nov/2024:03:13:41 +0600] "GET /stacks HTTP/1.1" 404 705 "-" "Mozilla/5.0 zgrab/0.x"
198.235.24.215 - - [18/Nov/2024:03:28:55 +0600] "GET / HTTP/1.1" 404 705 "-" "Expanse, a Palo Alto Networks company, searches across the global IPv4 space multiple times per day to identify customers' presences on the Internet. If you would like to be excluded from our scans, please send IP addresses/domains to: scaninfo@paloaltonetworks.com"
141.98.11.175 - - [18/Nov/2024:03:29:16 +0600] "POST /ws/v1/cluster/apps/new-application HTTP/1.1" 404 705 "-" "Go-http-client/1.1"
141.98.11.175 - - [18/Nov/2024:03:58:14 +0600] "POST /ws/v1/cluster/apps/new-application HTTP/1.1" 404 705 "-" "Go-http-client/1.1"
87.236.176.73 - - [18/Nov/2024:04:30:20 +0600] "GET / HTTP/1.1" 404 705 "-" "Mozilla/5.0 (compatible; InternetMeasurement/1.0; +https://internet-measurement.com/)"
141.98.11.175 - - [18/Nov/2024:05:03:35 +0600] "POST /ws/v1/cluster/apps/new-application HTTP/1.1" 404 705 "-" "Go-http-client/1.1"
154.213.187.208 - - [18/Nov/2024:05:35:14 +0600] "POST /ws/v1/cluster/apps/new-application HTTP/1.1" 404 705 "-" "python-requests/2.22.0"
141.98.11.175 - - [18/Nov/2024:05:41:49 +0600] "POST /ws/v1/cluster/apps/new-application HTTP/1.1" 404 705 "-" "Go-http-client/1.1"
194.50.16.198 - - [18/Nov/2024:05:50:54 +0600] "GET / HTTP/1.0" 404 705 "-" "Mozilla/5.0 (X11; Ubuntu; Linux x86_64; rv:71.0) Gecko/20100101 Firefox/71.0"
194.50.16.198 - - [18/Nov/2024:05:50:54 +0600] "POST /apply.cgi HTTP/1.1" 404 705 "http://139.59.127.108:8088/apply.cgi" "Mozilla/5.0 (Windows NT 10.0; Win64; x64) AppleWebKit/537.36 (KHTML, like Gecko) Chrome/96.0.4664.110 Safari/537.36"
141.98.11.175 - - [18/Nov/2024:06:04:21 +0600] "POST /ws/v1/cluster/apps/new-application HTTP/1.1" 404 705 "-" "Go-http-client/1.1"
154.213.187.208 - - [18/Nov/2024:08:37:21 +0600] "POST /ws/v1/cluster/apps/new-application HTTP/1.1" 404 705 "-" "python-requests/2.22.0"
64.23.201.216 - - [18/Nov/2024:08:53:48 +0600] "GET /recordings/index.php HTTP/1.0" 404 1236 "-" "xfa1"
164.90.134.127 - - [18/Nov/2024:09:05:20 +0600] "GET /stacks HTTP/1.1" 404 705 "-" "Mozilla/5.0 zgrab/0.x"
167.94.138.118 - - [18/Nov/2024:10:35:40 +0600] "GET / HTTP/1.1" 404 1236 "-" "-"
167.94.138.118 - - [18/Nov/2024:10:35:45 +0600] "GET / HTTP/1.1" 404 705 "-" "Mozilla/5.0 (compatible; CensysInspect/1.1; +https://about.censys.io/)"
164.152.241.236 - - [18/Nov/2024:11:12:36 +0600] "GET /stacks HTTP/1.1" 404 705 "-" "Mozilla/5.0 zgrab/0.x"
154.213.187.208 - - [18/Nov/2024:13:22:45 +0600] "POST /ws/v1/cluster/apps/new-application HTTP/1.1" 404 705 "-" "python-requests/2.22.0"
80.211.186.224 - - [18/Nov/2024:17:13:44 +0600] "POST /ws/v1/cluster/apps/new-application HTTP/1.1" 404 705 "-" "python-requests/2.28.2"
116.147.37.17 - - [18/Nov/2024:17:28:50 +0600] "GET /stacks HTTP/1.1" 404 705 "-" "Mozilla/5.0 zgrab/0.x"
141.98.11.175 - - [18/Nov/2024:17:32:47 +0600] "POST /ws/v1/cluster/apps/new-application HTTP/1.1" 404 705 "-" "Go-http-client/1.1"
154.213.189.18 - - [18/Nov/2024:18:14:36 +0600] "POST /ws/v1/cluster/apps/new-application HTTP/1.1" 404 705 "-" "python-requests/2.22.0"
141.98.11.175 - - [18/Nov/2024:18:30:34 +0600] "POST /ws/v1/cluster/apps/new-application HTTP/1.1" 404 705 "-" "Go-http-client/1.1"
45.84.89.3 - - [18/Nov/2024:19:24:54 +0600] "GET / HTTP/1.1" 404 1236 "-" "Mozilla/6.0 (Windows NT 10.0; Win64; x64) AppleWebKit/537.36 (KHTML, like Gecko) Chrome/127.0.0.0 Safari/537.36 Inspici (www.inspici.com)"
154.213.187.208 - - [18/Nov/2024:19:42:20 +0600] "POST /ws/v1/cluster/apps/new-application HTTP/1.1" 404 705 "-" "python-requests/2.22.0"
184.105.247.195 - - [18/Nov/2024:19:47:08 +0600] "GET / HTTP/1.1" 404 705 "-" "Mozilla/5.0 (Windows NT 10.0; Win64; x64) AppleWebKit/537.36 (KHTML, like Gecko) Chrome/109.0.0.0 Safari/537.36 OPR/95.0.0.0"
184.105.247.195 - - [18/Nov/2024:19:47:19 +0600] "GET /favicon.ico HTTP/1.1" 404 705 "-" "Mozilla/5.0 (Macintosh; Intel Mac OS X 10.15; rv:102.0) Gecko/20100101 Firefox/102.0"
118.194.236.118 - - [18/Nov/2024:19:59:58 +0600] "GET / HTTP/1.1" 404 1236 "-" "Mozilla/5.0 (Macintosh; Intel Mac OS X 10_15_7) AppleWebKit/537.36 (KHTML, like Gecko) Chrome/120.0.0.0 Safari/537.36 Edg/120.0.0.0"
118.194.236.118 - - [18/Nov/2024:20:00:03 +0600] "GET /favicon.ico HTTP/1.1" 404 705 "-" "Mozilla/5.0 (Macintosh; Intel Mac OS X 10_7_0) AppleWebKit/535.11 (KHTML, like Gecko) Chrome/17.0.963.56 Safari/535.11"
118.194.236.118 - - [18/Nov/2024:20:00:03 +0600] "GET /robots.txt HTTP/1.1" 404 705 "-" "Mozilla/5.0 (Macintosh; Intel Mac OS X 10_7_0) AppleWebKit/535.11 (KHTML, like Gecko) Chrome/17.0.963.56 Safari/535.11"
118.194.236.118 - - [18/Nov/2024:20:00:03 +0600] "GET /sitemap.xml HTTP/1.1" 404 705 "-" "Mozilla/5.0 (Macintosh; Intel Mac OS X 10_7_0) AppleWebKit/535.11 (KHTML, like Gecko) Chrome/17.0.963.56 Safari/535.11"
139.198.163.91 - - [18/Nov/2024:21:25:58 +0600] "GET /stacks HTTP/1.1" 404 705 "-" "Mozilla/5.0 zgrab/0.x"
194.50.16.198 - - [18/Nov/2024:21:29:13 +0600] "POST /apply.cgi HTTP/1.1" 404 705 "http://139.59.127.108:8088/apply.cgi" "Mozilla/5.0 (Windows NT 10.0; Win64; x64) AppleWebKit/537.36 (KHTML, like Gecko) Chrome/129.0.6668.71 Safari/537.36"
154.213.189.18 - - [18/Nov/2024:21:50:31 +0600] "POST /ws/v1/cluster/apps/new-application HTTP/1.1" 404 705 "-" "python-requests/2.22.0"
152.32.207.21 - - [18/Nov/2024:21:50:43 +0600] "GET / HTTP/1.1" 404 1236 "-" "Mozilla/5.0 (Macintosh; Intel Mac OS X 10_15_7) AppleWebKit/537.36 (KHTML, like Gecko) Chrome/120.0.0.0 Safari/537.36 Edg/120.0.0.0"
152.32.207.21 - - [18/Nov/2024:21:50:49 +0600] "GET /favicon.ico HTTP/1.1" 404 705 "-" "Mozilla/5.0 (Macintosh; Intel Mac OS X 10_7_0) AppleWebKit/535.11 (KHTML, like Gecko) Chrome/17.0.963.56 Safari/535.11"
152.32.207.21 - - [18/Nov/2024:21:50:50 +0600] "GET /sitemap.xml HTTP/1.1" 404 705 "-" "Mozilla/5.0 (Macintosh; Intel Mac OS X 10_7_0) AppleWebKit/535.11 (KHTML, like Gecko) Chrome/17.0.963.56 Safari/535.11"
152.32.207.21 - - [18/Nov/2024:21:50:50 +0600] "GET /robots.txt HTTP/1.1" 404 705 "-" "Mozilla/5.0 (Macintosh; Intel Mac OS X 10_7_0) AppleWebKit/535.11 (KHTML, like Gecko) Chrome/17.0.963.56 Safari/535.11"
149.62.45.16 - - [18/Nov/2024:21:51:40 +0600] "GET / HTTP/1.1" 404 705 "-" "Go-http-client/1.1"
149.62.45.10 - - [18/Nov/2024:21:58:33 +0600] "GET / HTTP/1.1" 404 705 "-" "Mozilla/5.0 (Windows NT 10.0; Win64; x64) AppleWebKit/537.36 (KHTML, like Gecko) Chrome/112.0.0.0 Safari/537.36 OPR/98.0.0.0"
149.62.45.10 - - [18/Nov/2024:21:58:33 +0600] "GET /favicon.ico HTTP/1.1" 404 705 "-" "Mozilla/5.0 (Windows NT 10.0; Win64; x64) AppleWebKit/537.36 (KHTML, like Gecko) Chrome/99.0.4844.51 Safari/537.36"
167.94.146.52 - - [18/Nov/2024:23:11:44 +0600] "GET / HTTP/1.1" 404 1236 "-" "-"
167.94.146.52 - - [18/Nov/2024:23:11:47 +0600] "GET / HTTP/1.1" 404 705 "-" "Mozilla/5.0 (compatible; CensysInspect/1.1; +https://about.censys.io/)"
47.97.122.13 - - [18/Nov/2024:23:16:10 +0600] "GET /stacks HTTP/1.1" 404 705 "-" "Mozilla/5.0 zgrab/0.x"
194.50.16.198 - - [18/Nov/2024:23:35:35 +0600] "GET / HTTP/1.0" 404 705 "-" "Mozilla/5.0 (X11; Ubuntu; Linux x86_64; rv:71.0) Gecko/20100101 Firefox/71.0"
194.50.16.198 - - [18/Nov/2024:23:35:35 +0600] "POST /apply.cgi HTTP/1.1" 404 705 "http://139.59.127.108:8088/apply.cgi" "Mozilla/5.0 (Windows NT 10.0; Win64; x64) AppleWebKit/537.36 (KHTML, like Gecko) Chrome/96.0.4664.110 Safari/537.36"
154.213.187.208 - - [19/Nov/2024:01:03:57 +0600] "POST /ws/v1/cluster/apps/new-application HTTP/1.1" 404 705 "-" "python-requests/2.22.0"
194.50.16.15 - - [19/Nov/2024:02:56:31 +0600] "GET /cgi/conf.bin HTTP/1.1" 404 705 "http://139.59.127.108:8088/mainFrame.htm" "Mozilla/5.0 (Windows NT 6.0) AppleWebKit/537.11 (KHTML, like Gecko) Chrome/23.0.1271.97 Safari/537.11"
149.62.45.9 - - [19/Nov/2024:03:41:23 +0600] "GET / HTTP/1.1" 404 705 "-" "Go-http-client/1.1"
149.62.45.17 - - [19/Nov/2024:03:42:32 +0600] "GET /favicon.ico HTTP/1.1" 404 705 "-" "Mozilla/5.0 (Windows NT 10.0; Win64; x64) AppleWebKit/537.36 (KHTML, like Gecko) Chrome/114.0.0.0 Safari/537.36 Edg/114.0.1823.58"
149.62.45.17 - - [19/Nov/2024:03:42:32 +0600] "GET / HTTP/1.1" 404 705 "-" "Mozilla/5.0 (Windows NT 10.0; Win64; x64) AppleWebKit/537.36 (KHTML, like Gecko) Chrome/114.0.0.0 Safari/537.36 Edg/114.0.1823.37"
140.238.153.39 - - [19/Nov/2024:04:20:53 +0600] "GET /stacks HTTP/1.1" 404 705 "-" "Mozilla/5.0 zgrab/0.x"
42.192.210.147 - - [19/Nov/2024:04:22:30 +0600] "GET /stacks HTTP/1.1" 404 705 "-" "Mozilla/5.0 zgrab/0.x"
116.147.37.17 - - [19/Nov/2024:04:48:28 +0600] "GET /stacks HTTP/1.1" 404 705 "-" "Mozilla/5.0 zgrab/0.x"
185.191.126.248 - - [19/Nov/2024:05:07:34 +0600] "GET / HTTP/1.1" 404 1236 "-" "-"
147.185.132.58 - - [19/Nov/2024:07:02:08 +0600] "GET / HTTP/1.1" 404 705 "-" "Expanse, a Palo Alto Networks company, searches across the global IPv4 space multiple times per day to identify customers' presences on the Internet. If you would like to be excluded from our scans, please send IP addresses/domains to: scaninfo@paloaltonetworks.com"
81.68.179.56 - - [19/Nov/2024:07:46:23 +0600] "GET /stacks HTTP/1.1" 404 705 "-" "Mozilla/5.0 zgrab/0.x"
205.210.31.72 - - [19/Nov/2024:08:05:53 +0600] "GET / HTTP/1.0" 404 1236 "-" "Expanse, a Palo Alto Networks company, searches across the global IPv4 space multiple times per day to identify customers' presences on the Internet. If you would like to be excluded from our scans, please send IP addresses/domains to: scaninfo@paloaltonetworks.com"
71.6.134.232 - - [19/Nov/2024:09:05:43 +0600] "GET / HTTP/1.1" 404 705 "-" "Mozilla/5.0 (Windows NT 10.0; Win64; x64) AppleWebKit/537.36 (KHTML, like Gecko) Chrome/102.0.0.0 Safari/537.36"
71.6.134.232 - - [19/Nov/2024:09:06:06 +0600] "GET /favicon.ico HTTP/1.1" 404 1236 "-" "Mozilla/5.0 (Windows NT 10.0; Win64; x64) AppleWebKit/537.36 (KHTML, like Gecko) Chrome/102.0.0.0 Safari/537.36"
184.105.247.195 - - [19/Nov/2024:13:06:44 +0600] "GET / HTTP/1.1" 404 705 "-" "Mozilla/5.0 (Windows NT 10.0; Win64; x64; rv:109.0) Gecko/20100101 Firefox/110.0"
184.105.247.195 - - [19/Nov/2024:13:06:51 +0600] "GET /favicon.ico HTTP/1.1" 404 705 "-" "Mozilla/5.0 (X11; Linux x86_64) AppleWebKit/537.36 (KHTML, like Gecko) Chrome/61.0.3163.100 Electron/2.0.18 Safari/537.36"
194.50.16.198 - - [19/Nov/2024:15:34:51 +0600] "POST /apply.cgi HTTP/1.1" 404 705 "http://139.59.127.108:8088/apply.cgi" "Mozilla/5.0 (Windows NT 10.0; Win64; x64) AppleWebKit/537.36 (KHTML, like Gecko) Chrome/129.0.6668.71 Safari/537.36"
141.98.11.175 - - [19/Nov/2024:17:12:39 +0600] "POST /ws/v1/cluster/apps/new-application HTTP/1.1" 404 705 "-" "Go-http-client/1.1"
194.50.16.198 - - [19/Nov/2024:17:43:57 +0600] "GET / HTTP/1.0" 404 705 "-" "Mozilla/5.0 (X11; Ubuntu; Linux x86_64; rv:71.0) Gecko/20100101 Firefox/71.0"
194.50.16.198 - - [19/Nov/2024:17:43:57 +0600] "POST /apply.cgi HTTP/1.1" 404 705 "http://139.59.127.108:8088/apply.cgi" "Mozilla/5.0 (Windows NT 10.0; Win64; x64) AppleWebKit/537.36 (KHTML, like Gecko) Chrome/96.0.4664.110 Safari/537.36"
221.130.29.85 - - [19/Nov/2024:18:04:13 +0600] "GET /stacks HTTP/1.1" 404 705 "-" "Mozilla/5.0 zgrab/0.x"
141.98.11.175 - - [19/Nov/2024:18:05:50 +0600] "POST /ws/v1/cluster/apps/new-application HTTP/1.1" 404 705 "-" "Go-http-client/1.1"
141.98.11.175 - - [19/Nov/2024:18:18:09 +0600] "POST /ws/v1/cluster/apps/new-application HTTP/1.1" 404 705 "-" "Go-http-client/1.1"
64.227.158.37 - - [19/Nov/2024:18:38:11 +0600] "GET / HTTP/1.0" 404 705 "-" "Mozilla/5.0 (X11; Ubuntu; Linux x86_64; rv:71.0) Gecko/20100101 Firefox/71.0"
141.98.11.175 - - [19/Nov/2024:18:52:07 +0600] "POST /ws/v1/cluster/apps/new-application HTTP/1.1" 404 705 "-" "Go-http-client/1.1"
45.84.89.2 - - [19/Nov/2024:19:58:05 +0600] "GET / HTTP/1.1" 404 1236 "-" "Mozilla/6.0 (Windows NT 10.0; Win64; x64) AppleWebKit/537.36 (KHTML, like Gecko) Chrome/127.0.0.0 Safari/537.36 Inspici (www.inspici.com)"
117.187.117.6 - - [19/Nov/2024:19:59:40 +0600] "GET /stacks HTTP/1.1" 404 705 "-" "Mozilla/5.0 zgrab/0.x"
152.32.206.35 - - [19/Nov/2024:20:49:45 +0600] "GET / HTTP/1.1" 404 1236 "-" "Mozilla/5.0 (Macintosh; Intel Mac OS X 10_15_7) AppleWebKit/537.36 (KHTML, like Gecko) Chrome/120.0.0.0 Safari/537.36 Edg/120.0.0.0"
152.32.206.35 - - [19/Nov/2024:20:49:50 +0600] "GET /robots.txt HTTP/1.1" 404 705 "-" "Mozilla/5.0 (Macintosh; Intel Mac OS X 10_7_0) AppleWebKit/535.11 (KHTML, like Gecko) Chrome/17.0.963.56 Safari/535.11"
152.32.206.35 - - [19/Nov/2024:20:49:50 +0600] "GET /favicon.ico HTTP/1.1" 404 705 "-" "Mozilla/5.0 (Macintosh; Intel Mac OS X 10_7_0) AppleWebKit/535.11 (KHTML, like Gecko) Chrome/17.0.963.56 Safari/535.11"
152.32.206.35 - - [19/Nov/2024:20:49:51 +0600] "GET /sitemap.xml HTTP/1.1" 404 705 "-" "Mozilla/5.0 (Macintosh; Intel Mac OS X 10_7_0) AppleWebKit/535.11 (KHTML, like Gecko) Chrome/17.0.963.56 Safari/535.11"
141.98.11.175 - - [19/Nov/2024:21:19:24 +0600] "POST /ws/v1/cluster/apps/new-application HTTP/1.1" 404 705 "-" "Go-http-client/1.1"
47.97.122.13 - - [19/Nov/2024:22:16:53 +0600] "GET /stacks HTTP/1.1" 404 705 "-" "Mozilla/5.0 zgrab/0.x"
141.98.11.175 - - [19/Nov/2024:22:22:32 +0600] "POST /ws/v1/cluster/apps/new-application HTTP/1.1" 404 705 "-" "Go-http-client/1.1"
141.98.11.175 - - [19/Nov/2024:22:47:53 +0600] "POST /ws/v1/cluster/apps/new-application HTTP/1.1" 404 705 "-" "Go-http-client/1.1"
141.98.11.175 - - [20/Nov/2024:00:00:14 +0600] "POST /ws/v1/cluster/apps/new-application HTTP/1.1" 404 705 "-" "Go-http-client/1.1"
141.98.11.175 - - [20/Nov/2024:00:32:27 +0600] "POST /ws/v1/cluster/apps/new-application HTTP/1.1" 404 705 "-" "Go-http-client/1.1"
141.98.11.175 - - [20/Nov/2024:00:57:20 +0600] "POST /ws/v1/cluster/apps/new-application HTTP/1.1" 404 705 "-" "Go-http-client/1.1"
113.200.98.17 - - [20/Nov/2024:01:03:10 +0600] "GET /stacks HTTP/1.1" 404 705 "-" "Mozilla/5.0 zgrab/0.x"
154.213.189.18 - - [20/Nov/2024:01:03:46 +0600] "POST /ws/v1/cluster/apps/new-application HTTP/1.1" 404 705 "-" "python-requests/2.22.0"
149.62.45.23 - - [20/Nov/2024:01:17:55 +0600] "GET / HTTP/1.1" 404 705 "-" "Go-http-client/1.1"
149.62.45.10 - - [20/Nov/2024:01:33:12 +0600] "GET / HTTP/1.1" 404 705 "-" "Mozilla/5.0 (Windows NT 10.0; Win64; x64; rv:109.0) Gecko/20100101 Firefox/115.0"
149.62.45.10 - - [20/Nov/2024:01:33:12 +0600] "GET /favicon.ico HTTP/1.1" 404 705 "-" "Mozilla/5.0 (X11; Linux x86_64) AppleWebKit/537.36 (KHTML, like Gecko) Chrome/112.0.0.0 Safari/537.36"
141.98.11.175 - - [20/Nov/2024:01:57:12 +0600] "POST /ws/v1/cluster/apps/new-application HTTP/1.1" 404 705 "-" "Go-http-client/1.1"
141.98.11.175 - - [20/Nov/2024:02:52:51 +0600] "POST /ws/v1/cluster/apps/new-application HTTP/1.1" 404 705 "-" "Go-http-client/1.1"
220.248.173.137 - - [20/Nov/2024:02:54:39 +0600] "GET /stacks HTTP/1.1" 404 705 "-" "Mozilla/5.0 zgrab/0.x"
141.98.11.175 - - [20/Nov/2024:03:31:57 +0600] "POST /ws/v1/cluster/apps/new-application HTTP/1.1" 404 705 "-" "Go-http-client/1.1"
43.139.128.232 - - [20/Nov/2024:04:43:01 +0600] "GET /stacks HTTP/1.1" 404 705 "-" "Mozilla/5.0 zgrab/0.x"
116.147.37.17 - - [20/Nov/2024:05:37:08 +0600] "GET /stacks HTTP/1.1" 404 705 "-" "Mozilla/5.0 zgrab/0.x"
154.213.189.18 - - [20/Nov/2024:06:42:38 +0600] "POST /ws/v1/cluster/apps/new-application HTTP/1.1" 404 705 "-" "python-requests/2.22.0"
162.142.125.213 - - [20/Nov/2024:07:15:17 +0600] "GET / HTTP/1.1" 404 705 "-" "Mozilla/5.0 (compatible; CensysInspect/1.1; +https://about.censys.io/)"
198.235.24.78 - - [20/Nov/2024:07:45:11 +0600] "GET / HTTP/1.1" 404 705 "-" "Expanse, a Palo Alto Networks company, searches across the global IPv4 space multiple times per day to identify customers' presences on the Internet. If you would like to be excluded from our scans, please send IP addresses/domains to: scaninfo@paloaltonetworks.com"
141.98.11.175 - - [20/Nov/2024:07:45:13 +0600] "POST /ws/v1/cluster/apps/new-application HTTP/1.1" 404 705 "-" "Go-http-client/1.1"
141.98.11.175 - - [20/Nov/2024:08:43:10 +0600] "POST /ws/v1/cluster/apps/new-application HTTP/1.1" 404 705 "-" "Go-http-client/1.1"
47.99.138.105 - - [20/Nov/2024:08:51:35 +0600] "GET /stacks HTTP/1.1" 404 705 "-" "Mozilla/5.0 zgrab/0.x"
141.98.11.175 - - [20/Nov/2024:09:25:39 +0600] "POST /ws/v1/cluster/apps/new-application HTTP/1.1" 404 705 "-" "Go-http-client/1.1"
194.50.16.198 - - [20/Nov/2024:09:45:33 +0600] "POST /apply.cgi HTTP/1.1" 404 705 "http://139.59.127.108:8088/apply.cgi" "Mozilla/5.0 (Windows NT 10.0; Win64; x64) AppleWebKit/537.36 (KHTML, like Gecko) Chrome/129.0.6668.71 Safari/537.36"
141.98.11.175 - - [20/Nov/2024:10:20:47 +0600] "POST /ws/v1/cluster/apps/new-application HTTP/1.1" 404 705 "-" "Go-http-client/1.1"
154.212.141.177 - - [20/Nov/2024:10:21:20 +0600] "GET / HTTP/1.1" 404 1236 "-" "-"
154.213.187.208 - - [20/Nov/2024:10:49:11 +0600] "POST /ws/v1/cluster/apps/new-application HTTP/1.1" 404 705 "-" "python-requests/2.22.0"
141.98.11.175 - - [20/Nov/2024:11:29:40 +0600] "POST /ws/v1/cluster/apps/new-application HTTP/1.1" 404 705 "-" "Go-http-client/1.1"
194.50.16.198 - - [20/Nov/2024:12:00:24 +0600] "GET / HTTP/1.0" 404 705 "-" "Mozilla/5.0 (X11; Ubuntu; Linux x86_64; rv:71.0) Gecko/20100101 Firefox/71.0"
194.50.16.198 - - [20/Nov/2024:12:00:24 +0600] "POST /apply.cgi HTTP/1.1" 404 705 "http://139.59.127.108:8088/apply.cgi" "Mozilla/5.0 (Windows NT 10.0; Win64; x64) AppleWebKit/537.36 (KHTML, like Gecko) Chrome/96.0.4664.110 Safari/537.36"
141.98.11.175 - - [20/Nov/2024:12:22:34 +0600] "POST /ws/v1/cluster/apps/new-application HTTP/1.1" 404 705 "-" "Go-http-client/1.1"
141.98.11.175 - - [20/Nov/2024:12:50:00 +0600] "POST /ws/v1/cluster/apps/new-application HTTP/1.1" 404 705 "-" "Go-http-client/1.1"
64.62.197.114 - - [20/Nov/2024:13:16:09 +0600] "GET / HTTP/1.1" 404 705 "-" "Mozilla/5.0 (Windows NT 10.0; Win64; x64; rv:109.0) Gecko/20100101 Firefox/112.0"
64.62.197.116 - - [20/Nov/2024:13:16:22 +0600] "GET /favicon.ico HTTP/1.1" 404 705 "-" "Mozilla/5.0 (X11; Linux x86_64) AppleWebKit/537.36 (KHTML, like Gecko) Chrome/122.0.0.0 Safari/537.36"
141.98.11.175 - - [20/Nov/2024:13:45:35 +0600] "POST /ws/v1/cluster/apps/new-application HTTP/1.1" 404 705 "-" "Go-http-client/1.1"
47.244.168.170 - - [20/Nov/2024:14:04:01 +0600] "GET /stacks HTTP/1.1" 404 705 "-" "Mozilla/5.0 zgrab/0.x"
141.98.11.175 - - [20/Nov/2024:14:11:25 +0600] "POST /ws/v1/cluster/apps/new-application HTTP/1.1" 404 705 "-" "Go-http-client/1.1"
205.210.31.53 - - [20/Nov/2024:14:41:16 +0600] "GET / HTTP/1.0" 404 1236 "-" "Expanse, a Palo Alto Networks company, searches across the global IPv4 space multiple times per day to identify customers' presences on the Internet. If you would like to be excluded from our scans, please send IP addresses/domains to: scaninfo@paloaltonetworks.com"
141.98.11.175 - - [20/Nov/2024:15:06:20 +0600] "POST /ws/v1/cluster/apps/new-application HTTP/1.1" 404 705 "-" "Go-http-client/1.1"
141.98.11.175 - - [20/Nov/2024:15:48:59 +0600] "POST /ws/v1/cluster/apps/new-application HTTP/1.1" 404 705 "-" "Go-http-client/1.1"
164.90.134.127 - - [20/Nov/2024:16:05:09 +0600] "GET /stacks HTTP/1.1" 404 705 "-" "Mozilla/5.0 zgrab/0.x"
143.198.218.188 - - [20/Nov/2024:16:05:16 +0600] "GET /stacks HTTP/1.1" 404 705 "-" "Mozilla/5.0 zgrab/0.x"
149.62.45.16 - - [20/Nov/2024:16:29:23 +0600] "GET / HTTP/1.1" 404 705 "-" "Go-http-client/1.1"
149.62.45.24 - - [20/Nov/2024:16:30:33 +0600] "GET / HTTP/1.1" 404 705 "-" "Mozilla/5.0 (Windows NT 10.0; Win64; x64) AppleWebKit/537.36 (KHTML, like Gecko) Chrome/110.0.0.0 Safari/537.36"
149.62.45.24 - - [20/Nov/2024:16:30:43 +0600] "GET /favicon.ico HTTP/1.1" 404 705 "-" "Mozilla/5.0 (Windows NT 10.0; Win64; x64) AppleWebKit/537.36 (KHTML, like Gecko) Chrome/114.0.0.0 Safari/537.36 Edg/114.0.1823.41"
141.98.11.175 - - [20/Nov/2024:17:01:39 +0600] "POST /ws/v1/cluster/apps/new-application HTTP/1.1" 404 705 "-" "Go-http-client/1.1"
154.213.189.18 - - [20/Nov/2024:17:06:08 +0600] "POST /ws/v1/cluster/apps/new-application HTTP/1.1" 404 705 "-" "python-requests/2.22.0"
141.98.11.175 - - [20/Nov/2024:17:38:17 +0600] "POST /ws/v1/cluster/apps/new-application HTTP/1.1" 404 705 "-" "Go-http-client/1.1"
141.98.11.175 - - [20/Nov/2024:18:26:19 +0600] "POST /ws/v1/cluster/apps/new-application HTTP/1.1" 404 705 "-" "Go-http-client/1.1"
77.221.157.109 - - [20/Nov/2024:18:41:41 +0600] "GET / HTTP/1.1" 404 705 "-" "Mozilla/5.0"
141.98.11.175 - - [20/Nov/2024:18:49:58 +0600] "POST /ws/v1/cluster/apps/new-application HTTP/1.1" 404 705 "-" "Go-http-client/1.1"
118.121.205.107 - - [20/Nov/2024:19:16:47 +0600] "GET /stacks HTTP/1.1" 404 705 "-" "Mozilla/5.0 zgrab/0.x"
141.98.11.175 - - [20/Nov/2024:19:36:34 +0600] "POST /ws/v1/cluster/apps/new-application HTTP/1.1" 404 705 "-" "Go-http-client/1.1"
45.84.89.3 - - [20/Nov/2024:20:01:50 +0600] "GET / HTTP/1.1" 404 1236 "-" "Mozilla/6.0 (Windows NT 10.0; Win64; x64) AppleWebKit/537.36 (KHTML, like Gecko) Chrome/127.0.0.0 Safari/537.36 Inspici (www.inspici.com)"
141.98.11.175 - - [20/Nov/2024:20:29:20 +0600] "POST /ws/v1/cluster/apps/new-application HTTP/1.1" 404 705 "-" "Go-http-client/1.1"
165.154.100.58 - - [20/Nov/2024:21:10:28 +0600] "GET / HTTP/1.1" 404 1236 "-" "Mozilla/5.0 (Macintosh; Intel Mac OS X 10_15_7) AppleWebKit/537.36 (KHTML, like Gecko) Chrome/120.0.0.0 Safari/537.36 Edg/120.0.0.0"
165.154.100.58 - - [20/Nov/2024:21:10:33 +0600] "GET /favicon.ico HTTP/1.1" 404 705 "-" "Mozilla/5.0 (Macintosh; Intel Mac OS X 10_7_0) AppleWebKit/535.11 (KHTML, like Gecko) Chrome/17.0.963.56 Safari/535.11"
165.154.100.58 - - [20/Nov/2024:21:10:33 +0600] "GET /robots.txt HTTP/1.1" 404 705 "-" "Mozilla/5.0 (Macintosh; Intel Mac OS X 10_7_0) AppleWebKit/535.11 (KHTML, like Gecko) Chrome/17.0.963.56 Safari/535.11"
165.154.100.58 - - [20/Nov/2024:21:10:33 +0600] "GET /sitemap.xml HTTP/1.1" 404 705 "-" "Mozilla/5.0 (Macintosh; Intel Mac OS X 10_7_0) AppleWebKit/535.11 (KHTML, like Gecko) Chrome/17.0.963.56 Safari/535.11"
47.97.122.13 - - [20/Nov/2024:21:11:13 +0600] "GET /stacks HTTP/1.1" 404 705 "-" "Mozilla/5.0 zgrab/0.x"
141.98.11.175 - - [20/Nov/2024:21:18:08 +0600] "POST /ws/v1/cluster/apps/new-application HTTP/1.1" 404 705 "-" "Go-http-client/1.1"
141.98.11.175 - - [20/Nov/2024:22:14:47 +0600] "POST /ws/v1/cluster/apps/new-application HTTP/1.1" 404 705 "-" "Go-http-client/1.1"
141.98.11.175 - - [20/Nov/2024:22:29:26 +0600] "POST /ws/v1/cluster/apps/new-application HTTP/1.1" 404 705 "-" "Go-http-client/1.1"
154.213.191.23 - - [20/Nov/2024:23:10:34 +0600] "POST /ws/v1/cluster/apps/new-application HTTP/1.1" 404 705 "-" "Go-http-client/1.1"
141.98.11.175 - - [20/Nov/2024:23:46:32 +0600] "POST /ws/v1/cluster/apps/new-application HTTP/1.1" 404 705 "-" "Go-http-client/1.1"
141.98.11.175 - - [21/Nov/2024:00:08:36 +0600] "POST /ws/v1/cluster/apps/new-application HTTP/1.1" 404 705 "-" "Go-http-client/1.1"
87.236.176.233 - - [21/Nov/2024:00:17:54 +0600] "GET / HTTP/1.1" 404 705 "-" "Mozilla/5.0 (compatible; InternetMeasurement/1.0; +https://internet-measurement.com/)"
154.213.187.20 - - [21/Nov/2024:00:31:20 +0600] "GET / HTTP/1.0" 404 705 "-" "Mozilla/5.0 (X11; Ubuntu; Linux x86_64; rv:71.0) Gecko/20100101 Firefox/71.0"
47.96.228.248 - - [21/Nov/2024:00:51:54 +0600] "GET /stacks HTTP/1.1" 404 705 "-" "Mozilla/5.0 zgrab/0.x"
141.98.11.175 - - [21/Nov/2024:01:12:27 +0600] "POST /ws/v1/cluster/apps/new-application HTTP/1.1" 404 705 "-" "Go-http-client/1.1"
141.98.11.175 - - [21/Nov/2024:01:46:23 +0600] "POST /ws/v1/cluster/apps/new-application HTTP/1.1" 404 705 "-" "Go-http-client/1.1"
141.98.11.175 - - [21/Nov/2024:02:42:37 +0600] "POST /ws/v1/cluster/apps/new-application HTTP/1.1" 404 705 "-" "Go-http-client/1.1"
141.98.11.175 - - [21/Nov/2024:02:48:47 +0600] "POST /ws/v1/cluster/apps/new-application HTTP/1.1" 404 705 "-" "Go-http-client/1.1"
164.152.241.236 - - [21/Nov/2024:04:18:32 +0600] "GET /stacks HTTP/1.1" 404 705 "-" "Mozilla/5.0 zgrab/0.x"
116.147.37.17 - - [21/Nov/2024:04:22:30 +0600] "GET /stacks HTTP/1.1" 404 705 "-" "Mozilla/5.0 zgrab/0.x"
194.50.16.198 - - [21/Nov/2024:04:30:21 +0600] "POST /apply.cgi HTTP/1.1" 404 705 "http://139.59.127.108:8088/apply.cgi" "Mozilla/5.0 (Windows NT 10.0; Win64; x64) AppleWebKit/537.36 (KHTML, like Gecko) Chrome/129.0.6668.71 Safari/537.36"
194.50.16.198 - - [21/Nov/2024:06:25:03 +0600] "GET / HTTP/1.0" 404 705 "-" "Mozilla/5.0 (X11; Ubuntu; Linux x86_64; rv:71.0) Gecko/20100101 Firefox/71.0"
194.50.16.198 - - [21/Nov/2024:06:25:03 +0600] "POST /apply.cgi HTTP/1.1" 404 705 "http://139.59.127.108:8088/apply.cgi" "Mozilla/5.0 (Windows NT 10.0; Win64; x64) AppleWebKit/537.36 (KHTML, like Gecko) Chrome/96.0.4664.110 Safari/537.36"
106.54.208.200 - - [21/Nov/2024:08:16:25 +0600] "GET /stacks HTTP/1.1" 404 705 "-" "Mozilla/5.0 zgrab/0.x"
205.210.31.169 - - [21/Nov/2024:08:25:32 +0600] "GET / HTTP/1.1" 404 705 "-" "Expanse, a Palo Alto Networks company, searches across the global IPv4 space multiple times per day to identify customers' presences on the Internet. If you would like to be excluded from our scans, please send IP addresses/domains to: scaninfo@paloaltonetworks.com"
47.106.106.51 - - [21/Nov/2024:08:48:43 +0600] "GET /stacks HTTP/1.1" 404 705 "-" "Mozilla/5.0 zgrab/0.x"
113.200.98.17 - - [21/Nov/2024:09:12:58 +0600] "GET /stacks HTTP/1.1" 404 705 "-" "Mozilla/5.0 zgrab/0.x"
74.82.47.4 - - [21/Nov/2024:09:21:42 +0600] "GET / HTTP/1.1" 404 705 "-" "Mozilla/5.0 (Windows NT 10.0; Win64; x64) AppleWebKit/537.36 (KHTML, like Gecko) Chrome/107.0.0.0 Safari/537.36"
74.82.47.4 - - [21/Nov/2024:09:21:55 +0600] "GET /favicon.ico HTTP/1.1" 404 705 "-" "Mozilla/5.0 (Windows NT 10.0; Win64; x64) AppleWebKit/537.36 (KHTML, like Gecko) Chrome/122.0.0.0 Safari/537.36 OPR/108.0.0.0"
205.210.31.73 - - [21/Nov/2024:09:30:07 +0600] "GET / HTTP/1.0" 404 1236 "-" "Expanse, a Palo Alto Networks company, searches across the global IPv4 space multiple times per day to identify customers' presences on the Internet. If you would like to be excluded from our scans, please send IP addresses/domains to: scaninfo@paloaltonetworks.com"
42.192.210.147 - - [21/Nov/2024:09:47:43 +0600] "GET /stacks HTTP/1.1" 404 705 "-" "Mozilla/5.0 zgrab/0.x"
154.213.187.20 - - [21/Nov/2024:10:54:46 +0600] "GET / HTTP/1.0" 404 705 "-" "Mozilla/5.0 (X11; Ubuntu; Linux x86_64; rv:71.0) Gecko/20100101 Firefox/71.0"
8.222.236.192 - - [21/Nov/2024:11:10:19 +0600] "GET / HTTP/1.1" 404 705 "-" "Mozilla/5.0 (Windows NT 5.1) AppleWebKit/535.11 (KHTML,like Gecko) Chrome/17.0.963.84 Safari/535.11 SE 2.X MetaSr 1.0"
8.222.236.192 - - [21/Nov/2024:11:10:19 +0600] "GET /favicon.ico HTTP/1.1" 404 705 "-" "curl/7.75.0"
198.44.237.39 - - [21/Nov/2024:11:21:54 +0600] "GET / HTTP/1.1" 404 705 "-" "Mozilla/5.0 (Windows NT 10.0; WOW64) AppleWebKit/537.36 (KHTML, like Gecko) Chrome/71.0.3578.98 Safari/537.36"
149.62.45.35 - - [21/Nov/2024:11:24:14 +0600] "GET / HTTP/1.1" 404 705 "-" "Go-http-client/1.1"
149.62.45.46 - - [21/Nov/2024:12:25:16 +0600] "GET /favicon.ico HTTP/1.1" 404 705 "-" "Mozilla/5.0 (Macintosh; Intel Mac OS X 10_15_2) AppleWebKit/537.36 (KHTML, like Gecko) Chrome/79.0.3945.88 Safari/537.36"
149.62.45.46 - - [21/Nov/2024:12:25:16 +0600] "GET / HTTP/1.1" 404 705 "-" "Mozilla/5.0 (Windows NT 10.0; Win64; x64) AppleWebKit/537.36 (KHTML, like Gecko) Chrome/114.0.0.0 Safari/537.36 Edg/114.0.1823.43"
116.147.37.17 - - [21/Nov/2024:12:38:04 +0600] "GET /stacks HTTP/1.1" 404 705 "-" "Mozilla/5.0 zgrab/0.x"
113.214.18.234 - - [21/Nov/2024:12:46:57 +0600] "GET /stacks HTTP/1.1" 404 705 "-" "Mozilla/5.0 zgrab/0.x"
154.213.187.208 - - [21/Nov/2024:14:10:46 +0600] "POST /ws/v1/cluster/apps/new-application HTTP/1.1" 404 705 "-" "python-requests/2.22.0"
39.104.134.58 - - [21/Nov/2024:14:29:48 +0600] "GET /stacks HTTP/1.1" 404 705 "-" "Mozilla/5.0 zgrab/0.x"
199.45.154.114 - - [21/Nov/2024:16:04:16 +0600] "GET / HTTP/1.1" 404 1236 "-" "-"
199.45.154.114 - - [21/Nov/2024:16:04:21 +0600] "GET / HTTP/1.1" 404 705 "-" "Mozilla/5.0 (compatible; CensysInspect/1.1; +https://about.censys.io/)"
106.55.165.3 - - [21/Nov/2024:16:56:34 +0600] "GET /stacks HTTP/1.1" 404 705 "-" "Mozilla/5.0 zgrab/0.x"
206.168.34.39 - - [21/Nov/2024:17:31:47 +0600] "GET / HTTP/1.1" 404 1236 "-" "-"
206.168.34.39 - - [21/Nov/2024:17:31:51 +0600] "GET / HTTP/1.1" 404 705 "-" "Mozilla/5.0 (compatible; CensysInspect/1.1; +https://about.censys.io/)"
124.222.54.108 - - [21/Nov/2024:17:40:44 +0600] "GET /stacks HTTP/1.1" 404 705 "-" "Mozilla/5.0 zgrab/0.x"
101.91.148.86 - - [21/Nov/2024:18:15:16 +0600] "GET /stacks HTTP/1.1" 404 705 "-" "Mozilla/5.0 zgrab/0.x"
118.193.65.209 - - [21/Nov/2024:19:27:26 +0600] "GET / HTTP/1.1" 404 1236 "-" "Mozilla/5.0 (Macintosh; Intel Mac OS X 10_15_7) AppleWebKit/537.36 (KHTML, like Gecko) Chrome/120.0.0.0 Safari/537.36 Edg/120.0.0.0"
118.193.65.209 - - [21/Nov/2024:19:27:32 +0600] "GET /favicon.ico HTTP/1.1" 404 705 "-" "Mozilla/5.0 (Macintosh; Intel Mac OS X 10_7_0) AppleWebKit/535.11 (KHTML, like Gecko) Chrome/17.0.963.56 Safari/535.11"
118.193.65.209 - - [21/Nov/2024:19:27:32 +0600] "GET /robots.txt HTTP/1.1" 404 705 "-" "Mozilla/5.0 (Macintosh; Intel Mac OS X 10_7_0) AppleWebKit/535.11 (KHTML, like Gecko) Chrome/17.0.963.56 Safari/535.11"
118.193.65.209 - - [21/Nov/2024:19:27:33 +0600] "GET /sitemap.xml HTTP/1.1" 404 705 "-" "Mozilla/5.0 (Macintosh; Intel Mac OS X 10_7_0) AppleWebKit/535.11 (KHTML, like Gecko) Chrome/17.0.963.56 Safari/535.11"
185.242.226.53 - - [21/Nov/2024:20:12:02 +0600] "GET / HTTP/1.1" 404 705 "-" "Mozilla/5.0 (Windows NT 10.0; Win64; x64) AppleWebKit/537.36 (KHTML, like Gecko) Chrome/88.0.4324.190 Safari/537.36"
45.84.89.3 - - [21/Nov/2024:20:38:49 +0600] "GET / HTTP/1.1" 404 1236 "-" "Mozilla/6.0 (Windows NT 10.0; Win64; x64) AppleWebKit/537.36 (KHTML, like Gecko) Chrome/127.0.0.0 Safari/537.36 Inspici (www.inspici.com)"
154.213.187.20 - - [21/Nov/2024:20:52:08 +0600] "GET / HTTP/1.0" 404 705 "-" "Mozilla/5.0 (X11; Ubuntu; Linux x86_64; rv:71.0) Gecko/20100101 Firefox/71.0"
194.50.16.198 - - [21/Nov/2024:22:22:50 +0600] "POST /apply.cgi HTTP/1.1" 404 705 "http://139.59.127.108:8088/apply.cgi" "Mozilla/5.0 (Windows NT 10.0; Win64; x64) AppleWebKit/537.36 (KHTML, like Gecko) Chrome/129.0.6668.71 Safari/537.36"
51.8.223.113 - - [21/Nov/2024:22:36:59 +0600] "GET / HTTP/1.1" 404 705 "-" "Mozilla/5.0 zgrab/0.x"
194.50.16.15 - - [21/Nov/2024:23:18:00 +0600] "GET /cgi/conf.bin HTTP/1.1" 404 705 "http://139.59.127.108:8088/mainFrame.htm" "Mozilla/5.0 (Windows NT 6.0) AppleWebKit/537.11 (KHTML, like Gecko) Chrome/23.0.1271.97 Safari/537.11"
194.50.16.198 - - [22/Nov/2024:00:10:40 +0600] "GET / HTTP/1.0" 404 705 "-" "Mozilla/5.0 (X11; Ubuntu; Linux x86_64; rv:71.0) Gecko/20100101 Firefox/71.0"
194.50.16.198 - - [22/Nov/2024:00:10:41 +0600] "POST /apply.cgi HTTP/1.1" 404 705 "http://139.59.127.108:8088/apply.cgi" "Mozilla/5.0 (Windows NT 10.0; Win64; x64) AppleWebKit/537.36 (KHTML, like Gecko) Chrome/96.0.4664.110 Safari/537.36"
198.235.24.113 - - [22/Nov/2024:02:14:53 +0600] "GET / HTTP/1.0" 404 1236 "-" "Expanse, a Palo Alto Networks company, searches across the global IPv4 space multiple times per day to identify customers' presences on the Internet. If you would like to be excluded from our scans, please send IP addresses/domains to: scaninfo@paloaltonetworks.com"
141.98.11.175 - - [22/Nov/2024:02:15:14 +0600] "POST /ws/v1/cluster/apps/new-application HTTP/1.1" 404 705 "-" "Go-http-client/1.1"
141.98.11.175 - - [22/Nov/2024:03:01:43 +0600] "POST /ws/v1/cluster/apps/new-application HTTP/1.1" 404 705 "-" "Go-http-client/1.1"
205.210.31.241 - - [22/Nov/2024:03:31:23 +0600] "GET / HTTP/1.1" 404 1236 "-" "Expanse, a Palo Alto Networks company, searches across the global IPv4 space multiple times per day to identify customers' presences on the Internet. If you would like to be excluded from our scans, please send IP addresses/domains to: scaninfo@paloaltonetworks.com"
141.98.11.175 - - [22/Nov/2024:03:47:24 +0600] "POST /ws/v1/cluster/apps/new-application HTTP/1.1" 404 705 "-" "Go-http-client/1.1"
141.98.11.175 - - [22/Nov/2024:04:17:41 +0600] "POST /ws/v1/cluster/apps/new-application HTTP/1.1" 404 705 "-" "Go-http-client/1.1"
154.213.189.18 - - [22/Nov/2024:04:47:35 +0600] "POST /ws/v1/cluster/apps/new-application HTTP/1.1" 404 705 "-" "python-requests/2.22.0"
141.98.11.175 - - [22/Nov/2024:05:23:16 +0600] "POST /ws/v1/cluster/apps/new-application HTTP/1.1" 404 705 "-" "Go-http-client/1.1"
116.147.37.17 - - [22/Nov/2024:06:19:09 +0600] "GET /stacks HTTP/1.1" 404 705 "-" "Mozilla/5.0 zgrab/0.x"
167.94.145.109 - - [22/Nov/2024:06:56:05 +0600] "GET / HTTP/1.1" 404 1236 "-" "-"
167.94.145.109 - - [22/Nov/2024:06:56:08 +0600] "GET / HTTP/1.1" 404 705 "-" "Mozilla/5.0 (compatible; CensysInspect/1.1; +https://about.censys.io/)"
111.229.36.14 - - [22/Nov/2024:07:12:20 +0600] "GET /stacks HTTP/1.1" 404 705 "-" "Mozilla/5.0 zgrab/0.x"
149.62.45.25 - - [22/Nov/2024:08:21:24 +0600] "GET / HTTP/1.1" 404 705 "-" "Go-http-client/1.1"
205.210.31.92 - - [22/Nov/2024:09:16:54 +0600] "GET / HTTP/1.1" 404 705 "-" "Expanse, a Palo Alto Networks company, searches across the global IPv4 space multiple times per day to identify customers' presences on the Internet. If you would like to be excluded from our scans, please send IP addresses/domains to: scaninfo@paloaltonetworks.com"
149.62.45.24 - - [22/Nov/2024:09:34:44 +0600] "GET / HTTP/1.1" 404 705 "-" "Mozilla/5.0 (Windows NT 10.0; Win64; x64; rv:102.0) Gecko/20100101 Firefox/102.0"
149.62.45.24 - - [22/Nov/2024:09:34:44 +0600] "GET /favicon.ico HTTP/1.1" 404 705 "-" "Mozilla/5.0 (Windows NT 10.0; Win64; x64) AppleWebKit/537.36 (KHTML, like Gecko) Chrome/114.0.0.0 Safari/537.36"
118.121.205.107 - - [22/Nov/2024:09:55:24 +0600] "GET /stacks HTTP/1.1" 404 705 "-" "Mozilla/5.0 zgrab/0.x"
74.82.47.5 - - [22/Nov/2024:12:35:54 +0600] "GET / HTTP/1.1" 404 705 "-" "Mozilla/5.0 (X11; Ubuntu; Linux x86_64; rv:109.0) Gecko/20100101 Firefox/110.0"
74.82.47.5 - - [22/Nov/2024:12:36:07 +0600] "GET /favicon.ico HTTP/1.1" 404 705 "-" "Mozilla/5.0 (Windows NT 10.0; Win64; x64) AppleWebKit/537.36 (KHTML, like Gecko) Chrome/109.0.0.0 Safari/537.36"
113.200.98.17 - - [22/Nov/2024:15:01:15 +0600] "GET /stacks HTTP/1.1" 404 705 "-" "Mozilla/5.0 zgrab/0.x"
194.50.16.198 - - [22/Nov/2024:16:35:05 +0600] "POST /apply.cgi HTTP/1.1" 404 705 "http://139.59.127.108:8088/apply.cgi" "Mozilla/5.0 (Windows NT 10.0; Win64; x64) AppleWebKit/537.36 (KHTML, like Gecko) Chrome/129.0.6668.71 Safari/537.36"
220.248.173.137 - - [22/Nov/2024:18:23:06 +0600] "GET /stacks HTTP/1.1" 404 705 "-" "Mozilla/5.0 zgrab/0.x"
194.50.16.198 - - [22/Nov/2024:18:47:23 +0600] "GET / HTTP/1.0" 404 705 "-" "Mozilla/5.0 (X11; Ubuntu; Linux x86_64; rv:71.0) Gecko/20100101 Firefox/71.0"
194.50.16.198 - - [22/Nov/2024:18:47:23 +0600] "POST /apply.cgi HTTP/1.1" 404 705 "http://139.59.127.108:8088/apply.cgi" "Mozilla/5.0 (Windows NT 10.0; Win64; x64) AppleWebKit/537.36 (KHTML, like Gecko) Chrome/96.0.4664.110 Safari/537.36"
141.98.11.175 - - [22/Nov/2024:18:48:51 +0600] "POST /ws/v1/cluster/apps/new-application HTTP/1.1" 404 705 "-" "Go-http-client/1.1"
152.32.199.20 - - [22/Nov/2024:19:53:01 +0600] "GET / HTTP/1.1" 404 1236 "-" "Mozilla/5.0 (Macintosh; Intel Mac OS X 10_15_7) AppleWebKit/537.36 (KHTML, like Gecko) Chrome/120.0.0.0 Safari/537.36 Edg/120.0.0.0"
152.32.199.20 - - [22/Nov/2024:19:53:07 +0600] "GET /favicon.ico HTTP/1.1" 404 705 "-" "Mozilla/5.0 (Macintosh; Intel Mac OS X 10_7_0) AppleWebKit/535.11 (KHTML, like Gecko) Chrome/17.0.963.56 Safari/535.11"
152.32.199.20 - - [22/Nov/2024:19:53:08 +0600] "GET /robots.txt HTTP/1.1" 404 705 "-" "Mozilla/5.0 (Macintosh; Intel Mac OS X 10_7_0) AppleWebKit/535.11 (KHTML, like Gecko) Chrome/17.0.963.56 Safari/535.11"
152.32.199.20 - - [22/Nov/2024:19:53:09 +0600] "GET /sitemap.xml HTTP/1.1" 404 705 "-" "Mozilla/5.0 (Macintosh; Intel Mac OS X 10_7_0) AppleWebKit/535.11 (KHTML, like Gecko) Chrome/17.0.963.56 Safari/535.11"
45.84.89.3 - - [22/Nov/2024:21:11:31 +0600] "GET / HTTP/1.1" 404 1236 "-" "Mozilla/6.0 (Windows NT 10.0; Win64; x64) AppleWebKit/537.36 (KHTML, like Gecko) Chrome/127.0.0.0 Safari/537.36 Inspici (www.inspici.com)"
42.192.210.147 - - [22/Nov/2024:22:04:25 +0600] "GET /stacks HTTP/1.1" 404 705 "-" "Mozilla/5.0 zgrab/0.x"
141.98.11.175 - - [22/Nov/2024:22:49:02 +0600] "POST /ws/v1/cluster/apps/new-application HTTP/1.1" 404 705 "-" "Go-http-client/1.1"
154.213.187.208 - - [22/Nov/2024:23:11:15 +0600] "POST /ws/v1/cluster/apps/new-application HTTP/1.1" 404 705 "-" "python-requests/2.22.0"
141.98.11.175 - - [22/Nov/2024:23:47:36 +0600] "POST /ws/v1/cluster/apps/new-application HTTP/1.1" 404 705 "-" "Go-http-client/1.1"
162.142.125.222 - - [22/Nov/2024:23:48:33 +0600] "GET / HTTP/1.1" 404 1236 "-" "-"
162.142.125.222 - - [22/Nov/2024:23:48:36 +0600] "GET / HTTP/1.1" 404 705 "-" "Mozilla/5.0 (compatible; CensysInspect/1.1; +https://about.censys.io/)"
117.187.117.6 - - [22/Nov/2024:23:50:21 +0600] "GET /stacks HTTP/1.1" 404 705 "-" "Mozilla/5.0 zgrab/0.x"
113.200.98.17 - - [23/Nov/2024:00:26:21 +0600] "GET /stacks HTTP/1.1" 404 705 "-" "Mozilla/5.0 zgrab/0.x"
154.213.187.208 - - [23/Nov/2024:00:58:54 +0600] "POST /ws/v1/cluster/apps/new-application HTTP/1.1" 404 705 "-" "python-requests/2.22.0"
141.98.11.175 - - [23/Nov/2024:01:26:47 +0600] "POST /ws/v1/cluster/apps/new-application HTTP/1.1" 404 705 "-" "Go-http-client/1.1"
154.213.187.20 - - [23/Nov/2024:01:39:43 +0600] "GET / HTTP/1.0" 404 705 "-" "Mozilla/5.0 (X11; Ubuntu; Linux x86_64; rv:71.0) Gecko/20100101 Firefox/71.0"
141.98.11.175 - - [23/Nov/2024:02:21:09 +0600] "POST /ws/v1/cluster/apps/new-application HTTP/1.1" 404 705 "-" "Go-http-client/1.1"
154.213.187.208 - - [23/Nov/2024:02:46:38 +0600] "POST /ws/v1/cluster/apps/new-application HTTP/1.1" 404 705 "-" "python-requests/2.22.0"
141.98.11.175 - - [23/Nov/2024:03:21:05 +0600] "POST /ws/v1/cluster/apps/new-application HTTP/1.1" 404 705 "-" "Go-http-client/1.1"
141.98.11.175 - - [23/Nov/2024:03:55:57 +0600] "POST /ws/v1/cluster/apps/new-application HTTP/1.1" 404 705 "-" "Go-http-client/1.1"
141.98.11.175 - - [23/Nov/2024:04:56:17 +0600] "POST /ws/v1/cluster/apps/new-application HTTP/1.1" 404 705 "-" "Go-http-client/1.1"
141.98.11.175 - - [23/Nov/2024:05:45:19 +0600] "POST /ws/v1/cluster/apps/new-application HTTP/1.1" 404 705 "-" "Go-http-client/1.1"
205.210.31.170 - - [23/Nov/2024:06:11:50 +0600] "GET / HTTP/1.0" 404 1236 "-" "Expanse, a Palo Alto Networks company, searches across the global IPv4 space multiple times per day to identify customers' presences on the Internet. If you would like to be excluded from our scans, please send IP addresses/domains to: scaninfo@paloaltonetworks.com"
141.98.11.175 - - [23/Nov/2024:06:36:24 +0600] "POST /ws/v1/cluster/apps/new-application HTTP/1.1" 404 705 "-" "Go-http-client/1.1"
140.238.153.39 - - [23/Nov/2024:07:08:36 +0600] "GET /stacks HTTP/1.1" 404 705 "-" "Mozilla/5.0 zgrab/0.x"
141.98.11.175 - - [23/Nov/2024:07:27:11 +0600] "POST /ws/v1/cluster/apps/new-application HTTP/1.1" 404 705 "-" "Go-http-client/1.1"
116.147.37.17 - - [23/Nov/2024:07:31:24 +0600] "GET /stacks HTTP/1.1" 404 705 "-" "Mozilla/5.0 zgrab/0.x"
141.98.11.175 - - [23/Nov/2024:08:26:08 +0600] "POST /ws/v1/cluster/apps/new-application HTTP/1.1" 404 705 "-" "Go-http-client/1.1"
101.91.148.86 - - [23/Nov/2024:08:31:08 +0600] "GET /stacks HTTP/1.1" 404 705 "-" "Mozilla/5.0 zgrab/0.x"
185.191.126.248 - - [23/Nov/2024:08:49:33 +0600] "GET / HTTP/1.1" 404 1236 "-" "-"
