141.98.11.55 - - [19/Jun/2024:11:14:40 +0600] "POST /ws/v1/cluster/apps/new-application HTTP/1.1" 404 705 "-" "Go-http-client/1.1"
154.212.141.190 - - [19/Jun/2024:11:25:14 +0600] "GET / HTTP/1.1" 404 1236 "-" "-"
141.98.11.55 - - [19/Jun/2024:11:31:10 +0600] "POST /ws/v1/cluster/apps/new-application HTTP/1.1" 404 705 "-" "Go-http-client/1.1"
64.62.156.100 - - [19/Jun/2024:11:42:52 +0600] "GET / HTTP/1.1" 404 705 "-" "Mozilla/5.0 (X11; Linux x86_64) Gecko/20060609 Firefox/123.0esr"
64.62.156.94 - - [19/Jun/2024:11:43:01 +0600] "GET /favicon.ico HTTP/1.1" 404 705 "-" "Mozilla/5.0 (Macintosh; Intel Mac OS X 10_9_3) AppleWebKit/537.75.14 (KHTML, like Gecko) Version/7.0.3 Safari/7046A194A"
1.14.250.37 - - [19/Jun/2024:12:10:32 +0600] "GET /stacks HTTP/1.1" 404 705 "-" "Mozilla/5.0 zgrab/0.x"
141.98.11.55 - - [19/Jun/2024:12:35:03 +0600] "POST /ws/v1/cluster/apps/new-application HTTP/1.1" 404 705 "-" "Go-http-client/1.1"
118.26.39.50 - - [19/Jun/2024:12:49:08 +0600] "GET / HTTP/1.1" 404 1236 "-" "Mozilla/5.0 (Windows NT 6.1) AppleWebKit/537.36 (KHTML, like Gecko) Chrome/49.0.2623.112 Safari/537.36"
118.26.39.50 - - [19/Jun/2024:12:49:08 +0600] "GET /favicon.ico HTTP/1.1" 404 1236 "-" "Mozilla/5.0 (Windows NT 6.1) AppleWebKit/537.36 (KHTML, like Gecko) Chrome/49.0.2623.112 Safari/537.36"
5.59.248.195 - - [19/Jun/2024:12:55:28 +0600] "POST /ws/v1/cluster/apps/new-application HTTP/1.1" 404 705 "-" "python-requests/2.22.0"
101.43.99.122 - - [19/Jun/2024:13:05:25 +0600] "GET /stacks HTTP/1.1" 404 705 "-" "Mozilla/5.0 zgrab/0.x"
42.192.210.147 - - [19/Jun/2024:13:28:24 +0600] "GET /stacks HTTP/1.1" 404 705 "-" "Mozilla/5.0 zgrab/0.x"
141.98.11.55 - - [19/Jun/2024:13:37:49 +0600] "POST /ws/v1/cluster/apps/new-application HTTP/1.1" 404 705 "-" "Go-http-client/1.1"
113.214.18.234 - - [19/Jun/2024:15:35:00 +0600] "GET /stacks HTTP/1.1" 404 705 "-" "Mozilla/5.0 zgrab/0.x"
71.6.134.235 - - [19/Jun/2024:17:05:39 +0600] "GET / HTTP/1.1" 404 705 "-" "Mozilla/5.0 (Windows NT 10.0; Win64; x64) AppleWebKit/537.36 (KHTML, like Gecko) Chrome/102.0.0.0 Safari/537.36"
71.6.134.235 - - [19/Jun/2024:17:06:08 +0600] "GET /favicon.ico HTTP/1.1" 404 1236 "-" "Mozilla/5.0 (Windows NT 10.0; Win64; x64) AppleWebKit/537.36 (KHTML, like Gecko) Chrome/102.0.0.0 Safari/537.36"
167.94.145.101 - - [19/Jun/2024:18:16:06 +0600] "GET / HTTP/1.1" 404 1236 "-" "-"
167.94.145.101 - - [19/Jun/2024:18:16:09 +0600] "GET / HTTP/1.1" 404 705 "-" "Mozilla/5.0 (compatible; CensysInspect/1.1; +https://about.censys.io/)"
47.105.120.171 - - [19/Jun/2024:18:23:03 +0600] "GET / HTTP/1.0" 404 1236 "-" "-"
47.105.120.171 - - [19/Jun/2024:18:23:15 +0600] "OPTIONS / HTTP/1.0" 404 1236 "-" "-"
47.105.120.171 - - [19/Jun/2024:18:23:43 +0600] "GET /nice%20ports%2C/Tri%6Eity.txt%2ebak HTTP/1.0" 404 1236 "-" "-"
47.100.242.58 - - [19/Jun/2024:19:00:39 +0600] "GET /stacks HTTP/1.1" 404 705 "-" "Mozilla/5.0 zgrab/0.x"
141.98.11.55 - - [19/Jun/2024:19:08:24 +0600] "POST /ws/v1/cluster/apps/new-application HTTP/1.1" 404 705 "-" "Go-http-client/1.1"
124.156.231.245 - - [19/Jun/2024:19:46:10 +0600] "GET /stacks HTTP/1.1" 404 705 "-" "Mozilla/5.0 zgrab/0.x"
5.59.248.195 - - [19/Jun/2024:20:45:20 +0600] "POST /ws/v1/cluster/apps/new-application HTTP/1.1" 404 705 "-" "python-requests/2.22.0"
152.32.159.79 - - [19/Jun/2024:21:11:28 +0600] "GET / HTTP/1.1" 404 1236 "-" "Mozilla/5.0 (Macintosh; Intel Mac OS X 10_15_7) AppleWebKit/537.36 (KHTML, like Gecko) Chrome/120.0.0.0 Safari/537.36 Edg/120.0.0.0"
152.32.159.79 - - [19/Jun/2024:21:11:33 +0600] "GET /sitemap.xml HTTP/1.1" 404 705 "-" "Mozilla/5.0 (Macintosh; Intel Mac OS X 10_7_0) AppleWebKit/535.11 (KHTML, like Gecko) Chrome/17.0.963.56 Safari/535.11"
152.32.159.79 - - [19/Jun/2024:21:11:33 +0600] "GET /favicon.ico HTTP/1.1" 404 705 "-" "Mozilla/5.0 (Macintosh; Intel Mac OS X 10_7_0) AppleWebKit/535.11 (KHTML, like Gecko) Chrome/17.0.963.56 Safari/535.11"
152.32.159.79 - - [19/Jun/2024:21:11:33 +0600] "GET /robots.txt HTTP/1.1" 404 705 "-" "Mozilla/5.0 (Macintosh; Intel Mac OS X 10_7_0) AppleWebKit/535.11 (KHTML, like Gecko) Chrome/17.0.963.56 Safari/535.11"
207.154.255.215 - - [19/Jun/2024:22:55:55 +0600] "GET / HTTP/1.1" 404 705 "-" "Mozilla/5.0 (Windows NT 10.0; Win64; x64) AppleWebKit/537.36 (KHTML, like Gecko) Chrome/68.0.3440.106 Safari/537.36"
207.154.255.215 - - [19/Jun/2024:22:55:55 +0600] "GET /favicon.ico HTTP/1.1" 404 705 "-" "Mozilla/5.0 (Windows NT 10.0; Win64; x64) AppleWebKit/537.36 (KHTML, like Gecko) Chrome/68.0.3440.106 Safari/537.36"
207.154.255.215 - - [19/Jun/2024:22:55:55 +0600] "GET /HNAP1 HTTP/1.1" 404 705 "http://139.59.127.108:8088/" "Mozilla/5.0 (Windows NT 10.0; Win64; x64) AppleWebKit/537.36 (KHTML, like Gecko) Chrome/78.0.3904.108 Safari/537.36"
207.154.255.215 - - [19/Jun/2024:22:55:56 +0600] "POST /onvif/device_service HTTP/1.1" 404 705 "http://139.59.127.108:8088/" "Mozilla/5.0 (Windows NT 10.0; Win64; x64) AppleWebKit/537.36 (KHTML, like Gecko) Chrome/78.0.3904.108 Safari/537.36"
207.154.255.215 - - [19/Jun/2024:22:55:56 +0600] "GET /PSIA/index HTTP/1.1" 404 705 "http://139.59.127.108:8088/" "Mozilla/5.0 (Windows NT 10.0; Win64; x64) AppleWebKit/537.36 (KHTML, like Gecko) Chrome/78.0.3904.108 Safari/537.36"
141.98.11.55 - - [19/Jun/2024:23:20:16 +0600] "POST /ws/v1/cluster/apps/new-application HTTP/1.1" 404 705 "-" "Go-http-client/1.1"
114.217.30.210 - - [19/Jun/2024:23:45:51 +0600] "GET /stacks HTTP/1.1" 404 705 "-" "Mozilla/5.0 zgrab/0.x"
47.93.56.107 - - [20/Jun/2024:00:00:54 +0600] "GET /stacks HTTP/1.1" 404 705 "-" "Mozilla/5.0 zgrab/0.x"
5.59.248.211 - - [20/Jun/2024:01:36:28 +0600] "POST /ws/v1/cluster/apps/new-application HTTP/1.1" 404 705 "-" "python-requests/2.22.0"
185.191.126.213 - - [20/Jun/2024:01:41:36 +0600] "GET / HTTP/1.1" 404 1236 "-" "-"
123.207.35.85 - - [20/Jun/2024:02:12:41 +0600] "GET /stacks HTTP/1.1" 404 705 "-" "Mozilla/5.0 zgrab/0.x"
5.59.248.211 - - [20/Jun/2024:04:00:10 +0600] "POST /ws/v1/cluster/apps/new-application HTTP/1.1" 404 705 "-" "python-requests/2.22.0"
141.98.11.55 - - [20/Jun/2024:05:24:44 +0600] "POST /ws/v1/cluster/apps/new-application HTTP/1.1" 404 705 "-" "Go-http-client/1.1"
140.238.153.39 - - [20/Jun/2024:06:10:10 +0600] "GET /stacks HTTP/1.1" 404 705 "-" "Mozilla/5.0 zgrab/0.x"
147.185.132.55 - - [20/Jun/2024:06:12:07 +0600] "GET / HTTP/1.1" 404 1236 "-" "Expanse, a Palo Alto Networks company, searches across the global IPv4 space multiple times per day to identify customers' presences on the Internet. If you would like to be excluded from our scans, please send IP addresses/domains to: scaninfo@paloaltonetworks.com"
141.98.11.55 - - [20/Jun/2024:06:12:24 +0600] "POST /ws/v1/cluster/apps/new-application HTTP/1.1" 404 705 "-" "Go-http-client/1.1"
5.59.248.195 - - [20/Jun/2024:06:17:13 +0600] "POST /ws/v1/cluster/apps/new-application HTTP/1.1" 404 705 "-" "python-requests/2.22.0"
39.106.18.244 - - [20/Jun/2024:06:26:52 +0600] "GET /stacks HTTP/1.1" 404 705 "-" "Mozilla/5.0 zgrab/0.x"
198.235.24.155 - - [20/Jun/2024:06:47:22 +0600] "GET / HTTP/1.0" 404 1236 "-" "Expanse, a Palo Alto Networks company, searches across the global IPv4 space multiple times per day to identify customers' presences on the Internet. If you would like to be excluded from our scans, please send IP addresses/domains to: scaninfo@paloaltonetworks.com"
5.59.248.195 - - [20/Jun/2024:06:52:59 +0600] "POST /ws/v1/cluster/apps/new-application HTTP/1.1" 404 705 "-" "python-requests/2.22.0"
141.98.11.55 - - [20/Jun/2024:07:14:36 +0600] "POST /ws/v1/cluster/apps/new-application HTTP/1.1" 404 705 "-" "Go-http-client/1.1"
141.98.11.55 - - [20/Jun/2024:07:35:00 +0600] "POST /ws/v1/cluster/apps/new-application HTTP/1.1" 404 705 "-" "Go-http-client/1.1"
39.104.134.58 - - [20/Jun/2024:07:49:51 +0600] "GET /stacks HTTP/1.1" 404 705 "-" "Mozilla/5.0 zgrab/0.x"
1.117.221.245 - - [20/Jun/2024:08:11:55 +0600] "GET /stacks HTTP/1.1" 404 705 "-" "Mozilla/5.0 zgrab/0.x"
141.98.11.55 - - [20/Jun/2024:08:45:51 +0600] "POST /ws/v1/cluster/apps/new-application HTTP/1.1" 404 705 "-" "Go-http-client/1.1"
141.98.11.55 - - [20/Jun/2024:09:16:07 +0600] "POST /ws/v1/cluster/apps/new-application HTTP/1.1" 404 705 "-" "Go-http-client/1.1"
141.98.11.55 - - [20/Jun/2024:09:48:25 +0600] "POST /ws/v1/cluster/apps/new-application HTTP/1.1" 404 705 "-" "Go-http-client/1.1"
42.193.181.194 - - [20/Jun/2024:09:49:07 +0600] "GET /stacks HTTP/1.1" 404 705 "-" "Mozilla/5.0 zgrab/0.x"
52.170.133.55 - - [20/Jun/2024:09:54:01 +0600] "GET /stacks HTTP/1.1" 404 705 "-" "Mozilla/5.0 zgrab/0.x"
39.108.251.77 - - [20/Jun/2024:10:21:08 +0600] "GET /stacks HTTP/1.1" 404 705 "-" "Mozilla/5.0 zgrab/0.x"
141.98.11.55 - - [20/Jun/2024:10:46:00 +0600] "POST /ws/v1/cluster/apps/new-application HTTP/1.1" 404 705 "-" "Go-http-client/1.1"
141.98.11.55 - - [20/Jun/2024:11:59:50 +0600] "POST /ws/v1/cluster/apps/new-application HTTP/1.1" 404 705 "-" "Go-http-client/1.1"
141.98.11.55 - - [20/Jun/2024:12:22:11 +0600] "POST /ws/v1/cluster/apps/new-application HTTP/1.1" 404 705 "-" "Go-http-client/1.1"
152.136.103.217 - - [20/Jun/2024:12:27:49 +0600] "GET /stacks HTTP/1.1" 404 705 "-" "Mozilla/5.0 zgrab/0.x"
141.98.11.55 - - [20/Jun/2024:13:04:21 +0600] "POST /ws/v1/cluster/apps/new-application HTTP/1.1" 404 705 "-" "Go-http-client/1.1"
47.104.197.192 - - [20/Jun/2024:13:12:49 +0600] "GET / HTTP/1.0" 404 1236 "-" "-"
47.104.197.192 - - [20/Jun/2024:13:13:01 +0600] "OPTIONS / HTTP/1.0" 404 1236 "-" "-"
47.104.197.192 - - [20/Jun/2024:13:13:30 +0600] "GET /nice%20ports%2C/Tri%6Eity.txt%2ebak HTTP/1.0" 404 1236 "-" "-"
47.104.197.192 - - [20/Jun/2024:13:14:29 +0600] "GET /robots.txt HTTP/1.1" 404 1236 "-" "Mozilla/5.0 (compatible; Nmap Scripting Engine; http://nmap.org/book/nse.html)"
47.104.197.192 - - [20/Jun/2024:13:14:29 +0600] "GET / HTTP/1.1" 404 1236 "-" "Mozilla/5.0 (compatible; Nmap Scripting Engine; http://nmap.org/book/nse.html)"
47.104.197.192 - - [20/Jun/2024:13:14:29 +0600] "GET /.git/HEAD HTTP/1.1" 404 1236 "-" "Mozilla/5.0 (compatible; Nmap Scripting Engine; http://nmap.org/book/nse.html)"
47.104.197.192 - - [20/Jun/2024:13:14:29 +0600] "OPTIONS / HTTP/1.1" 404 1236 "-" "Mozilla/5.0 (compatible; Nmap Scripting Engine; http://nmap.org/book/nse.html)"
47.104.197.192 - - [20/Jun/2024:13:14:31 +0600] "OPTIONS / HTTP/1.1" 404 1236 "-" "Mozilla/5.0 (compatible; Nmap Scripting Engine; http://nmap.org/book/nse.html)"
47.104.197.192 - - [20/Jun/2024:13:14:31 +0600] "OPTIONS / HTTP/1.1" 404 1236 "-" "Mozilla/5.0 (compatible; Nmap Scripting Engine; http://nmap.org/book/nse.html)"
47.104.197.192 - - [20/Jun/2024:13:14:31 +0600] "GET / HTTP/1.1" 404 1236 "-" "Mozilla/5.0 (compatible; Nmap Scripting Engine; http://nmap.org/book/nse.html)"
47.104.197.192 - - [20/Jun/2024:13:14:31 +0600] "GET /favicon.ico HTTP/1.1" 404 1236 "-" "Mozilla/5.0 (compatible; Nmap Scripting Engine; http://nmap.org/book/nse.html)"
47.104.197.192 - - [20/Jun/2024:13:14:32 +0600] "OPTIONS / HTTP/1.1" 404 1236 "-" "Mozilla/5.0 (compatible; Nmap Scripting Engine; http://nmap.org/book/nse.html)"
47.104.197.192 - - [20/Jun/2024:13:14:32 +0600] "OPTIONS / HTTP/1.1" 404 1236 "-" "Mozilla/5.0 (compatible; Nmap Scripting Engine; http://nmap.org/book/nse.html)"
47.104.197.192 - - [20/Jun/2024:13:14:33 +0600] "OPTIONS / HTTP/1.1" 404 1236 "-" "Mozilla/5.0 (compatible; Nmap Scripting Engine; http://nmap.org/book/nse.html)"
47.104.197.192 - - [20/Jun/2024:13:14:33 +0600] "OPTIONS / HTTP/1.1" 404 1236 "-" "Mozilla/5.0 (compatible; Nmap Scripting Engine; http://nmap.org/book/nse.html)"
47.104.197.192 - - [20/Jun/2024:13:14:33 +0600] "OPTIONS / HTTP/1.1" 404 1236 "-" "Mozilla/5.0 (compatible; Nmap Scripting Engine; http://nmap.org/book/nse.html)"
47.104.197.192 - - [20/Jun/2024:13:14:34 +0600] "OPTIONS / HTTP/1.1" 404 1236 "-" "Mozilla/5.0 (compatible; Nmap Scripting Engine; http://nmap.org/book/nse.html)"
47.104.197.192 - - [20/Jun/2024:13:14:34 +0600] "OPTIONS / HTTP/1.1" 404 1236 "-" "Mozilla/5.0 (compatible; Nmap Scripting Engine; http://nmap.org/book/nse.html)"
5.59.248.195 - - [20/Jun/2024:13:31:56 +0600] "POST /ws/v1/cluster/apps/new-application HTTP/1.1" 404 705 "-" "python-requests/2.22.0"
141.98.11.55 - - [20/Jun/2024:13:50:56 +0600] "POST /ws/v1/cluster/apps/new-application HTTP/1.1" 404 705 "-" "Go-http-client/1.1"
5.59.248.211 - - [20/Jun/2024:14:04:22 +0600] "POST /ws/v1/cluster/apps/new-application HTTP/1.1" 404 705 "-" "python-requests/2.22.0"
65.49.20.67 - - [20/Jun/2024:14:22:59 +0600] "GET / HTTP/1.1" 404 705 "-" "Mozilla/5.0 (Windows NT 10.0; Win64; x64) AppleWebKit/537.36 (KHTML, like Gecko) Chrome/122.0.0.0 Iron Safari/537.36"
65.49.20.67 - - [20/Jun/2024:14:23:09 +0600] "GET /favicon.ico HTTP/1.1" 404 705 "-" "Mozilla/5.0 (Macintosh; Intel Mac OS X 10_15_7) AppleWebKit/537.36 (KHTML, like Gecko) Chrome/108.0.0.0 Safari/537.36"
39.106.18.244 - - [20/Jun/2024:14:42:53 +0600] "GET /stacks HTTP/1.1" 404 705 "-" "Mozilla/5.0 zgrab/0.x"
141.98.11.55 - - [20/Jun/2024:14:54:15 +0600] "POST /ws/v1/cluster/apps/new-application HTTP/1.1" 404 705 "-" "Go-http-client/1.1"
113.200.98.17 - - [20/Jun/2024:15:15:45 +0600] "GET /stacks HTTP/1.1" 404 705 "-" "Mozilla/5.0 zgrab/0.x"
141.98.11.55 - - [20/Jun/2024:15:29:32 +0600] "POST /ws/v1/cluster/apps/new-application HTTP/1.1" 404 705 "-" "Go-http-client/1.1"
141.98.11.55 - - [20/Jun/2024:16:35:26 +0600] "POST /ws/v1/cluster/apps/new-application HTTP/1.1" 404 705 "-" "Go-http-client/1.1"
185.191.126.213 - - [20/Jun/2024:16:53:04 +0600] "GET / HTTP/1.1" 404 1236 "-" "-"
141.98.11.55 - - [20/Jun/2024:16:59:02 +0600] "POST /ws/v1/cluster/apps/new-application HTTP/1.1" 404 705 "-" "Go-http-client/1.1"
141.98.11.55 - - [20/Jun/2024:18:03:33 +0600] "POST /ws/v1/cluster/apps/new-application HTTP/1.1" 404 705 "-" "Go-http-client/1.1"
141.98.11.55 - - [20/Jun/2024:18:34:58 +0600] "POST /ws/v1/cluster/apps/new-application HTTP/1.1" 404 705 "-" "Go-http-client/1.1"
116.147.37.17 - - [20/Jun/2024:18:50:02 +0600] "GET /stacks HTTP/1.1" 404 705 "-" "Mozilla/5.0 zgrab/0.x"
5.59.248.195 - - [20/Jun/2024:19:14:34 +0600] "POST /ws/v1/cluster/apps/new-application HTTP/1.1" 404 705 "-" "python-requests/2.22.0"
141.98.11.55 - - [20/Jun/2024:19:35:52 +0600] "POST /ws/v1/cluster/apps/new-application HTTP/1.1" 404 705 "-" "Go-http-client/1.1"
141.98.11.55 - - [20/Jun/2024:19:53:34 +0600] "POST /ws/v1/cluster/apps/new-application HTTP/1.1" 404 705 "-" "Go-http-client/1.1"
140.238.153.39 - - [20/Jun/2024:21:04:41 +0600] "GET /stacks HTTP/1.1" 404 705 "-" "Mozilla/5.0 zgrab/0.x"
141.98.11.55 - - [20/Jun/2024:21:12:01 +0600] "POST /ws/v1/cluster/apps/new-application HTTP/1.1" 404 705 "-" "Go-http-client/1.1"
141.98.11.189 - - [20/Jun/2024:21:25:34 +0600] "GET / HTTP/1.1" 404 705 "-" "Mozilla/5.0 zgrab/0.x"
141.98.11.55 - - [20/Jun/2024:21:35:32 +0600] "POST /ws/v1/cluster/apps/new-application HTTP/1.1" 404 705 "-" "Go-http-client/1.1"
141.98.11.55 - - [20/Jun/2024:22:08:43 +0600] "POST /ws/v1/cluster/apps/new-application HTTP/1.1" 404 705 "-" "Go-http-client/1.1"
5.59.248.211 - - [20/Jun/2024:22:47:20 +0600] "POST /ws/v1/cluster/apps/new-application HTTP/1.1" 404 705 "-" "python-requests/2.22.0"
122.2.21.252 - - [20/Jun/2024:23:25:09 +0600] "GET /stacks HTTP/1.1" 404 705 "-" "Mozilla/5.0 zgrab/0.x"
141.98.11.55 - - [20/Jun/2024:23:30:46 +0600] "POST /ws/v1/cluster/apps/new-application HTTP/1.1" 404 705 "-" "Go-http-client/1.1"
141.98.11.55 - - [20/Jun/2024:23:37:48 +0600] "POST /ws/v1/cluster/apps/new-application HTTP/1.1" 404 705 "-" "Go-http-client/1.1"
141.98.11.55 - - [21/Jun/2024:00:58:58 +0600] "POST /ws/v1/cluster/apps/new-application HTTP/1.1" 404 705 "-" "Go-http-client/1.1"
141.98.11.55 - - [21/Jun/2024:01:41:57 +0600] "POST /ws/v1/cluster/apps/new-application HTTP/1.1" 404 705 "-" "Go-http-client/1.1"
167.94.145.101 - - [21/Jun/2024:01:49:28 +0600] "GET / HTTP/1.1" 404 1236 "-" "-"
167.94.145.101 - - [21/Jun/2024:01:49:32 +0600] "GET / HTTP/1.1" 404 705 "-" "Mozilla/5.0 (compatible; CensysInspect/1.1; +https://about.censys.io/)"
87.236.176.73 - - [21/Jun/2024:01:50:26 +0600] "GET / HTTP/1.1" 404 705 "-" "Mozilla/5.0 (compatible; InternetMeasurement/1.0; +https://internet-measurement.com/)"
167.94.138.45 - - [21/Jun/2024:01:56:29 +0600] "GET / HTTP/1.1" 404 1236 "-" "-"
167.94.138.45 - - [21/Jun/2024:01:56:33 +0600] "GET / HTTP/1.1" 404 705 "-" "Mozilla/5.0 (compatible; CensysInspect/1.1; +https://about.censys.io/)"
134.209.237.64 - - [21/Jun/2024:02:22:33 +0600] "GET /v2/_catalog HTTP/1.1" 404 1236 "-" "Go-http-client/1.1"
141.98.11.55 - - [21/Jun/2024:02:29:46 +0600] "POST /ws/v1/cluster/apps/new-application HTTP/1.1" 404 705 "-" "Go-http-client/1.1"
5.59.248.195 - - [21/Jun/2024:03:02:06 +0600] "POST /ws/v1/cluster/apps/new-application HTTP/1.1" 404 705 "-" "python-requests/2.22.0"
221.130.29.85 - - [21/Jun/2024:03:05:23 +0600] "GET /stacks HTTP/1.1" 404 705 "-" "Mozilla/5.0 zgrab/0.x"
199.45.154.122 - - [21/Jun/2024:03:07:26 +0600] "GET / HTTP/1.1" 404 1236 "-" "-"
199.45.154.122 - - [21/Jun/2024:03:07:31 +0600] "GET / HTTP/1.1" 404 705 "-" "Mozilla/5.0 (compatible; CensysInspect/1.1; +https://about.censys.io/)"
141.98.11.55 - - [21/Jun/2024:03:10:30 +0600] "POST /ws/v1/cluster/apps/new-application HTTP/1.1" 404 705 "-" "Go-http-client/1.1"
141.98.11.55 - - [21/Jun/2024:03:40:12 +0600] "POST /ws/v1/cluster/apps/new-application HTTP/1.1" 404 705 "-" "Go-http-client/1.1"
117.187.117.6 - - [21/Jun/2024:04:33:08 +0600] "GET /stacks HTTP/1.1" 404 705 "-" "Mozilla/5.0 zgrab/0.x"
141.98.11.55 - - [21/Jun/2024:04:40:24 +0600] "POST /ws/v1/cluster/apps/new-application HTTP/1.1" 404 705 "-" "Go-http-client/1.1"
141.98.11.55 - - [21/Jun/2024:05:29:26 +0600] "POST /ws/v1/cluster/apps/new-application HTTP/1.1" 404 705 "-" "Go-http-client/1.1"
114.113.84.67 - - [21/Jun/2024:05:29:43 +0600] "GET /stacks HTTP/1.1" 404 705 "-" "Mozilla/5.0 zgrab/0.x"
117.187.117.6 - - [21/Jun/2024:06:18:45 +0600] "GET /stacks HTTP/1.1" 404 705 "-" "Mozilla/5.0 zgrab/0.x"
141.98.11.55 - - [21/Jun/2024:06:24:49 +0600] "POST /ws/v1/cluster/apps/new-application HTTP/1.1" 404 705 "-" "Go-http-client/1.1"
74.82.47.5 - - [21/Jun/2024:06:26:32 +0600] "GET / HTTP/1.1" 404 705 "-" "Mozilla/5.0 (Windows NT 6.1; Win64; x64) AppleWebKit/537.36 (KHTML, like Gecko) Chrome/109.0.0.0 Safari/537.36"
74.82.47.5 - - [21/Jun/2024:06:26:49 +0600] "GET /favicon.ico HTTP/1.1" 404 705 "-" "Mozilla/5.0 (Windows NT 10.0; rv:109.0) Gecko/20100101 Firefox/115.0"
112.2.5.116 - - [21/Jun/2024:06:30:20 +0600] "GET /stacks HTTP/1.1" 404 705 "-" "Mozilla/5.0 zgrab/0.x"
205.210.31.94 - - [21/Jun/2024:06:58:16 +0600] "GET / HTTP/1.0" 404 1236 "-" "Expanse, a Palo Alto Networks company, searches across the global IPv4 space multiple times per day to identify customers' presences on the Internet. If you would like to be excluded from our scans, please send IP addresses/domains to: scaninfo@paloaltonetworks.com"
141.98.11.55 - - [21/Jun/2024:07:26:51 +0600] "POST /ws/v1/cluster/apps/new-application HTTP/1.1" 404 705 "-" "Go-http-client/1.1"
141.98.11.55 - - [21/Jun/2024:08:14:10 +0600] "POST /ws/v1/cluster/apps/new-application HTTP/1.1" 404 705 "-" "Go-http-client/1.1"
5.59.248.211 - - [21/Jun/2024:08:24:17 +0600] "POST /ws/v1/cluster/apps/new-application HTTP/1.1" 404 705 "-" "python-requests/2.22.0"
141.98.11.55 - - [21/Jun/2024:08:39:47 +0600] "POST /ws/v1/cluster/apps/new-application HTTP/1.1" 404 705 "-" "Go-http-client/1.1"
205.210.31.37 - - [21/Jun/2024:09:09:21 +0600] "GET / HTTP/1.1" 404 1236 "-" "Expanse, a Palo Alto Networks company, searches across the global IPv4 space multiple times per day to identify customers' presences on the Internet. If you would like to be excluded from our scans, please send IP addresses/domains to: scaninfo@paloaltonetworks.com"
141.98.11.55 - - [21/Jun/2024:09:09:48 +0600] "POST /ws/v1/cluster/apps/new-application HTTP/1.1" 404 705 "-" "Go-http-client/1.1"
101.91.148.86 - - [21/Jun/2024:09:49:55 +0600] "GET /stacks HTTP/1.1" 404 705 "-" "Mozilla/5.0 zgrab/0.x"
141.98.11.55 - - [21/Jun/2024:09:52:38 +0600] "POST /ws/v1/cluster/apps/new-application HTTP/1.1" 404 705 "-" "Go-http-client/1.1"
124.221.25.145 - - [21/Jun/2024:10:47:39 +0600] "GET /stacks HTTP/1.1" 404 705 "-" "Mozilla/5.0 zgrab/0.x"
141.98.11.55 - - [21/Jun/2024:11:00:59 +0600] "POST /ws/v1/cluster/apps/new-application HTTP/1.1" 404 705 "-" "Go-http-client/1.1"
141.98.11.55 - - [21/Jun/2024:11:38:02 +0600] "POST /ws/v1/cluster/apps/new-application HTTP/1.1" 404 705 "-" "Go-http-client/1.1"
113.200.98.17 - - [21/Jun/2024:11:47:16 +0600] "GET /stacks HTTP/1.1" 404 705 "-" "Mozilla/5.0 zgrab/0.x"
45.61.184.25 - - [21/Jun/2024:12:03:00 +0600] "POST /ws/v1/cluster/apps/new-application HTTP/1.1" 404 705 "-" "python-requests/2.27.1"
45.61.184.25 - - [21/Jun/2024:12:17:10 +0600] "POST /ws/v1/cluster/apps/new-application HTTP/1.1" 404 705 "-" "python-requests/2.27.1"
141.98.11.55 - - [21/Jun/2024:12:38:08 +0600] "POST /ws/v1/cluster/apps/new-application HTTP/1.1" 404 705 "-" "Go-http-client/1.1"
220.248.173.137 - - [21/Jun/2024:13:04:47 +0600] "GET /stacks HTTP/1.1" 404 705 "-" "Mozilla/5.0 zgrab/0.x"
141.98.11.55 - - [21/Jun/2024:13:22:29 +0600] "POST /ws/v1/cluster/apps/new-application HTTP/1.1" 404 705 "-" "Go-http-client/1.1"
45.61.184.25 - - [21/Jun/2024:13:23:21 +0600] "POST /ws/v1/cluster/apps/new-application HTTP/1.1" 404 705 "-" "python-requests/2.27.1"
45.61.184.25 - - [21/Jun/2024:13:37:36 +0600] "POST /ws/v1/cluster/apps/new-application HTTP/1.1" 404 705 "-" "python-requests/2.27.1"
39.99.227.210 - - [21/Jun/2024:13:47:47 +0600] "GET /stacks HTTP/1.1" 404 705 "-" "Mozilla/5.0 zgrab/0.x"
141.98.11.55 - - [21/Jun/2024:13:57:01 +0600] "POST /ws/v1/cluster/apps/new-application HTTP/1.1" 404 705 "-" "Go-http-client/1.1"
141.98.11.55 - - [21/Jun/2024:15:05:13 +0600] "POST /ws/v1/cluster/apps/new-application HTTP/1.1" 404 705 "-" "Go-http-client/1.1"
139.162.7.59 - - [21/Jun/2024:15:15:20 +0600] "GET / HTTP/1.0" 404 1236 "-" "-"
139.162.7.59 - - [21/Jun/2024:15:15:30 +0600] "OPTIONS / HTTP/1.0" 404 1236 "-" "-"
139.162.7.59 - - [21/Jun/2024:15:15:56 +0600] "GET / HTTP/1.1" 404 1236 "-" "curl/7.54.0"
139.162.7.59 - - [21/Jun/2024:15:15:57 +0600] "GET /Portal0000.htm HTTP/1.1" 404 1236 "-" "curl/7.54.0"
139.162.7.59 - - [21/Jun/2024:15:15:57 +0600] "GET /__Additional HTTP/1.1" 404 1236 "-" "curl/7.54.0"
139.162.7.59 - - [21/Jun/2024:15:15:57 +0600] "GET /?=PHPE9568F36-D428-11d2-A769-00AA001ACF42 HTTP/1.1" 404 1236 "-" "curl/7.54.0"
139.162.7.59 - - [21/Jun/2024:15:15:58 +0600] "GET /?=PHPB8B5F2A0-3C92-11d3-A3A9-4C7B08C10000 HTTP/1.1" 404 1236 "-" "curl/7.54.0"
139.162.7.59 - - [21/Jun/2024:15:15:59 +0600] "GET /CSS/Miniweb.css HTTP/1.1" 404 1236 "-" "curl/7.54.0"
139.162.7.59 - - [21/Jun/2024:15:16:00 +0600] "GET /nmaplowercheck1718961356 HTTP/1.1" 404 1236 "-" "curl/7.54.0"
139.162.7.59 - - [21/Jun/2024:15:16:00 +0600] "GET /HNAP1 HTTP/1.1" 404 1236 "-" "curl/7.54.0"
139.162.7.59 - - [21/Jun/2024:15:16:00 +0600] "GET /kEAk HTTP/1.1" 404 1236 "-" "curl/7.54.0"
139.162.7.59 - - [21/Jun/2024:15:16:02 +0600] "GET /server-status HTTP/1.1" 404 1236 "-" "curl/7.54.0"
139.162.7.59 - - [21/Jun/2024:15:16:05 +0600] "GET /index.cfm HTTP/1.1" 404 1236 "-" "curl/7.54.0"
139.162.7.59 - - [21/Jun/2024:15:16:05 +0600] "GET /default.pl HTTP/1.1" 404 1236 "-" "curl/7.54.0"
139.162.7.59 - - [21/Jun/2024:15:16:05 +0600] "GET /localstart.jsa HTTP/1.1" 404 1236 "-" "curl/7.54.0"
139.162.7.59 - - [21/Jun/2024:15:16:06 +0600] "GET /localstart.shtml HTTP/1.1" 404 1236 "-" "curl/7.54.0"
139.162.7.59 - - [21/Jun/2024:15:16:06 +0600] "GET /menu.html HTTP/1.1" 404 1236 "-" "curl/7.54.0"
139.162.7.59 - - [21/Jun/2024:15:16:06 +0600] "GET /admin.php HTTP/1.1" 404 1236 "-" "curl/7.54.0"
139.162.7.59 - - [21/Jun/2024:15:16:06 +0600] "GET /default.cfm HTTP/1.1" 404 1236 "-" "curl/7.54.0"
139.162.7.59 - - [21/Jun/2024:15:16:06 +0600] "GET /base.php HTTP/1.1" 404 1236 "-" "curl/7.54.0"
139.162.7.59 - - [21/Jun/2024:15:16:06 +0600] "GET /robots.txt HTTP/1.1" 404 1236 "-" "curl/7.54.0"
139.162.7.59 - - [21/Jun/2024:15:16:07 +0600] "GET /inicio.jsa HTTP/1.1" 404 1236 "-" "curl/7.54.0"
139.162.7.59 - - [21/Jun/2024:15:16:07 +0600] "GET /main.asp HTTP/1.1" 404 1236 "-" "curl/7.54.0"
139.162.7.59 - - [21/Jun/2024:15:16:07 +0600] "GET /admin.asp HTTP/1.1" 404 1236 "-" "curl/7.54.0"
139.162.7.59 - - [21/Jun/2024:15:16:07 +0600] "GET /menu.cgi HTTP/1.1" 404 1236 "-" "curl/7.54.0"
139.162.7.59 - - [21/Jun/2024:15:16:07 +0600] "GET /default.cgi HTTP/1.1" 404 1236 "-" "curl/7.54.0"
139.162.7.59 - - [21/Jun/2024:15:16:07 +0600] "GET /base.aspx HTTP/1.1" 404 1236 "-" "curl/7.54.0"
139.162.7.59 - - [21/Jun/2024:15:16:08 +0600] "GET /menu.shtml HTTP/1.1" 404 1236 "-" "curl/7.54.0"
139.162.7.59 - - [21/Jun/2024:15:16:08 +0600] "GET /default.jsp HTTP/1.1" 404 1236 "-" "curl/7.54.0"
139.162.7.59 - - [21/Jun/2024:15:16:08 +0600] "GET /inicio.aspx HTTP/1.1" 404 1236 "-" "curl/7.54.0"
139.162.7.59 - - [21/Jun/2024:15:16:08 +0600] "GET /main.html HTTP/1.1" 404 1236 "-" "curl/7.54.0"
139.162.7.59 - - [21/Jun/2024:15:16:08 +0600] "GET /main.aspx HTTP/1.1" 404 1236 "-" "curl/7.54.0"
139.162.7.59 - - [21/Jun/2024:15:16:09 +0600] "GET /start.html HTTP/1.1" 404 1236 "-" "curl/7.54.0"
139.162.7.59 - - [21/Jun/2024:15:16:09 +0600] "GET /admin.pl HTTP/1.1" 404 1236 "-" "curl/7.54.0"
139.162.7.59 - - [21/Jun/2024:15:16:09 +0600] "GET /menu.asp HTTP/1.1" 404 1236 "-" "curl/7.54.0"
139.162.7.59 - - [21/Jun/2024:15:16:09 +0600] "GET /admin.aspx HTTP/1.1" 404 1236 "-" "curl/7.54.0"
139.162.7.59 - - [21/Jun/2024:15:16:09 +0600] "GET /home.cfm HTTP/1.1" 404 1236 "-" "curl/7.54.0"
139.162.7.59 - - [21/Jun/2024:15:16:09 +0600] "GET /base.pl HTTP/1.1" 404 1236 "-" "curl/7.54.0"
139.162.7.59 - - [21/Jun/2024:15:16:10 +0600] "GET /inicio.cfm HTTP/1.1" 404 1236 "-" "curl/7.54.0"
139.162.7.59 - - [21/Jun/2024:15:16:10 +0600] "GET /index.php HTTP/1.1" 404 1236 "-" "curl/7.54.0"
139.162.7.59 - - [21/Jun/2024:15:16:10 +0600] "GET /menu.php HTTP/1.1" 404 1236 "-" "curl/7.54.0"
139.162.7.59 - - [21/Jun/2024:15:16:10 +0600] "GET /admin.jsp HTTP/1.1" 404 1236 "-" "curl/7.54.0"
139.162.7.59 - - [21/Jun/2024:15:16:10 +0600] "GET /admin.cgi HTTP/1.1" 404 1236 "-" "curl/7.54.0"
139.162.7.59 - - [21/Jun/2024:15:16:10 +0600] "GET /admin.jhtml HTTP/1.1" 404 1236 "-" "curl/7.54.0"
139.162.7.59 - - [21/Jun/2024:15:16:11 +0600] "GET /index.shtml HTTP/1.1" 404 1236 "-" "curl/7.54.0"
139.162.7.59 - - [21/Jun/2024:15:16:11 +0600] "GET /home.jsa HTTP/1.1" 404 1236 "-" "curl/7.54.0"
139.162.7.59 - - [21/Jun/2024:15:16:11 +0600] "GET /start.aspx HTTP/1.1" 404 1236 "-" "curl/7.54.0"
139.162.7.59 - - [21/Jun/2024:15:16:11 +0600] "GET /start.cgi HTTP/1.1" 404 1236 "-" "curl/7.54.0"
139.162.7.59 - - [21/Jun/2024:15:16:11 +0600] "GET /home.pl HTTP/1.1" 404 1236 "-" "curl/7.54.0"
139.162.7.59 - - [21/Jun/2024:15:16:11 +0600] "GET /index.aspx HTTP/1.1" 404 1236 "-" "curl/7.54.0"
139.162.7.59 - - [21/Jun/2024:15:16:11 +0600] "GET /home.html HTTP/1.1" 404 1236 "-" "curl/7.54.0"
139.162.7.59 - - [21/Jun/2024:15:16:12 +0600] "GET /index.cgi HTTP/1.1" 404 1236 "-" "curl/7.54.0"
139.162.7.59 - - [21/Jun/2024:15:16:12 +0600] "GET /home.cgi HTTP/1.1" 404 1236 "-" "curl/7.54.0"
139.162.7.59 - - [21/Jun/2024:15:16:12 +0600] "GET /admin.jsa HTTP/1.1" 404 1236 "-" "curl/7.54.0"
139.162.7.59 - - [21/Jun/2024:15:16:12 +0600] "GET /home.asp HTTP/1.1" 404 1236 "-" "curl/7.54.0"
139.162.7.59 - - [21/Jun/2024:15:16:12 +0600] "GET /index.jsa HTTP/1.1" 404 1236 "-" "curl/7.54.0"
139.162.7.59 - - [21/Jun/2024:15:16:12 +0600] "GET /admin.cfm HTTP/1.1" 404 1236 "-" "curl/7.54.0"
139.162.7.59 - - [21/Jun/2024:15:16:13 +0600] "GET /inicio.html HTTP/1.1" 404 1236 "-" "curl/7.54.0"
139.162.7.59 - - [21/Jun/2024:15:16:13 +0600] "GET /base.jhtml HTTP/1.1" 404 1236 "-" "curl/7.54.0"
139.162.7.59 - - [21/Jun/2024:15:16:13 +0600] "GET /start.pl HTTP/1.1" 404 1236 "-" "curl/7.54.0"
139.162.7.59 - - [21/Jun/2024:15:16:13 +0600] "GET /default.aspx HTTP/1.1" 404 1236 "-" "curl/7.54.0"
139.162.7.59 - - [21/Jun/2024:15:16:13 +0600] "GET /localstart.php HTTP/1.1" 404 1236 "-" "curl/7.54.0"
139.162.7.59 - - [21/Jun/2024:15:16:13 +0600] "GET /indice.html HTTP/1.1" 404 1236 "-" "curl/7.54.0"
139.162.7.59 - - [21/Jun/2024:15:16:13 +0600] "GET /default.jhtml HTTP/1.1" 404 1236 "-" "curl/7.54.0"
139.162.7.59 - - [21/Jun/2024:15:16:13 +0600] "GET /default.php HTTP/1.1" 404 1236 "-" "curl/7.54.0"
139.162.7.59 - - [21/Jun/2024:15:16:13 +0600] "GET /readme.txt HTTP/1.1" 404 1236 "-" "curl/7.54.0"
139.162.7.59 - - [21/Jun/2024:15:16:13 +0600] "GET /home.jsp HTTP/1.1" 404 1236 "-" "curl/7.54.0"
139.162.7.59 - - [21/Jun/2024:15:16:13 +0600] "GET /localstart.html HTTP/1.1" 404 1236 "-" "curl/7.54.0"
139.162.7.59 - - [21/Jun/2024:15:16:13 +0600] "GET /indice.pl HTTP/1.1" 404 1236 "-" "curl/7.54.0"
139.162.7.59 - - [21/Jun/2024:15:16:13 +0600] "GET /base.cgi HTTP/1.1" 404 1236 "-" "curl/7.54.0"
139.162.7.59 - - [21/Jun/2024:15:16:13 +0600] "GET /base.shtml HTTP/1.1" 404 1236 "-" "curl/7.54.0"
139.162.7.59 - - [21/Jun/2024:15:16:13 +0600] "GET /indice.php HTTP/1.1" 404 1236 "-" "curl/7.54.0"
139.162.7.59 - - [21/Jun/2024:15:16:13 +0600] "GET /indice.jsa HTTP/1.1" 404 1236 "-" "curl/7.54.0"
139.162.7.59 - - [21/Jun/2024:15:16:13 +0600] "GET /start.php HTTP/1.1" 404 1236 "-" "curl/7.54.0"
139.162.7.59 - - [21/Jun/2024:15:16:13 +0600] "GET /home.php HTTP/1.1" 404 1236 "-" "curl/7.54.0"
139.162.7.59 - - [21/Jun/2024:15:16:13 +0600] "GET /inicio.jhtml HTTP/1.1" 404 1236 "-" "curl/7.54.0"
139.162.7.59 - - [21/Jun/2024:15:16:13 +0600] "GET /main.php HTTP/1.1" 404 1236 "-" "curl/7.54.0"
139.162.7.59 - - [21/Jun/2024:15:16:13 +0600] "GET /localstart.asp HTTP/1.1" 404 1236 "-" "curl/7.54.0"
139.162.7.59 - - [21/Jun/2024:15:16:13 +0600] "GET /indice.jhtml HTTP/1.1" 404 1236 "-" "curl/7.54.0"
139.162.7.59 - - [21/Jun/2024:15:16:13 +0600] "GET /base.jsa HTTP/1.1" 404 1236 "-" "curl/7.54.0"
139.162.7.59 - - [21/Jun/2024:15:16:13 +0600] "GET /start.asp HTTP/1.1" 404 1236 "-" "curl/7.54.0"
139.162.7.59 - - [21/Jun/2024:15:16:13 +0600] "GET /base.inc HTTP/1.1" 404 1236 "-" "curl/7.54.0"
139.162.7.59 - - [21/Jun/2024:15:16:13 +0600] "GET /indice.shtml HTTP/1.1" 404 1236 "-" "curl/7.54.0"
139.162.7.59 - - [21/Jun/2024:15:16:13 +0600] "GET /main.jsa HTTP/1.1" 404 1236 "-" "curl/7.54.0"
139.162.7.59 - - [21/Jun/2024:15:16:13 +0600] "GET /base.jsp HTTP/1.1" 404 1236 "-" "curl/7.54.0"
139.162.7.59 - - [21/Jun/2024:15:16:13 +0600] "GET /main.jsp HTTP/1.1" 404 1236 "-" "curl/7.54.0"
139.162.7.59 - - [21/Jun/2024:15:16:13 +0600] "GET /default.jsa HTTP/1.1" 404 1236 "-" "curl/7.54.0"
139.162.7.59 - - [21/Jun/2024:15:16:13 +0600] "GET /indice.cgi HTTP/1.1" 404 1236 "-" "curl/7.54.0"
139.162.7.59 - - [21/Jun/2024:15:16:13 +0600] "GET /localstart.cgi HTTP/1.1" 404 1236 "-" "curl/7.54.0"
139.162.7.59 - - [21/Jun/2024:15:16:13 +0600] "GET /indice.aspx HTTP/1.1" 404 1236 "-" "curl/7.54.0"
139.162.7.59 - - [21/Jun/2024:15:16:13 +0600] "GET /indice.asp HTTP/1.1" 404 1236 "-" "curl/7.54.0"
139.162.7.59 - - [21/Jun/2024:15:16:19 +0600] "GET / HTTP/1.1" 404 1236 "-" "-"
124.239.177.205 - - [21/Jun/2024:16:12:02 +0600] "GET /stacks HTTP/1.1" 404 705 "-" "Mozilla/5.0 zgrab/0.x"
5.59.248.195 - - [21/Jun/2024:16:13:16 +0600] "POST /ws/v1/cluster/apps/new-application HTTP/1.1" 404 705 "-" "python-requests/2.22.0"
180.103.125.126 - - [21/Jun/2024:16:15:59 +0600] "GET /stacks HTTP/1.1" 404 705 "-" "Mozilla/5.0 zgrab/0.x"
141.98.11.55 - - [21/Jun/2024:16:48:01 +0600] "POST /ws/v1/cluster/apps/new-application HTTP/1.1" 404 705 "-" "Go-http-client/1.1"
5.59.248.211 - - [21/Jun/2024:16:49:16 +0600] "POST /ws/v1/cluster/apps/new-application HTTP/1.1" 404 705 "-" "python-requests/2.22.0"
118.121.205.107 - - [21/Jun/2024:17:22:59 +0600] "GET /stacks HTTP/1.1" 404 705 "-" "Mozilla/5.0 zgrab/0.x"
206.168.34.32 - - [21/Jun/2024:17:24:27 +0600] "GET / HTTP/1.1" 404 1236 "-" "-"
206.168.34.32 - - [21/Jun/2024:17:24:31 +0600] "GET / HTTP/1.1" 404 705 "-" "Mozilla/5.0 (compatible; CensysInspect/1.1; +https://about.censys.io/)"
141.98.11.55 - - [21/Jun/2024:17:31:22 +0600] "POST /ws/v1/cluster/apps/new-application HTTP/1.1" 404 705 "-" "Go-http-client/1.1"
185.191.126.213 - - [21/Jun/2024:17:55:41 +0600] "GET / HTTP/1.1" 404 1236 "-" "-"
106.55.165.3 - - [21/Jun/2024:18:20:40 +0600] "GET /stacks HTTP/1.1" 404 705 "-" "Mozilla/5.0 zgrab/0.x"
141.98.11.55 - - [21/Jun/2024:18:27:13 +0600] "POST /ws/v1/cluster/apps/new-application HTTP/1.1" 404 705 "-" "Go-http-client/1.1"
42.192.210.147 - - [21/Jun/2024:18:35:39 +0600] "GET /stacks HTTP/1.1" 404 705 "-" "Mozilla/5.0 zgrab/0.x"
5.59.248.211 - - [21/Jun/2024:19:08:50 +0600] "POST /ws/v1/cluster/apps/new-application HTTP/1.1" 404 705 "-" "python-requests/2.22.0"
141.98.11.55 - - [21/Jun/2024:19:30:45 +0600] "POST /ws/v1/cluster/apps/new-application HTTP/1.1" 404 705 "-" "Go-http-client/1.1"
141.98.11.55 - - [21/Jun/2024:20:24:25 +0600] "POST /ws/v1/cluster/apps/new-application HTTP/1.1" 404 705 "-" "Go-http-client/1.1"
5.59.248.211 - - [21/Jun/2024:20:47:21 +0600] "POST /ws/v1/cluster/apps/new-application HTTP/1.1" 404 705 "-" "python-requests/2.22.0"
165.154.10.250 - - [21/Jun/2024:21:07:30 +0600] "GET / HTTP/1.1" 404 1236 "-" "Mozilla/5.0 (Macintosh; Intel Mac OS X 10_15_7) AppleWebKit/537.36 (KHTML, like Gecko) Chrome/120.0.0.0 Safari/537.36 Edg/120.0.0.0"
165.154.10.250 - - [21/Jun/2024:21:07:37 +0600] "GET /favicon.ico HTTP/1.1" 404 705 "-" "Mozilla/5.0 (Macintosh; Intel Mac OS X 10_7_0) AppleWebKit/535.11 (KHTML, like Gecko) Chrome/17.0.963.56 Safari/535.11"
165.154.10.250 - - [21/Jun/2024:21:07:38 +0600] "GET /robots.txt HTTP/1.1" 404 705 "-" "Mozilla/5.0 (Macintosh; Intel Mac OS X 10_7_0) AppleWebKit/535.11 (KHTML, like Gecko) Chrome/17.0.963.56 Safari/535.11"
165.154.10.250 - - [21/Jun/2024:21:07:39 +0600] "GET /sitemap.xml HTTP/1.1" 404 705 "-" "Mozilla/5.0 (Macintosh; Intel Mac OS X 10_7_0) AppleWebKit/535.11 (KHTML, like Gecko) Chrome/17.0.963.56 Safari/535.11"
141.98.11.55 - - [21/Jun/2024:21:32:09 +0600] "POST /ws/v1/cluster/apps/new-application HTTP/1.1" 404 705 "-" "Go-http-client/1.1"
141.98.11.55 - - [21/Jun/2024:22:25:43 +0600] "POST /ws/v1/cluster/apps/new-application HTTP/1.1" 404 705 "-" "Go-http-client/1.1"
47.97.122.13 - - [21/Jun/2024:23:17:39 +0600] "GET /stacks HTTP/1.1" 404 705 "-" "Mozilla/5.0 zgrab/0.x"
141.98.11.55 - - [21/Jun/2024:23:22:40 +0600] "POST /ws/v1/cluster/apps/new-application HTTP/1.1" 404 705 "-" "Go-http-client/1.1"
39.104.134.58 - - [21/Jun/2024:23:23:55 +0600] "GET /stacks HTTP/1.1" 404 705 "-" "Mozilla/5.0 zgrab/0.x"
141.98.11.55 - - [22/Jun/2024:00:01:54 +0600] "POST /ws/v1/cluster/apps/new-application HTTP/1.1" 404 705 "-" "Go-http-client/1.1"
81.68.179.56 - - [22/Jun/2024:00:24:16 +0600] "GET /stacks HTTP/1.1" 404 705 "-" "Mozilla/5.0 zgrab/0.x"
5.59.248.211 - - [22/Jun/2024:00:29:34 +0600] "POST /ws/v1/cluster/apps/new-application HTTP/1.1" 404 705 "-" "python-requests/2.22.0"
141.98.11.55 - - [22/Jun/2024:00:33:42 +0600] "POST /ws/v1/cluster/apps/new-application HTTP/1.1" 404 705 "-" "Go-http-client/1.1"
141.98.11.55 - - [22/Jun/2024:01:52:46 +0600] "POST /ws/v1/cluster/apps/new-application HTTP/1.1" 404 705 "-" "Go-http-client/1.1"
92.249.48.76 - - [22/Jun/2024:02:31:20 +0600] "POST /ws/v1/cluster/apps/new-application HTTP/1.1" 404 705 "-" "Go-http-client/1.1"
141.98.11.55 - - [22/Jun/2024:02:45:43 +0600] "POST /ws/v1/cluster/apps/new-application HTTP/1.1" 404 705 "-" "Go-http-client/1.1"
198.235.24.171 - - [22/Jun/2024:02:59:23 +0600] "GET / HTTP/1.1" 404 1236 "-" "Expanse, a Palo Alto Networks company, searches across the global IPv4 space multiple times per day to identify customers' presences on the Internet. If you would like to be excluded from our scans, please send IP addresses/domains to: scaninfo@paloaltonetworks.com"
43.139.128.232 - - [22/Jun/2024:04:33:03 +0600] "GET /stacks HTTP/1.1" 404 705 "-" "Mozilla/5.0 zgrab/0.x"
5.59.248.195 - - [22/Jun/2024:04:33:10 +0600] "POST /ws/v1/cluster/apps/new-application HTTP/1.1" 404 705 "-" "python-requests/2.22.0"
205.210.31.167 - - [22/Jun/2024:05:17:47 +0600] "GET / HTTP/1.0" 404 1236 "-" "Expanse, a Palo Alto Networks company, searches across the global IPv4 space multiple times per day to identify customers' presences on the Internet. If you would like to be excluded from our scans, please send IP addresses/domains to: scaninfo@paloaltonetworks.com"
5.59.248.195 - - [22/Jun/2024:05:41:13 +0600] "POST /ws/v1/cluster/apps/new-application HTTP/1.1" 404 705 "-" "python-requests/2.22.0"
5.59.248.211 - - [22/Jun/2024:05:52:15 +0600] "POST /ws/v1/cluster/apps/new-application HTTP/1.1" 404 705 "-" "python-requests/2.22.0"
134.209.228.36 - - [22/Jun/2024:06:00:21 +0600] "GET /stacks HTTP/1.1" 404 705 "-" "Mozilla/5.0 zgrab/0.x"
113.200.98.17 - - [22/Jun/2024:07:08:36 +0600] "GET /stacks HTTP/1.1" 404 705 "-" "Mozilla/5.0 zgrab/0.x"
5.59.248.211 - - [22/Jun/2024:07:10:48 +0600] "POST /ws/v1/cluster/apps/new-application HTTP/1.1" 404 705 "-" "python-requests/2.22.0"
5.59.248.195 - - [22/Jun/2024:07:48:49 +0600] "POST /ws/v1/cluster/apps/new-application HTTP/1.1" 404 705 "-" "python-requests/2.22.0"
116.147.37.17 - - [22/Jun/2024:08:25:21 +0600] "GET /stacks HTTP/1.1" 404 705 "-" "Mozilla/5.0 zgrab/0.x"
106.55.165.3 - - [22/Jun/2024:08:53:07 +0600] "GET /stacks HTTP/1.1" 404 705 "-" "Mozilla/5.0 zgrab/0.x"
167.94.145.102 - - [22/Jun/2024:09:24:47 +0600] "GET / HTTP/1.1" 404 1236 "-" "-"
167.94.145.102 - - [22/Jun/2024:09:24:50 +0600] "GET / HTTP/1.1" 404 705 "-" "Mozilla/5.0 (compatible; CensysInspect/1.1; +https://about.censys.io/)"
36.7.107.206 - - [22/Jun/2024:10:47:31 +0600] "GET /stacks HTTP/1.1" 404 705 "-" "Mozilla/5.0 zgrab/0.x"
1.14.13.19 - - [22/Jun/2024:11:46:18 +0600] "GET /stacks HTTP/1.1" 404 705 "-" "Mozilla/5.0 zgrab/0.x"
113.200.98.17 - - [22/Jun/2024:12:08:51 +0600] "GET /stacks HTTP/1.1" 404 705 "-" "Mozilla/5.0 zgrab/0.x"
119.29.247.220 - - [22/Jun/2024:13:08:19 +0600] "GET /stacks HTTP/1.1" 404 705 "-" "Mozilla/5.0 zgrab/0.x"
81.68.179.56 - - [22/Jun/2024:14:05:09 +0600] "GET /stacks HTTP/1.1" 404 705 "-" "Mozilla/5.0 zgrab/0.x"
112.2.5.116 - - [22/Jun/2024:14:38:28 +0600] "GET /stacks HTTP/1.1" 404 705 "-" "Mozilla/5.0 zgrab/0.x"
5.59.248.195 - - [22/Jun/2024:14:39:17 +0600] "POST /ws/v1/cluster/apps/new-application HTTP/1.1" 404 705 "-" "python-requests/2.22.0"
5.59.248.211 - - [22/Jun/2024:16:20:58 +0600] "POST /ws/v1/cluster/apps/new-application HTTP/1.1" 404 705 "-" "python-requests/2.22.0"
127.0.0.1 - - [22/Jun/2024:16:24:45 +0600] "GET /metrics HTTP/1.1" 404 705 "-" "netdata/go.d.plugin"
64.62.197.191 - - [22/Jun/2024:16:58:06 +0600] "GET / HTTP/1.1" 404 705 "-" "Mozilla/5.0 (Macintosh; Intel Mac OS X 10.14; rv:62.0) Gecko/20100101 Firefox/62.0"
64.62.197.190 - - [22/Jun/2024:16:58:18 +0600] "GET /favicon.ico HTTP/1.1" 404 705 "-" "Mozilla/5.0 (iPad; CPU OS 15_7 like Mac OS X) AppleWebKit/605.1.15 (KHTML, like Gecko) Version/15.6,2 Mobile/15E148 Safari/604.1"
127.0.0.1 - - [22/Jun/2024:17:00:39 +0600] "GET /metrics HTTP/1.1" 404 705 "-" "netdata/go.d.plugin"
5.59.248.211 - - [22/Jun/2024:17:41:25 +0600] "POST /ws/v1/cluster/apps/new-application HTTP/1.1" 404 705 "-" "python-requests/2.22.0"
39.106.18.244 - - [22/Jun/2024:18:10:18 +0600] "GET /stacks HTTP/1.1" 404 705 "-" "Mozilla/5.0 zgrab/0.x"
52.190.22.24 - - [22/Jun/2024:18:32:33 +0600] "GET /stacks HTTP/1.1" 404 705 "-" "Mozilla/5.0 zgrab/0.x"
185.191.126.213 - - [22/Jun/2024:18:38:40 +0600] "GET / HTTP/1.1" 404 1236 "-" "-"
185.191.127.212 - - [22/Jun/2024:19:04:12 +0600] "GET / HTTP/1.1" 404 1236 "-" "-"
5.59.248.195 - - [22/Jun/2024:19:04:23 +0600] "POST /ws/v1/cluster/apps/new-application HTTP/1.1" 404 705 "-" "python-requests/2.22.0"
141.98.11.55 - - [22/Jun/2024:19:05:55 +0600] "POST /ws/v1/cluster/apps/new-application HTTP/1.1" 404 705 "-" "Go-http-client/1.1"
141.98.11.55 - - [22/Jun/2024:19:46:40 +0600] "POST /ws/v1/cluster/apps/new-application HTTP/1.1" 404 705 "-" "Go-http-client/1.1"
124.222.54.108 - - [22/Jun/2024:19:58:31 +0600] "GET /stacks HTTP/1.1" 404 705 "-" "Mozilla/5.0 zgrab/0.x"
165.154.164.57 - - [22/Jun/2024:21:05:40 +0600] "GET / HTTP/1.1" 404 1236 "-" "Mozilla/5.0 (Macintosh; Intel Mac OS X 10_15_7) AppleWebKit/537.36 (KHTML, like Gecko) Chrome/120.0.0.0 Safari/537.36 Edg/120.0.0.0"
165.154.164.57 - - [22/Jun/2024:21:05:46 +0600] "GET /favicon.ico HTTP/1.1" 404 705 "-" "Mozilla/5.0 (Macintosh; Intel Mac OS X 10_7_0) AppleWebKit/535.11 (KHTML, like Gecko) Chrome/17.0.963.56 Safari/535.11"
165.154.164.57 - - [22/Jun/2024:21:05:46 +0600] "GET /robots.txt HTTP/1.1" 404 705 "-" "Mozilla/5.0 (Macintosh; Intel Mac OS X 10_7_0) AppleWebKit/535.11 (KHTML, like Gecko) Chrome/17.0.963.56 Safari/535.11"
165.154.164.57 - - [22/Jun/2024:21:05:47 +0600] "GET /sitemap.xml HTTP/1.1" 404 705 "-" "Mozilla/5.0 (Macintosh; Intel Mac OS X 10_7_0) AppleWebKit/535.11 (KHTML, like Gecko) Chrome/17.0.963.56 Safari/535.11"
141.98.11.55 - - [22/Jun/2024:21:37:00 +0600] "POST /ws/v1/cluster/apps/new-application HTTP/1.1" 404 705 "-" "Go-http-client/1.1"
101.91.148.86 - - [22/Jun/2024:21:38:58 +0600] "GET /stacks HTTP/1.1" 404 705 "-" "Mozilla/5.0 zgrab/0.x"
141.98.11.55 - - [22/Jun/2024:22:50:52 +0600] "POST /ws/v1/cluster/apps/new-application HTTP/1.1" 404 705 "-" "Go-http-client/1.1"
59.110.164.152 - - [22/Jun/2024:23:22:04 +0600] "GET /stacks HTTP/1.1" 404 705 "-" "Mozilla/5.0 zgrab/0.x"
141.98.11.55 - - [22/Jun/2024:23:38:04 +0600] "POST /ws/v1/cluster/apps/new-application HTTP/1.1" 404 705 "-" "Go-http-client/1.1"
5.59.248.211 - - [22/Jun/2024:23:46:12 +0600] "POST /ws/v1/cluster/apps/new-application HTTP/1.1" 404 705 "-" "python-requests/2.22.0"
64.226.78.121 - - [22/Jun/2024:23:48:20 +0600] "GET / HTTP/1.1" 404 1236 "-" "-"
64.226.78.121 - - [22/Jun/2024:23:48:21 +0600] "GET / HTTP/1.1" 404 1236 "-" "Mozilla/5.0 (Linux; Android 6.0; HTC One M9 Build/MRA935702) AppleWebKit/537.36 (KHTML, like Gecko) Chrome/52.0.2335.98 Mobile Safari/537.3"
64.226.78.121 - - [22/Jun/2024:23:48:21 +0600] "GET /server HTTP/1.1" 404 705 "-" "Go-http-client/1.1"
64.226.78.121 - - [22/Jun/2024:23:48:22 +0600] "GET /version HTTP/1.1" 404 705 "-" "Go-http-client/1.1"
64.226.78.121 - - [22/Jun/2024:23:48:22 +0600] "GET /.vscode/sftp.json HTTP/1.1" 404 705 "-" "Go-http-client/1.1"
64.226.78.121 - - [22/Jun/2024:23:48:22 +0600] "GET /about HTTP/1.1" 404 705 "-" "Go-http-client/1.1"
64.226.78.121 - - [22/Jun/2024:23:48:23 +0600] "GET /v2/_catalog HTTP/1.1" 404 705 "-" "Go-http-client/1.1"
64.226.78.121 - - [22/Jun/2024:23:48:23 +0600] "GET /debug/default/view?panel=config HTTP/1.1" 404 705 "-" "Go-http-client/1.1"
64.226.78.121 - - [22/Jun/2024:23:48:24 +0600] "GET /ecp/Current/exporttool/microsoft.exchange.ediscovery.exporttool.application HTTP/1.1" 404 705 "-" "Go-http-client/1.1"
64.226.78.121 - - [22/Jun/2024:23:48:24 +0600] "GET /server-status HTTP/1.1" 404 705 "-" "Go-http-client/1.1"
64.226.78.121 - - [22/Jun/2024:23:48:24 +0600] "GET /_all_dbs HTTP/1.1" 404 705 "-" "Mozilla/5.0 (l9scan/2.0.830313e2732313e29353e2933313; +https://leakix.net)"
64.226.78.121 - - [22/Jun/2024:23:48:25 +0600] "GET /.DS_Store HTTP/1.1" 404 705 "-" "Go-http-client/1.1"
64.226.78.121 - - [22/Jun/2024:23:48:25 +0600] "GET /.env HTTP/1.1" 404 705 "-" "Go-http-client/1.1"
64.226.78.121 - - [22/Jun/2024:23:48:26 +0600] "GET /.git/config HTTP/1.1" 404 705 "-" "Go-http-client/1.1"
64.226.78.121 - - [22/Jun/2024:23:48:26 +0600] "GET /config.json HTTP/1.1" 404 705 "-" "Go-http-client/1.1"
64.226.78.121 - - [22/Jun/2024:23:48:26 +0600] "GET /s/830313e2732313e29353e2933313/_/;/META-INF/maven/com.atlassian.jira/jira-webapp-dist/pom.properties HTTP/1.1" 404 705 "-" "Go-http-client/1.1"
64.226.78.121 - - [22/Jun/2024:23:48:27 +0600] "GET /?rest_route=/wp/v2/users/ HTTP/1.1" 404 705 "-" "Go-http-client/1.1"
64.226.78.121 - - [22/Jun/2024:23:48:27 +0600] "GET /telescope/requests HTTP/1.1" 404 705 "-" "Go-http-client/1.1"
141.98.11.55 - - [22/Jun/2024:23:55:19 +0600] "POST /ws/v1/cluster/apps/new-application HTTP/1.1" 404 705 "-" "Go-http-client/1.1"
185.142.236.38 - - [22/Jun/2024:23:58:43 +0600] "GET / HTTP/1.1" 404 1236 "-" "Mozilla/5.0 (Windows NT 6.1) AppleWebKit/537.36 (KHTML, like Gecko) Chrome/41.0.2228.0 Safari/537.36"
185.142.236.38 - - [22/Jun/2024:23:58:44 +0600] "GET /favicon.ico HTTP/1.1" 404 705 "-" "Mozilla/5.0 (Windows NT 10.0; Win64; x64) AppleWebKit/537.36 (KHTML, like Gecko) Chrome/102.0.5005.63 Safari/537.36"
141.98.11.55 - - [23/Jun/2024:00:59:21 +0600] "POST /ws/v1/cluster/apps/new-application HTTP/1.1" 404 705 "-" "Go-http-client/1.1"
141.98.11.55 - - [23/Jun/2024:02:28:52 +0600] "POST /ws/v1/cluster/apps/new-application HTTP/1.1" 404 705 "-" "Go-http-client/1.1"
141.98.11.55 - - [23/Jun/2024:03:21:36 +0600] "POST /ws/v1/cluster/apps/new-application HTTP/1.1" 404 705 "-" "Go-http-client/1.1"
164.92.194.244 - - [23/Jun/2024:05:24:22 +0600] "GET / HTTP/1.0" 404 1236 "-" "-"
46.101.204.171 - - [23/Jun/2024:05:24:39 +0600] "GET /solr/admin/info/system HTTP/1.1" 404 1236 "-" "Go-http-client/1.1"
46.101.204.171 - - [23/Jun/2024:05:24:39 +0600] "GET /cgi-bin/authLogin.cgi HTTP/1.1" 404 1236 "-" "Go-http-client/1.1"
68.183.68.79 - - [23/Jun/2024:05:24:39 +0600] "GET / HTTP/1.1" 404 705 "-" "Mozilla/5.0 (compatible; Odin; https://docs.getodin.com/)"
161.35.22.53 - - [23/Jun/2024:05:24:39 +0600] "GET /v2/_catalog HTTP/1.1" 404 1236 "-" "Go-http-client/1.1"
46.101.204.171 - - [23/Jun/2024:05:24:40 +0600] "GET /solr/admin/cores?action=STATUS&wt=json HTTP/1.1" 404 1236 "-" "Go-http-client/1.1"
184.105.247.254 - - [23/Jun/2024:06:45:13 +0600] "GET / HTTP/1.1" 404 705 "-" "Mozilla/5.0 (Windows NT 10.0; Win64; x64; rv:108.0) Gecko/20100101 Firefox/108.0"
184.105.247.254 - - [23/Jun/2024:06:45:27 +0600] "GET /favicon.ico HTTP/1.1" 404 705 "-" "Mozilla/5.0 (Windows NT 10.0; Win64; x64) AppleWebKit/537.36 (KHTML, like Gecko) Chrome/119.0.0.0 Safari/537.36"
116.147.37.17 - - [23/Jun/2024:06:49:48 +0600] "GET /stacks HTTP/1.1" 404 705 "-" "Mozilla/5.0 zgrab/0.x"
207.154.246.164 - - [23/Jun/2024:07:07:44 +0600] "GET / HTTP/1.0" 404 1236 "-" "-"
167.172.108.89 - - [23/Jun/2024:07:08:01 +0600] "GET /cgi-bin/authLogin.cgi HTTP/1.1" 404 1236 "-" "Go-http-client/1.1"
207.154.221.119 - - [23/Jun/2024:07:08:02 +0600] "GET /solr/admin/info/system HTTP/1.1" 404 1236 "-" "Go-http-client/1.1"
207.154.221.119 - - [23/Jun/2024:07:08:02 +0600] "GET /solr/admin/cores?action=STATUS&wt=json HTTP/1.1" 404 1236 "-" "Go-http-client/1.1"
207.154.221.204 - - [23/Jun/2024:07:08:07 +0600] "GET /v2/_catalog HTTP/1.1" 404 1236 "-" "Go-http-client/1.1"
159.89.17.225 - - [23/Jun/2024:07:10:30 +0600] "GET / HTTP/1.1" 404 705 "-" "Mozilla/5.0 (compatible; Odin; https://docs.getodin.com/)"
167.94.146.53 - - [23/Jun/2024:07:16:09 +0600] "GET / HTTP/1.1" 404 1236 "-" "-"
167.94.146.53 - - [23/Jun/2024:07:16:12 +0600] "GET / HTTP/1.1" 404 705 "-" "Mozilla/5.0 (compatible; CensysInspect/1.1; +https://about.censys.io/)"
147.185.132.78 - - [23/Jun/2024:07:52:04 +0600] "GET / HTTP/1.0" 404 1236 "-" "Expanse, a Palo Alto Networks company, searches across the global IPv4 space multiple times per day to identify customers' presences on the Internet. If you would like to be excluded from our scans, please send IP addresses/domains to: scaninfo@paloaltonetworks.com"
5.59.248.195 - - [23/Jun/2024:09:33:34 +0600] "POST /ws/v1/cluster/apps/new-application HTTP/1.1" 404 705 "-" "python-requests/2.22.0"
64.226.105.185 - - [23/Jun/2024:09:40:50 +0600] "GET /query?q=SHOW+DIAGNOSTICS HTTP/1.1" 404 1236 "-" "Go-http-client/1.1"
113.214.18.234 - - [23/Jun/2024:09:42:43 +0600] "GET /stacks HTTP/1.1" 404 705 "-" "Mozilla/5.0 zgrab/0.x"
185.191.126.213 - - [23/Jun/2024:11:46:08 +0600] "GET / HTTP/1.1" 404 1236 "-" "-"
92.249.48.76 - - [23/Jun/2024:12:18:28 +0600] "POST /ws/v1/cluster/apps/new-application HTTP/1.1" 404 705 "-" "Go-http-client/1.1"
205.210.31.93 - - [23/Jun/2024:12:47:56 +0600] "GET / HTTP/1.1" 404 1236 "-" "Expanse, a Palo Alto Networks company, searches across the global IPv4 space multiple times per day to identify customers' presences on the Internet. If you would like to be excluded from our scans, please send IP addresses/domains to: scaninfo@paloaltonetworks.com"
5.59.248.195 - - [23/Jun/2024:12:58:50 +0600] "POST /ws/v1/cluster/apps/new-application HTTP/1.1" 404 705 "-" "python-requests/2.22.0"
117.187.117.6 - - [23/Jun/2024:12:59:49 +0600] "GET /stacks HTTP/1.1" 404 705 "-" "Mozilla/5.0 zgrab/0.x"
117.187.117.6 - - [23/Jun/2024:13:27:35 +0600] "GET /stacks HTTP/1.1" 404 705 "-" "Mozilla/5.0 zgrab/0.x"
139.198.163.91 - - [23/Jun/2024:13:53:38 +0600] "GET /stacks HTTP/1.1" 404 705 "-" "Mozilla/5.0 zgrab/0.x"
51.8.222.178 - - [23/Jun/2024:15:09:32 +0600] "GET / HTTP/1.1" 404 705 "-" "Mozilla/5.0 zgrab/0.x"
34.22.192.129 - - [23/Jun/2024:16:44:03 +0600] "GET / HTTP/1.1" 404 705 "-" "python-requests/2.32.2"
54.202.60.174 - - [23/Jun/2024:16:54:25 +0600] "GET / HTTP/1.1" 404 705 "-" "Mozilla/5.0 (Macintosh; Intel Mac OS X 10_11_5) AppleWebKit/537.36 (KHTML, like Gecko) Chrome/50.0.2661.102 Safari/537.36"
54.202.60.174 - - [23/Jun/2024:16:54:25 +0600] "GET /ws/v1/cluster HTTP/1.1" 404 705 "-" "Mozilla/5.0 (Macintosh; Intel Mac OS X 10_11_5) AppleWebKit/537.36 (KHTML, like Gecko) Chrome/50.0.2661.102 Safari/537.36"
127.0.0.1 - - [23/Jun/2024:16:56:58 +0600] "GET /metrics HTTP/1.1" 404 705 "-" "netdata/go.d.plugin"
39.105.202.192 - - [23/Jun/2024:17:18:03 +0600] "GET /stacks HTTP/1.1" 404 705 "-" "Mozilla/5.0 zgrab/0.x"
167.94.138.48 - - [23/Jun/2024:17:29:21 +0600] "GET / HTTP/1.1" 404 1236 "-" "-"
167.94.138.48 - - [23/Jun/2024:17:29:24 +0600] "GET / HTTP/1.1" 404 705 "-" "Mozilla/5.0 (compatible; CensysInspect/1.1; +https://about.censys.io/)"
47.97.122.13 - - [23/Jun/2024:18:54:01 +0600] "GET /stacks HTTP/1.1" 404 705 "-" "Mozilla/5.0 zgrab/0.x"
101.133.225.217 - - [23/Jun/2024:19:10:06 +0600] "GET /stacks HTTP/1.1" 404 705 "-" "Mozilla/5.0 zgrab/0.x"
