64.226.127.67 - - [31/Jul/2024:20:49:51 +0600] "GET / HTTP/1.1" 404 705 "-" "Mozilla/5.0 (compatible; Odin; https://docs.getodin.com/)"
46.101.164.22 - - [31/Jul/2024:20:49:51 +0600] "GET /v2/_catalog HTTP/1.1" 404 1236 "-" "Go-http-client/1.1"
46.101.164.22 - - [31/Jul/2024:20:49:51 +0600] "GET /solr/admin/cores?action=STATUS&wt=json HTTP/1.1" 404 1236 "-" "Go-http-client/1.1"
46.101.164.26 - - [31/Jul/2024:20:49:51 +0600] "GET /cgi-bin/authLogin.cgi HTTP/1.1" 404 1236 "-" "Go-http-client/1.1"
46.101.164.13 - - [31/Jul/2024:20:49:51 +0600] "GET /query?q=SHOW+DIAGNOSTICS HTTP/1.1" 404 1236 "-" "Go-http-client/1.1"
52.76.71.100 - - [31/Jul/2024:21:20:36 +0600] "GET /favicon.ico HTTP/1.1" 404 1236 "-" "Go-http-client/1.1"
117.187.117.6 - - [31/Jul/2024:21:52:31 +0600] "GET /stacks HTTP/1.1" 404 705 "-" "Mozilla/5.0 zgrab/0.x"
185.169.4.104 - - [31/Jul/2024:23:08:52 +0600] "POST /ws/v1/cluster/apps/new-application HTTP/1.1" 404 705 "-" "python-requests/2.22.0"
141.98.11.151 - - [01/Aug/2024:00:06:48 +0600] "POST /ws/v1/cluster/apps/new-application HTTP/1.1" 404 705 "-" "python-requests/2.22.0"
5.59.248.52 - - [01/Aug/2024:00:17:34 +0600] "POST /ws/v1/cluster/apps/new-application HTTP/1.1" 404 705 "-" "python-requests/2.22.0"
75.119.146.74 - - [01/Aug/2024:00:45:25 +0600] "POST /ws/v1/cluster/apps/new-application HTTP/1.1" 404 705 "-" "python-requests/2.32.3"
75.119.146.74 - - [01/Aug/2024:01:05:58 +0600] "POST /ws/v1/cluster/apps/new-application HTTP/1.1" 404 705 "-" "python-requests/2.32.3"
141.98.11.13 - - [01/Aug/2024:02:15:22 +0600] "POST /ws/v1/cluster/apps/new-application HTTP/1.1" 404 705 "-" "python-requests/2.22.0"
141.98.11.151 - - [01/Aug/2024:03:20:06 +0600] "POST /ws/v1/cluster/apps/new-application HTTP/1.1" 404 705 "-" "python-requests/2.22.0"
45.33.109.10 - - [01/Aug/2024:03:34:33 +0600] "GET / HTTP/1.1" 404 705 "-" "Mozilla/5.0 zgrab/0.x"
192.155.90.118 - - [01/Aug/2024:03:34:47 +0600] "GET / HTTP/1.1" 404 705 "-" "Mozilla/5.0 (Macintosh; Intel Mac OS X 13_1) AppleWebKit/537.36 (KHTML, like Gecko) Chrome/108.0.0.0 Safari/537.36"
185.169.4.104 - - [01/Aug/2024:04:35:25 +0600] "POST /ws/v1/cluster/apps/new-application HTTP/1.1" 404 705 "-" "python-requests/2.22.0"
141.98.11.13 - - [01/Aug/2024:04:46:41 +0600] "POST /ws/v1/cluster/apps/new-application HTTP/1.1" 404 705 "-" "python-requests/2.22.0"
45.156.129.115 - - [01/Aug/2024:04:53:45 +0600] "GET / HTTP/1.1" 404 705 "-" "Mozilla/5.0 (Windows NT 10.0; Win64; x64) AppleWebKit/537.36 (KHTML, like Gecko) Chrome/60.0.3112.113 Safari/537.36"
45.156.129.115 - - [01/Aug/2024:04:54:00 +0600] "GET /ws/v1/cluster HTTP/1.1" 404 705 "-" "Mozilla/5.0 (Windows NT 10.0; Win64; x64) AppleWebKit/537.36 (KHTML, like Gecko) Chrome/60.0.3112.113 Safari/537.36"
141.98.11.151 - - [01/Aug/2024:06:42:12 +0600] "POST /ws/v1/cluster/apps/new-application HTTP/1.1" 404 705 "-" "python-requests/2.22.0"
115.159.211.33 - - [01/Aug/2024:07:28:55 +0600] "GET /stacks HTTP/1.1" 404 705 "-" "Mozilla/5.0 zgrab/0.x"
75.119.146.74 - - [01/Aug/2024:07:37:05 +0600] "POST /ws/v1/cluster/apps/new-application HTTP/1.1" 404 705 "-" "python-requests/2.32.3"
43.139.128.232 - - [01/Aug/2024:07:43:39 +0600] "GET /stacks HTTP/1.1" 404 705 "-" "Mozilla/5.0 zgrab/0.x"
92.118.39.204 - - [01/Aug/2024:07:58:28 +0600] "GET / HTTP/1.1" 404 705 "-" "Mozilla/5.0 (Macintosh; Intel Mac OS X 10_11_2) AppleWebKit/601.3.9 (KHTML, like Gecko) Version/9.0.2 Safari/601.3.9"
92.118.39.204 - - [01/Aug/2024:07:58:28 +0600] "GET /favicon.ico HTTP/1.1" 404 705 "-" "Mozilla/5.0 (Macintosh; Intel Mac OS X 10_11_2) AppleWebKit/601.3.9 (KHTML, like Gecko) Version/9.0.2 Safari/601.3.9"
75.119.146.74 - - [01/Aug/2024:07:59:25 +0600] "POST /ws/v1/cluster/apps/new-application HTTP/1.1" 404 705 "-" "python-requests/2.32.3"
205.210.31.93 - - [01/Aug/2024:09:00:58 +0600] "GET / HTTP/1.0" 404 1236 "-" "Expanse, a Palo Alto Networks company, searches across the global IPv4 space multiple times per day to identify customers' presences on the Internet. If you would like to be excluded from our scans, please send IP addresses/domains to: scaninfo@paloaltonetworks.com"
39.106.18.244 - - [01/Aug/2024:10:26:31 +0600] "GET /stacks HTTP/1.1" 404 705 "-" "Mozilla/5.0 zgrab/0.x"
75.119.146.74 - - [01/Aug/2024:10:29:48 +0600] "POST /ws/v1/cluster/apps/new-application HTTP/1.1" 404 705 "-" "python-requests/2.32.3"
185.169.4.104 - - [01/Aug/2024:11:21:55 +0600] "POST /ws/v1/cluster/apps/new-application HTTP/1.1" 404 705 "-" "python-requests/2.22.0"
205.210.31.252 - - [01/Aug/2024:11:30:36 +0600] "GET / HTTP/1.1" 404 705 "-" "Expanse, a Palo Alto Networks company, searches across the global IPv4 space multiple times per day to identify customers' presences on the Internet. If you would like to be excluded from our scans, please send IP addresses/domains to: scaninfo@paloaltonetworks.com"
185.169.4.104 - - [01/Aug/2024:11:50:41 +0600] "POST /ws/v1/cluster/apps/new-application HTTP/1.1" 404 705 "-" "python-requests/2.22.0"
65.49.1.43 - - [01/Aug/2024:12:58:53 +0600] "GET / HTTP/1.1" 404 705 "-" "Mozilla/5.0 (Windows NT 10.0; Win64; x64) AppleWebKit/537.36 (KHTML, like Gecko) Chrome/120.0.6099.224 Safari/537.36"
65.49.1.39 - - [01/Aug/2024:12:59:09 +0600] "GET /favicon.ico HTTP/1.1" 404 705 "-" "Mozilla/5.0 (Macintosh; Intel Mac OS X 10.14; rv:62.0) Gecko/20100101 Firefox/62.0"
141.98.11.13 - - [01/Aug/2024:14:05:40 +0600] "POST /ws/v1/cluster/apps/new-application HTTP/1.1" 404 705 "-" "python-requests/2.22.0"
220.248.173.137 - - [01/Aug/2024:14:20:58 +0600] "GET /stacks HTTP/1.1" 404 705 "-" "Mozilla/5.0 zgrab/0.x"
130.162.34.83 - - [01/Aug/2024:14:35:26 +0600] "GET /stacks HTTP/1.1" 404 705 "-" "Mozilla/5.0 zgrab/0.x"
87.236.176.55 - - [01/Aug/2024:15:43:57 +0600] "GET / HTTP/1.1" 404 705 "-" "Mozilla/5.0 (compatible; InternetMeasurement/1.0; +https://internet-measurement.com/)"
101.91.148.86 - - [01/Aug/2024:15:59:53 +0600] "GET /stacks HTTP/1.1" 404 705 "-" "Mozilla/5.0 zgrab/0.x"
185.169.4.104 - - [01/Aug/2024:17:53:36 +0600] "POST /ws/v1/cluster/apps/new-application HTTP/1.1" 404 705 "-" "python-requests/2.22.0"
192.34.128.73 - - [01/Aug/2024:19:56:52 +0600] "POST /ws/v1/cluster/apps/new-application HTTP/1.1" 404 705 "-" "python-requests/2.14.2"
138.199.21.250 - - [01/Aug/2024:19:58:45 +0600] "POST /ws/v1/cluster/apps/new-application HTTP/1.1" 404 705 "-" "python-requests/2.25.1"
118.193.68.150 - - [01/Aug/2024:20:17:32 +0600] "GET / HTTP/1.1" 404 1236 "-" "Mozilla/5.0 (Macintosh; Intel Mac OS X 10_15_7) AppleWebKit/537.36 (KHTML, like Gecko) Chrome/120.0.0.0 Safari/537.36 Edg/120.0.0.0"
118.193.68.150 - - [01/Aug/2024:20:17:37 +0600] "GET /robots.txt HTTP/1.1" 404 705 "-" "Mozilla/5.0 (Macintosh; Intel Mac OS X 10_7_0) AppleWebKit/535.11 (KHTML, like Gecko) Chrome/17.0.963.56 Safari/535.11"
118.193.68.150 - - [01/Aug/2024:20:17:37 +0600] "GET /sitemap.xml HTTP/1.1" 404 705 "-" "Mozilla/5.0 (Macintosh; Intel Mac OS X 10_7_0) AppleWebKit/535.11 (KHTML, like Gecko) Chrome/17.0.963.56 Safari/535.11"
118.193.68.150 - - [01/Aug/2024:20:17:37 +0600] "GET /favicon.ico HTTP/1.1" 404 705 "-" "Mozilla/5.0 (Macintosh; Intel Mac OS X 10_7_0) AppleWebKit/535.11 (KHTML, like Gecko) Chrome/17.0.963.56 Safari/535.11"
141.98.11.25 - - [01/Aug/2024:20:25:15 +0600] "POST /ws/v1/cluster/apps/new-application HTTP/1.1" 404 705 "-" "python-requests/2.22.0"
117.187.117.6 - - [01/Aug/2024:23:04:29 +0600] "GET /stacks HTTP/1.1" 404 705 "-" "Mozilla/5.0 zgrab/0.x"
5.59.248.10 - - [01/Aug/2024:23:25:50 +0600] "POST /ws/v1/cluster/apps/new-application HTTP/1.1" 404 705 "-" "python-requests/2.22.0"
113.200.98.17 - - [01/Aug/2024:23:35:12 +0600] "GET /stacks HTTP/1.1" 404 705 "-" "Mozilla/5.0 zgrab/0.x"
81.68.179.56 - - [01/Aug/2024:23:42:35 +0600] "GET /stacks HTTP/1.1" 404 705 "-" "Mozilla/5.0 zgrab/0.x"
147.185.132.186 - - [02/Aug/2024:00:44:50 +0600] "GET / HTTP/1.1" 404 705 "-" "Expanse, a Palo Alto Networks company, searches across the global IPv4 space multiple times per day to identify customers' presences on the Internet. If you would like to be excluded from our scans, please send IP addresses/domains to: scaninfo@paloaltonetworks.com"
39.106.18.244 - - [02/Aug/2024:01:27:08 +0600] "GET /stacks HTTP/1.1" 404 705 "-" "Mozilla/5.0 zgrab/0.x"
141.98.11.25 - - [02/Aug/2024:01:52:13 +0600] "POST /ws/v1/cluster/apps/new-application HTTP/1.1" 404 705 "-" "python-requests/2.22.0"
141.98.11.25 - - [02/Aug/2024:02:02:14 +0600] "POST /ws/v1/cluster/apps/new-application HTTP/1.1" 404 705 "-" "python-requests/2.22.0"
141.98.11.25 - - [02/Aug/2024:02:25:33 +0600] "POST /ws/v1/cluster/apps/new-application HTTP/1.1" 404 705 "-" "python-requests/2.22.0"
5.59.248.10 - - [02/Aug/2024:04:27:10 +0600] "POST /ws/v1/cluster/apps/new-application HTTP/1.1" 404 705 "-" "python-requests/2.22.0"
117.187.117.6 - - [02/Aug/2024:04:43:00 +0600] "GET /stacks HTTP/1.1" 404 705 "-" "Mozilla/5.0 zgrab/0.x"
114.217.30.210 - - [02/Aug/2024:04:55:52 +0600] "GET /stacks HTTP/1.1" 404 705 "-" "Mozilla/5.0 zgrab/0.x"
167.94.138.123 - - [02/Aug/2024:04:56:09 +0600] "GET / HTTP/1.1" 404 1236 "-" "-"
167.94.138.123 - - [02/Aug/2024:04:56:14 +0600] "GET / HTTP/1.1" 404 705 "-" "Mozilla/5.0 (compatible; CensysInspect/1.1; +https://about.censys.io/)"
141.98.11.25 - - [02/Aug/2024:05:08:15 +0600] "POST /ws/v1/cluster/apps/new-application HTTP/1.1" 404 705 "-" "python-requests/2.22.0"
141.98.11.25 - - [02/Aug/2024:07:17:09 +0600] "POST /ws/v1/cluster/apps/new-application HTTP/1.1" 404 705 "-" "python-requests/2.22.0"
167.94.138.37 - - [02/Aug/2024:07:37:48 +0600] "GET / HTTP/1.1" 404 1236 "-" "-"
167.94.138.37 - - [02/Aug/2024:07:37:53 +0600] "GET / HTTP/1.1" 404 705 "-" "Mozilla/5.0 (compatible; CensysInspect/1.1; +https://about.censys.io/)"
198.235.24.138 - - [02/Aug/2024:08:04:00 +0600] "GET / HTTP/1.0" 404 1236 "-" "Expanse, a Palo Alto Networks company, searches across the global IPv4 space multiple times per day to identify customers' presences on the Internet. If you would like to be excluded from our scans, please send IP addresses/domains to: scaninfo@paloaltonetworks.com"
74.82.47.3 - - [02/Aug/2024:08:40:35 +0600] "GET / HTTP/1.1" 404 705 "-" "Mozilla/5.0 (Windows NT 6.1; Win64; x64) AppleWebKit/537.36 (KHTML, like Gecko) Chrome/109.0.0.0 Safari/537.36"
74.82.47.3 - - [02/Aug/2024:08:40:49 +0600] "GET /favicon.ico HTTP/1.1" 404 705 "-" "Mozilla/5.0 (Macintosh; Intel Mac OS X 10_15_7) AppleWebKit/537.36 (KHTML, like Gecko) Chrome/122.0.0.0 Safari/537.36"
141.98.11.13 - - [02/Aug/2024:10:01:17 +0600] "POST /ws/v1/cluster/apps/new-application HTTP/1.1" 404 705 "-" "python-requests/2.22.0"
141.98.11.13 - - [02/Aug/2024:10:45:05 +0600] "POST /ws/v1/cluster/apps/new-application HTTP/1.1" 404 705 "-" "python-requests/2.22.0"
141.98.11.13 - - [02/Aug/2024:11:31:04 +0600] "POST /ws/v1/cluster/apps/new-application HTTP/1.1" 404 705 "-" "python-requests/2.22.0"
140.238.153.39 - - [02/Aug/2024:13:57:32 +0600] "GET /stacks HTTP/1.1" 404 705 "-" "Mozilla/5.0 zgrab/0.x"
14.216.185.179 - - [02/Aug/2024:14:30:40 +0600] "GET /stacks HTTP/1.1" 404 705 "-" "Mozilla/5.0 zgrab/0.x"
1.117.221.245 - - [02/Aug/2024:14:37:35 +0600] "GET /stacks HTTP/1.1" 404 705 "-" "Mozilla/5.0 zgrab/0.x"
141.98.11.13 - - [02/Aug/2024:14:59:04 +0600] "POST /ws/v1/cluster/apps/new-application HTTP/1.1" 404 705 "-" "python-requests/2.22.0"
199.204.96.22 - - [02/Aug/2024:15:23:34 +0600] "POST /ws/v1/cluster/apps/new-application HTTP/1.1" 404 705 "-" "Mozilla/5.0"
141.98.11.128 - - [02/Aug/2024:15:46:55 +0600] "POST /ws/v1/cluster/apps/new-application HTTP/1.1" 404 705 "-" "python-requests/2.22.0"
141.98.11.128 - - [02/Aug/2024:16:38:46 +0600] "POST /ws/v1/cluster/apps/new-application HTTP/1.1" 404 705 "-" "python-requests/2.22.0"
64.31.39.245 - - [02/Aug/2024:19:52:03 +0600] "POST /ws/v1/cluster/apps/new-application HTTP/1.1" 404 705 "-" "python-requests/2.22.0"
152.32.181.210 - - [02/Aug/2024:20:08:18 +0600] "GET / HTTP/1.1" 404 1236 "-" "Mozilla/5.0 (Macintosh; Intel Mac OS X 10_15_7) AppleWebKit/537.36 (KHTML, like Gecko) Chrome/120.0.0.0 Safari/537.36 Edg/120.0.0.0"
152.32.181.210 - - [02/Aug/2024:20:08:23 +0600] "GET /favicon.ico HTTP/1.1" 404 705 "-" "Mozilla/5.0 (Macintosh; Intel Mac OS X 10_7_0) AppleWebKit/535.11 (KHTML, like Gecko) Chrome/17.0.963.56 Safari/535.11"
152.32.181.210 - - [02/Aug/2024:20:08:24 +0600] "GET /sitemap.xml HTTP/1.1" 404 705 "-" "Mozilla/5.0 (Macintosh; Intel Mac OS X 10_7_0) AppleWebKit/535.11 (KHTML, like Gecko) Chrome/17.0.963.56 Safari/535.11"
152.32.181.210 - - [02/Aug/2024:20:08:24 +0600] "GET /robots.txt HTTP/1.1" 404 705 "-" "Mozilla/5.0 (Macintosh; Intel Mac OS X 10_7_0) AppleWebKit/535.11 (KHTML, like Gecko) Chrome/17.0.963.56 Safari/535.11"
5.59.248.52 - - [02/Aug/2024:21:31:36 +0600] "POST /ws/v1/cluster/apps/new-application HTTP/1.1" 404 705 "-" "python-requests/2.22.0"
113.200.98.17 - - [02/Aug/2024:22:07:55 +0600] "GET /stacks HTTP/1.1" 404 705 "-" "Mozilla/5.0 zgrab/0.x"
141.98.11.128 - - [02/Aug/2024:22:18:33 +0600] "POST /ws/v1/cluster/apps/new-application HTTP/1.1" 404 705 "-" "python-requests/2.22.0"
5.59.248.10 - - [02/Aug/2024:23:37:33 +0600] "POST /ws/v1/cluster/apps/new-application HTTP/1.1" 404 705 "-" "python-requests/2.22.0"
141.98.11.13 - - [02/Aug/2024:23:37:47 +0600] "POST /ws/v1/cluster/apps/new-application HTTP/1.1" 404 705 "-" "python-requests/2.22.0"
1.117.221.245 - - [02/Aug/2024:23:47:49 +0600] "GET /stacks HTTP/1.1" 404 705 "-" "Mozilla/5.0 zgrab/0.x"
141.98.11.13 - - [02/Aug/2024:23:59:06 +0600] "POST /ws/v1/cluster/apps/new-application HTTP/1.1" 404 705 "-" "python-requests/2.22.0"
39.104.134.58 - - [03/Aug/2024:00:39:18 +0600] "GET /stacks HTTP/1.1" 404 705 "-" "Mozilla/5.0 zgrab/0.x"
180.103.125.126 - - [03/Aug/2024:02:39:38 +0600] "GET /stacks HTTP/1.1" 404 705 "-" "Mozilla/5.0 zgrab/0.x"
185.169.4.104 - - [03/Aug/2024:02:46:50 +0600] "POST /ws/v1/cluster/apps/new-application HTTP/1.1" 404 705 "-" "python-requests/2.22.0"
47.97.122.13 - - [03/Aug/2024:03:30:49 +0600] "GET /stacks HTTP/1.1" 404 705 "-" "Mozilla/5.0 zgrab/0.x"
147.185.132.91 - - [03/Aug/2024:04:37:52 +0600] "GET / HTTP/1.1" 404 705 "-" "Expanse, a Palo Alto Networks company, searches across the global IPv4 space multiple times per day to identify customers' presences on the Internet. If you would like to be excluded from our scans, please send IP addresses/domains to: scaninfo@paloaltonetworks.com"
1.14.250.37 - - [03/Aug/2024:06:47:11 +0600] "GET /stacks HTTP/1.1" 404 705 "-" "Mozilla/5.0 zgrab/0.x"
198.235.24.198 - - [03/Aug/2024:07:14:31 +0600] "GET / HTTP/1.0" 404 1236 "-" "Expanse, a Palo Alto Networks company, searches across the global IPv4 space multiple times per day to identify customers' presences on the Internet. If you would like to be excluded from our scans, please send IP addresses/domains to: scaninfo@paloaltonetworks.com"
89.205.98.205 - - [03/Aug/2024:07:29:29 +0600] "GET /favicon.ico HTTP/1.1" 404 705 "-" "Mozilla/5.0 (Macintosh; U; Intel Mac OS X 10_5_7; en-us) AppleWebKit/531.2+ (KHTML, like Gecko) Version/4.0.1 Safari/530.18"
89.205.98.205 - - [03/Aug/2024:07:29:30 +0600] "GET /favicon.ico HTTP/1.1" 404 705 "-" "Mozilla/5.0 (Macintosh; U; Intel Mac OS X 10_5_7; en-us) AppleWebKit/531.2+ (KHTML, like Gecko) Version/4.0.1 Safari/530.18"
89.205.98.205 - - [03/Aug/2024:07:29:30 +0600] "GET / HTTP/1.1" 404 705 "-" "Mozilla/5.0 (Macintosh; U; Intel Mac OS X 10_5_7; en-us) AppleWebKit/531.2+ (KHTML, like Gecko) Version/4.0.1 Safari/530.18"
89.205.98.205 - - [03/Aug/2024:07:29:31 +0600] "GET /favicon.ico HTTP/1.1" 404 705 "-" "Mozilla/5.0 (Macintosh; U; Intel Mac OS X 10_5_7; en-us) AppleWebKit/531.2+ (KHTML, like Gecko) Version/4.0.1 Safari/530.18"
89.205.98.205 - - [03/Aug/2024:07:29:31 +0600] "GET / HTTP/1.1" 404 705 "-" "Mozilla/5.0 (Macintosh; U; Intel Mac OS X 10_5_7; en-us) AppleWebKit/531.2+ (KHTML, like Gecko) Version/4.0.1 Safari/530.18"
89.205.98.205 - - [03/Aug/2024:07:29:32 +0600] "GET /favicon.ico HTTP/1.1" 404 705 "-" "Mozilla/5.0 (Macintosh; U; Intel Mac OS X 10_5_7; en-us) AppleWebKit/531.2+ (KHTML, like Gecko) Version/4.0.1 Safari/530.18"
89.205.98.205 - - [03/Aug/2024:07:29:32 +0600] "GET / HTTP/1.1" 404 705 "-" "Mozilla/5.0 (Macintosh; U; Intel Mac OS X 10_5_7; en-us) AppleWebKit/531.2+ (KHTML, like Gecko) Version/4.0.1 Safari/530.18"
89.205.98.205 - - [03/Aug/2024:07:29:33 +0600] "GET / HTTP/1.1" 404 705 "-" "Mozilla/5.0 (Macintosh; U; Intel Mac OS X 10_5_7; en-us) AppleWebKit/531.2+ (KHTML, like Gecko) Version/4.0.1 Safari/530.18"
89.205.98.205 - - [03/Aug/2024:07:29:33 +0600] "GET / HTTP/1.1" 404 705 "-" "Mozilla/5.0 (Macintosh; U; Intel Mac OS X 10_5_7; en-us) AppleWebKit/531.2+ (KHTML, like Gecko) Version/4.0.1 Safari/530.18"
89.205.98.205 - - [03/Aug/2024:07:29:34 +0600] "GET /login.rsp HTTP/1.1" 404 705 "-" "Mozilla/5.0 (Macintosh; U; Intel Mac OS X 10_5_7; en-us) AppleWebKit/531.2+ (KHTML, like Gecko) Version/4.0.1 Safari/530.18"
89.205.98.205 - - [03/Aug/2024:07:29:34 +0600] "GET / HTTP/1.1" 404 705 "-" "Mozilla/5.0 (Macintosh; U; Intel Mac OS X 10_5_7; en-us) AppleWebKit/531.2+ (KHTML, like Gecko) Version/4.0.1 Safari/530.18"
89.205.98.205 - - [03/Aug/2024:07:29:34 +0600] "GET /image/lgbg.jpg HTTP/1.1" 404 705 "-" "Mozilla/5.0 (Macintosh; U; Intel Mac OS X 10_5_7; en-us) AppleWebKit/531.2+ (KHTML, like Gecko) Version/4.0.1 Safari/530.18"
89.205.98.205 - - [03/Aug/2024:07:29:35 +0600] "GET / HTTP/1.1" 404 705 "-" "Mozilla/5.0 (Macintosh; U; Intel Mac OS X 10_5_7; en-us) AppleWebKit/531.2+ (KHTML, like Gecko) Version/4.0.1 Safari/530.18"
89.205.98.205 - - [03/Aug/2024:07:29:35 +0600] "GET / HTTP/1.1" 404 705 "-" "Mozilla/5.0 (Macintosh; U; Intel Mac OS X 10_5_7; en-us) AppleWebKit/531.2+ (KHTML, like Gecko) Version/4.0.1 Safari/530.18"
89.205.98.205 - - [03/Aug/2024:07:29:36 +0600] "GET / HTTP/1.1" 404 705 "-" "Mozilla/5.0 (Macintosh; U; Intel Mac OS X 10_5_7; en-us) AppleWebKit/531.2+ (KHTML, like Gecko) Version/4.0.1 Safari/530.18"
89.205.98.205 - - [03/Aug/2024:07:29:36 +0600] "GET / HTTP/1.1" 404 705 "-" "Mozilla/5.0 (Macintosh; U; Intel Mac OS X 10_5_7; en-us) AppleWebKit/531.2+ (KHTML, like Gecko) Version/4.0.1 Safari/530.18"
89.205.98.205 - - [03/Aug/2024:07:29:37 +0600] "GET / HTTP/1.1" 404 705 "-" "Mozilla/5.0 (Macintosh; U; Intel Mac OS X 10_5_7; en-us) AppleWebKit/531.2+ (KHTML, like Gecko) Version/4.0.1 Safari/530.18"
89.205.98.205 - - [03/Aug/2024:07:29:37 +0600] "GET /favicon.ico HTTP/1.1" 404 705 "-" "Mozilla/5.0 (Macintosh; U; Intel Mac OS X 10_5_7; en-us) AppleWebKit/531.2+ (KHTML, like Gecko) Version/4.0.1 Safari/530.18"
89.205.98.205 - - [03/Aug/2024:07:29:38 +0600] "GET / HTTP/1.1" 404 705 "-" "Mozilla/5.0 (Macintosh; U; Intel Mac OS X 10_5_7; en-us) AppleWebKit/531.2+ (KHTML, like Gecko) Version/4.0.1 Safari/530.18"
89.205.98.205 - - [03/Aug/2024:07:29:38 +0600] "GET / HTTP/1.1" 404 705 "-" "Mozilla/5.0 (Macintosh; U; Intel Mac OS X 10_5_7; en-us) AppleWebKit/531.2+ (KHTML, like Gecko) Version/4.0.1 Safari/530.18"
89.205.98.205 - - [03/Aug/2024:07:29:39 +0600] "GET /favicon.ico HTTP/1.1" 404 705 "-" "Mozilla/5.0 (Macintosh; U; Intel Mac OS X 10_5_7; en-us) AppleWebKit/531.2+ (KHTML, like Gecko) Version/4.0.1 Safari/530.18"
89.205.98.205 - - [03/Aug/2024:07:29:39 +0600] "GET / HTTP/1.1" 404 705 "-" "Mozilla/5.0 (Macintosh; U; Intel Mac OS X 10_5_7; en-us) AppleWebKit/531.2+ (KHTML, like Gecko) Version/4.0.1 Safari/530.18"
89.205.98.205 - - [03/Aug/2024:07:29:40 +0600] "GET /favicon.ico HTTP/1.1" 404 705 "-" "Mozilla/5.0 (Macintosh; U; Intel Mac OS X 10_5_7; en-us) AppleWebKit/531.2+ (KHTML, like Gecko) Version/4.0.1 Safari/530.18"
89.205.98.205 - - [03/Aug/2024:07:29:40 +0600] "GET / HTTP/1.1" 404 705 "-" "Mozilla/5.0 (Macintosh; U; Intel Mac OS X 10_5_7; en-us) AppleWebKit/531.2+ (KHTML, like Gecko) Version/4.0.1 Safari/530.18"
89.205.98.205 - - [03/Aug/2024:07:29:41 +0600] "GET / HTTP/1.1" 404 705 "-" "Mozilla/5.0 (Macintosh; U; Intel Mac OS X 10_5_7; en-us) AppleWebKit/531.2+ (KHTML, like Gecko) Version/4.0.1 Safari/530.18"
89.205.98.205 - - [03/Aug/2024:07:29:41 +0600] "GET / HTTP/1.1" 404 705 "-" "Mozilla/5.0 (Macintosh; U; Intel Mac OS X 10_5_7; en-us) AppleWebKit/531.2+ (KHTML, like Gecko) Version/4.0.1 Safari/530.18"
89.205.98.205 - - [03/Aug/2024:07:29:42 +0600] "GET / HTTP/1.1" 404 705 "-" "Mozilla/5.0 (Macintosh; U; Intel Mac OS X 10_5_7; en-us) AppleWebKit/531.2+ (KHTML, like Gecko) Version/4.0.1 Safari/530.18"
89.205.98.205 - - [03/Aug/2024:07:29:42 +0600] "GET / HTTP/1.1" 404 705 "-" "Mozilla/5.0 (Macintosh; U; Intel Mac OS X 10_5_7; en-us) AppleWebKit/531.2+ (KHTML, like Gecko) Version/4.0.1 Safari/530.18"
89.205.98.205 - - [03/Aug/2024:07:29:43 +0600] "GET / HTTP/1.1" 404 705 "-" "Mozilla/5.0 (Macintosh; U; Intel Mac OS X 10_5_7; en-us) AppleWebKit/531.2+ (KHTML, like Gecko) Version/4.0.1 Safari/530.18"
89.205.98.205 - - [03/Aug/2024:07:29:43 +0600] "GET / HTTP/1.1" 404 705 "-" "Mozilla/5.0 (Macintosh; U; Intel Mac OS X 10_5_7; en-us) AppleWebKit/531.2+ (KHTML, like Gecko) Version/4.0.1 Safari/530.18"
89.205.98.205 - - [03/Aug/2024:07:29:44 +0600] "GET / HTTP/1.1" 404 705 "-" "Mozilla/5.0 (Macintosh; U; Intel Mac OS X 10_5_7; en-us) AppleWebKit/531.2+ (KHTML, like Gecko) Version/4.0.1 Safari/530.18"
89.205.98.205 - - [03/Aug/2024:07:29:44 +0600] "GET / HTTP/1.1" 404 705 "-" "Mozilla/5.0 (Macintosh; U; Intel Mac OS X 10_5_7; en-us) AppleWebKit/531.2+ (KHTML, like Gecko) Version/4.0.1 Safari/530.18"
220.248.173.137 - - [03/Aug/2024:07:35:16 +0600] "GET /stacks HTTP/1.1" 404 705 "-" "Mozilla/5.0 zgrab/0.x"
141.98.11.13 - - [03/Aug/2024:08:58:22 +0600] "POST /ws/v1/cluster/apps/new-application HTTP/1.1" 404 705 "-" "python-requests/2.22.0"
111.229.36.14 - - [03/Aug/2024:10:41:10 +0600] "GET /stacks HTTP/1.1" 404 705 "-" "Mozilla/5.0 zgrab/0.x"
101.35.103.64 - - [03/Aug/2024:10:59:50 +0600] "GET /stacks HTTP/1.1" 404 705 "-" "Mozilla/5.0 zgrab/0.x"
221.130.29.85 - - [03/Aug/2024:11:28:54 +0600] "GET /stacks HTTP/1.1" 404 705 "-" "Mozilla/5.0 zgrab/0.x"
185.169.4.104 - - [03/Aug/2024:12:43:33 +0600] "POST /ws/v1/cluster/apps/new-application HTTP/1.1" 404 705 "-" "python-requests/2.22.0"
183.56.193.14 - - [03/Aug/2024:13:43:30 +0600] "GET /stacks HTTP/1.1" 404 705 "-" "Mozilla/5.0 zgrab/0.x"
75.119.146.74 - - [03/Aug/2024:14:45:49 +0600] "POST /ws/v1/cluster/apps/new-application HTTP/1.1" 404 705 "-" "python-requests/2.32.3"
162.142.125.212 - - [03/Aug/2024:16:05:32 +0600] "GET / HTTP/1.1" 404 1236 "-" "-"
162.142.125.212 - - [03/Aug/2024:16:05:36 +0600] "GET / HTTP/1.1" 404 705 "-" "Mozilla/5.0 (compatible; CensysInspect/1.1; +https://about.censys.io/)"
141.98.11.151 - - [03/Aug/2024:16:16:19 +0600] "POST /ws/v1/cluster/apps/new-application HTTP/1.1" 404 705 "-" "python-requests/2.22.0"
75.119.146.74 - - [03/Aug/2024:16:18:57 +0600] "POST /ws/v1/cluster/apps/new-application HTTP/1.1" 404 705 "-" "python-requests/2.32.3"
64.31.39.245 - - [03/Aug/2024:16:35:20 +0600] "POST /ws/v1/cluster/apps/new-application HTTP/1.1" 404 705 "-" "python-requests/2.22.0"
5.59.248.10 - - [03/Aug/2024:17:09:25 +0600] "POST /ws/v1/cluster/apps/new-application HTTP/1.1" 404 705 "-" "python-requests/2.22.0"
39.99.227.210 - - [03/Aug/2024:17:25:43 +0600] "GET /stacks HTTP/1.1" 404 705 "-" "Mozilla/5.0 zgrab/0.x"
199.204.96.22 - - [03/Aug/2024:17:44:25 +0600] "POST /ws/v1/cluster/apps/new-application HTTP/1.1" 404 705 "-" "Mozilla/5.0"
64.62.197.149 - - [03/Aug/2024:17:45:29 +0600] "GET / HTTP/1.1" 404 705 "-" "Mozilla/5.0 (Macintosh; Intel Mac OS X 10.15; rv:125.0) Gecko/20100101 Firefox/125.0"
64.62.197.144 - - [03/Aug/2024:17:45:38 +0600] "GET /favicon.ico HTTP/1.1" 404 705 "-" "Mozilla/5.0 (Linux; Android 10; K) AppleWebKit/537.36 (KHTML, like Gecko) Chrome/122.0.0.0 Mobile Safari/537.36"
167.94.146.51 - - [03/Aug/2024:18:47:19 +0600] "GET / HTTP/1.1" 404 1236 "-" "-"
167.94.146.51 - - [03/Aug/2024:18:47:23 +0600] "GET / HTTP/1.1" 404 705 "-" "Mozilla/5.0 (compatible; CensysInspect/1.1; +https://about.censys.io/)"
101.36.117.15 - - [03/Aug/2024:20:09:07 +0600] "GET / HTTP/1.1" 404 1236 "-" "Mozilla/5.0 (Macintosh; Intel Mac OS X 10_15_7) AppleWebKit/537.36 (KHTML, like Gecko) Chrome/120.0.0.0 Safari/537.36 Edg/120.0.0.0"
101.36.117.15 - - [03/Aug/2024:20:09:12 +0600] "GET /robots.txt HTTP/1.1" 404 705 "-" "Mozilla/5.0 (Macintosh; Intel Mac OS X 10_7_0) AppleWebKit/535.11 (KHTML, like Gecko) Chrome/17.0.963.56 Safari/535.11"
101.36.117.15 - - [03/Aug/2024:20:09:12 +0600] "GET /favicon.ico HTTP/1.1" 404 705 "-" "Mozilla/5.0 (Macintosh; Intel Mac OS X 10_7_0) AppleWebKit/535.11 (KHTML, like Gecko) Chrome/17.0.963.56 Safari/535.11"
101.36.117.15 - - [03/Aug/2024:20:09:13 +0600] "GET /sitemap.xml HTTP/1.1" 404 705 "-" "Mozilla/5.0 (Macintosh; Intel Mac OS X 10_7_0) AppleWebKit/535.11 (KHTML, like Gecko) Chrome/17.0.963.56 Safari/535.11"
101.133.225.217 - - [03/Aug/2024:20:19:01 +0600] "GET /stacks HTTP/1.1" 404 705 "-" "Mozilla/5.0 zgrab/0.x"
64.31.39.245 - - [03/Aug/2024:21:46:52 +0600] "POST /ws/v1/cluster/apps/new-application HTTP/1.1" 404 705 "-" "python-requests/2.22.0"
64.31.39.245 - - [03/Aug/2024:22:37:52 +0600] "POST /ws/v1/cluster/apps/new-application HTTP/1.1" 404 705 "-" "python-requests/2.22.0"
5.59.248.52 - - [04/Aug/2024:00:47:24 +0600] "POST /ws/v1/cluster/apps/new-application HTTP/1.1" 404 705 "-" "python-requests/2.22.0"
164.92.179.232 - - [04/Aug/2024:01:51:38 +0600] "GET / HTTP/1.0" 404 1236 "-" "-"
68.183.219.99 - - [04/Aug/2024:01:51:55 +0600] "GET /v2/_catalog HTTP/1.1" 404 1236 "-" "Go-http-client/1.1"
188.166.166.125 - - [04/Aug/2024:01:51:55 +0600] "GET /solr/admin/info/system HTTP/1.1" 404 1236 "-" "Go-http-client/1.1"
64.226.67.216 - - [04/Aug/2024:01:51:55 +0600] "GET /cgi-bin/authLogin.cgi HTTP/1.1" 404 1236 "-" "Go-http-client/1.1"
188.166.166.125 - - [04/Aug/2024:01:51:55 +0600] "GET /solr/admin/cores?action=STATUS&wt=json HTTP/1.1" 404 1236 "-" "Go-http-client/1.1"
64.226.67.216 - - [04/Aug/2024:01:51:55 +0600] "GET / HTTP/1.1" 404 705 "-" "Mozilla/5.0 (compatible; Odin; https://docs.getodin.com/)"
207.154.253.178 - - [04/Aug/2024:01:51:55 +0600] "GET /query?q=SHOW+DIAGNOSTICS HTTP/1.1" 404 1236 "-" "Go-http-client/1.1"
167.94.145.104 - - [04/Aug/2024:02:45:45 +0600] "GET / HTTP/1.1" 404 1236 "-" "-"
167.94.145.104 - - [04/Aug/2024:02:45:49 +0600] "GET / HTTP/1.1" 404 705 "-" "Mozilla/5.0 (compatible; CensysInspect/1.1; +https://about.censys.io/)"
141.98.11.13 - - [04/Aug/2024:04:57:53 +0600] "POST /ws/v1/cluster/apps/new-application HTTP/1.1" 404 705 "-" "python-requests/2.22.0"
52.53.215.166 - - [04/Aug/2024:04:58:23 +0600] "GET /ws/v1/cluster HTTP/1.1" 404 705 "-" "Mozilla/5.0 (Macintosh; Intel Mac OS X 10_11_5) AppleWebKit/537.36 (KHTML, like Gecko) Chrome/50.0.2661.102 Safari/537.36"
52.53.215.166 - - [04/Aug/2024:04:58:23 +0600] "GET / HTTP/1.1" 404 705 "-" "Mozilla/5.0 (Macintosh; Intel Mac OS X 10_11_5) AppleWebKit/537.36 (KHTML, like Gecko) Chrome/50.0.2661.102 Safari/537.36"
52.76.71.100 - - [04/Aug/2024:05:00:09 +0600] "GET /favicon.ico HTTP/1.1" 404 1236 "-" "Go-http-client/1.1"
118.123.105.92 - - [04/Aug/2024:05:27:05 +0600] "GET / HTTP/1.1" 404 705 "-" "Mozilla/5.0 (X11; Linux x86_64) AppleWebKit/537.36 (KHTML, like Gecko) Chrome/86.0.4 240.111 Safari/537.36"
118.123.105.92 - - [04/Aug/2024:05:28:47 +0600] "GET / HTTP/1.0" 404 1236 "-" "-"
118.123.105.92 - - [04/Aug/2024:05:28:48 +0600] "GET /favicon.ico HTTP/1.1" 404 705 "-" "Mozilla/5.0 (X11; Linux x86_64) AppleWebKit/537.36 (KHTML, like Gecko) Chrome/86.0.4 240.111 Safari/537.36"
118.123.105.92 - - [04/Aug/2024:05:28:48 +0600] "GET /robots.txt HTTP/1.1" 404 705 "-" "Mozilla/5.0 (X11; Linux x86_64) AppleWebKit/537.36 (KHTML, like Gecko) Chrome/86.0.4 240.111 Safari/537.36"
118.123.105.92 - - [04/Aug/2024:05:28:49 +0600] "GET /.well-known/security.txt HTTP/1.1" 404 705 "-" "Mozilla/5.0 (X11; Linux x86_64) AppleWebKit/537.36 (KHTML, like Gecko) Chrome/86.0.4 240.111 Safari/537.36"
205.210.31.105 - - [04/Aug/2024:06:06:10 +0600] "GET / HTTP/1.1" 404 705 "-" "Expanse, a Palo Alto Networks company, searches across the global IPv4 space multiple times per day to identify customers' presences on the Internet. If you would like to be excluded from our scans, please send IP addresses/domains to: scaninfo@paloaltonetworks.com"
205.210.31.162 - - [04/Aug/2024:06:21:09 +0600] "GET / HTTP/1.0" 404 1236 "-" "Expanse, a Palo Alto Networks company, searches across the global IPv4 space multiple times per day to identify customers' presences on the Internet. If you would like to be excluded from our scans, please send IP addresses/domains to: scaninfo@paloaltonetworks.com"
5.59.248.10 - - [04/Aug/2024:06:36:07 +0600] "POST /ws/v1/cluster/apps/new-application HTTP/1.1" 404 705 "-" "python-requests/2.22.0"
64.31.39.245 - - [04/Aug/2024:06:39:26 +0600] "POST /ws/v1/cluster/apps/new-application HTTP/1.1" 404 705 "-" "python-requests/2.22.0"
141.98.11.151 - - [04/Aug/2024:06:58:14 +0600] "POST /ws/v1/cluster/apps/new-application HTTP/1.1" 404 705 "-" "python-requests/2.22.0"
64.31.39.245 - - [04/Aug/2024:07:07:50 +0600] "POST /ws/v1/cluster/apps/new-application HTTP/1.1" 404 705 "-" "python-requests/2.22.0"
14.216.178.66 - - [04/Aug/2024:07:13:20 +0600] "GET /stacks HTTP/1.1" 404 705 "-" "Mozilla/5.0 zgrab/0.x"
164.92.143.245 - - [04/Aug/2024:07:27:44 +0600] "GET / HTTP/1.0" 404 1236 "-" "-"
134.209.227.96 - - [04/Aug/2024:07:28:01 +0600] "GET /v2/_catalog HTTP/1.1" 404 1236 "-" "Go-http-client/1.1"
68.183.219.99 - - [04/Aug/2024:07:28:01 +0600] "GET /solr/admin/info/system HTTP/1.1" 404 1236 "-" "Go-http-client/1.1"
64.226.67.190 - - [04/Aug/2024:07:28:01 +0600] "GET / HTTP/1.1" 404 705 "-" "Mozilla/5.0 (compatible; Odin; https://docs.getodin.com/)"
134.209.227.204 - - [04/Aug/2024:07:28:01 +0600] "GET /query?q=SHOW+DIAGNOSTICS HTTP/1.1" 404 1236 "-" "Go-http-client/1.1"
134.122.75.39 - - [04/Aug/2024:07:28:02 +0600] "GET /cgi-bin/authLogin.cgi HTTP/1.1" 404 1236 "-" "Go-http-client/1.1"
68.183.219.99 - - [04/Aug/2024:07:28:02 +0600] "GET /solr/admin/cores?action=STATUS&wt=json HTTP/1.1" 404 1236 "-" "Go-http-client/1.1"
141.98.11.151 - - [04/Aug/2024:07:31:06 +0600] "POST /ws/v1/cluster/apps/new-application HTTP/1.1" 404 705 "-" "python-requests/2.22.0"
113.200.98.17 - - [04/Aug/2024:07:35:35 +0600] "GET /stacks HTTP/1.1" 404 705 "-" "Mozilla/5.0 zgrab/0.x"
39.106.18.244 - - [04/Aug/2024:07:49:22 +0600] "GET /stacks HTTP/1.1" 404 705 "-" "Mozilla/5.0 zgrab/0.x"
39.108.251.77 - - [04/Aug/2024:08:03:17 +0600] "GET /stacks HTTP/1.1" 404 705 "-" "Mozilla/5.0 zgrab/0.x"
1.14.250.37 - - [04/Aug/2024:08:06:15 +0600] "GET /stacks HTTP/1.1" 404 705 "-" "Mozilla/5.0 zgrab/0.x"
141.98.11.13 - - [04/Aug/2024:08:25:11 +0600] "POST /ws/v1/cluster/apps/new-application HTTP/1.1" 404 705 "-" "python-requests/2.22.0"
42.192.51.120 - - [04/Aug/2024:09:46:11 +0600] "GET /stacks HTTP/1.1" 404 705 "-" "Mozilla/5.0 zgrab/0.x"
185.169.4.104 - - [04/Aug/2024:10:07:43 +0600] "POST /ws/v1/cluster/apps/new-application HTTP/1.1" 404 705 "-" "python-requests/2.22.0"
52.76.71.100 - - [04/Aug/2024:10:49:13 +0600] "GET /favicon.ico HTTP/1.1" 404 1236 "-" "Go-http-client/1.1"
121.15.134.186 - - [04/Aug/2024:13:32:28 +0600] "GET /stacks HTTP/1.1" 404 705 "-" "Mozilla/5.0 zgrab/0.x"
117.187.117.6 - - [04/Aug/2024:13:36:14 +0600] "GET /stacks HTTP/1.1" 404 705 "-" "Mozilla/5.0 zgrab/0.x"
5.59.248.52 - - [04/Aug/2024:14:01:35 +0600] "POST /ws/v1/cluster/apps/new-application HTTP/1.1" 404 705 "-" "python-requests/2.22.0"
141.98.11.13 - - [04/Aug/2024:14:22:02 +0600] "POST /ws/v1/cluster/apps/new-application HTTP/1.1" 404 705 "-" "python-requests/2.22.0"
5.59.248.52 - - [04/Aug/2024:14:59:37 +0600] "POST /ws/v1/cluster/apps/new-application HTTP/1.1" 404 705 "-" "python-requests/2.22.0"
182.43.8.193 - - [04/Aug/2024:15:52:00 +0600] "GET /stacks HTTP/1.1" 404 705 "-" "Mozilla/5.0 zgrab/0.x"
1.14.13.19 - - [04/Aug/2024:15:57:11 +0600] "GET /stacks HTTP/1.1" 404 705 "-" "Mozilla/5.0 zgrab/0.x"
118.194.251.141 - - [04/Aug/2024:16:01:01 +0600] "GET / HTTP/1.1" 404 1236 "-" "Mozilla/5.0 (Macintosh; Intel Mac OS X 10_15_7) AppleWebKit/537.36 (KHTML, like Gecko) Chrome/120.0.0.0 Safari/537.36 Edg/120.0.0.0"
118.194.251.141 - - [04/Aug/2024:16:01:06 +0600] "GET /favicon.ico HTTP/1.1" 404 705 "-" "Mozilla/5.0 (Macintosh; Intel Mac OS X 10_7_0) AppleWebKit/535.11 (KHTML, like Gecko) Chrome/17.0.963.56 Safari/535.11"
118.194.251.141 - - [04/Aug/2024:16:01:06 +0600] "GET /robots.txt HTTP/1.1" 404 705 "-" "Mozilla/5.0 (Macintosh; Intel Mac OS X 10_7_0) AppleWebKit/535.11 (KHTML, like Gecko) Chrome/17.0.963.56 Safari/535.11"
118.194.251.141 - - [04/Aug/2024:16:01:06 +0600] "GET /sitemap.xml HTTP/1.1" 404 705 "-" "Mozilla/5.0 (Macintosh; Intel Mac OS X 10_7_0) AppleWebKit/535.11 (KHTML, like Gecko) Chrome/17.0.963.56 Safari/535.11"
64.62.197.171 - - [04/Aug/2024:16:09:22 +0600] "GET / HTTP/1.1" 404 705 "-" "Mozilla/5.0 (Windows NT 6.1; rv:102.0) Gecko/20100101 Goanna/6.6 Firefox/102.0 PaleMoon/33.0.0"
64.62.197.170 - - [04/Aug/2024:16:09:39 +0600] "GET /favicon.ico HTTP/1.1" 404 705 "-" "Mozilla/5.0 (Macintosh; Intel Mac OS X 10_15_7) AppleWebKit/537.36 (KHTML, like Gecko) Chrome/120.0.0.0 Safari/537.36"
141.98.11.151 - - [04/Aug/2024:18:21:35 +0600] "POST /ws/v1/cluster/apps/new-application HTTP/1.1" 404 705 "-" "python-requests/2.22.0"
106.53.148.82 - - [04/Aug/2024:18:50:59 +0600] "GET /stacks HTTP/1.1" 404 705 "-" "Mozilla/5.0 zgrab/0.x"
118.193.65.209 - - [04/Aug/2024:20:09:19 +0600] "GET / HTTP/1.1" 404 1236 "-" "Mozilla/5.0 (Macintosh; Intel Mac OS X 10_15_7) AppleWebKit/537.36 (KHTML, like Gecko) Chrome/120.0.0.0 Safari/537.36 Edg/120.0.0.0"
118.193.65.209 - - [04/Aug/2024:20:09:24 +0600] "GET /favicon.ico HTTP/1.1" 404 705 "-" "Mozilla/5.0 (Macintosh; Intel Mac OS X 10_7_0) AppleWebKit/535.11 (KHTML, like Gecko) Chrome/17.0.963.56 Safari/535.11"
118.193.65.209 - - [04/Aug/2024:20:09:25 +0600] "GET /robots.txt HTTP/1.1" 404 705 "-" "Mozilla/5.0 (Macintosh; Intel Mac OS X 10_7_0) AppleWebKit/535.11 (KHTML, like Gecko) Chrome/17.0.963.56 Safari/535.11"
118.193.65.209 - - [04/Aug/2024:20:09:25 +0600] "GET /sitemap.xml HTTP/1.1" 404 705 "-" "Mozilla/5.0 (Macintosh; Intel Mac OS X 10_7_0) AppleWebKit/535.11 (KHTML, like Gecko) Chrome/17.0.963.56 Safari/535.11"
47.97.122.13 - - [04/Aug/2024:20:36:48 +0600] "GET /stacks HTTP/1.1" 404 705 "-" "Mozilla/5.0 zgrab/0.x"
185.169.4.104 - - [04/Aug/2024:21:14:51 +0600] "POST /ws/v1/cluster/apps/new-application HTTP/1.1" 404 705 "-" "python-requests/2.22.0"
87.236.176.50 - - [04/Aug/2024:22:47:17 +0600] "GET / HTTP/1.1" 404 705 "-" "Mozilla/5.0 (compatible; InternetMeasurement/1.0; +https://internet-measurement.com/)"
101.91.148.86 - - [05/Aug/2024:02:01:20 +0600] "GET /stacks HTTP/1.1" 404 705 "-" "Mozilla/5.0 zgrab/0.x"
113.200.98.17 - - [05/Aug/2024:02:02:18 +0600] "GET /stacks HTTP/1.1" 404 705 "-" "Mozilla/5.0 zgrab/0.x"
5.59.248.52 - - [05/Aug/2024:02:02:28 +0600] "POST /ws/v1/cluster/apps/new-application HTTP/1.1" 404 705 "-" "python-requests/2.22.0"
185.169.4.104 - - [05/Aug/2024:04:42:31 +0600] "POST /ws/v1/cluster/apps/new-application HTTP/1.1" 404 705 "-" "python-requests/2.22.0"
75.119.146.74 - - [05/Aug/2024:05:21:01 +0600] "POST /ws/v1/cluster/apps/new-application HTTP/1.1" 404 705 "-" "python-requests/2.32.3"
141.98.11.13 - - [05/Aug/2024:06:34:39 +0600] "POST /ws/v1/cluster/apps/new-application HTTP/1.1" 404 705 "-" "python-requests/2.22.0"
185.169.4.104 - - [05/Aug/2024:07:13:34 +0600] "POST /ws/v1/cluster/apps/new-application HTTP/1.1" 404 705 "-" "python-requests/2.22.0"
71.6.134.230 - - [05/Aug/2024:07:24:15 +0600] "GET / HTTP/1.1" 404 705 "-" "Mozilla/5.0 (Windows NT 10.0; Win64; x64) AppleWebKit/537.36 (KHTML, like Gecko) Chrome/102.0.0.0 Safari/537.36"
71.6.134.230 - - [05/Aug/2024:07:24:45 +0600] "GET /favicon.ico HTTP/1.1" 404 1236 "-" "Mozilla/5.0 (Windows NT 10.0; Win64; x64) AppleWebKit/537.36 (KHTML, like Gecko) Chrome/102.0.0.0 Safari/537.36"
198.235.24.37 - - [05/Aug/2024:07:27:59 +0600] "GET / HTTP/1.1" 404 705 "-" "Expanse, a Palo Alto Networks company, searches across the global IPv4 space multiple times per day to identify customers' presences on the Internet. If you would like to be excluded from our scans, please send IP addresses/domains to: scaninfo@paloaltonetworks.com"
141.98.11.151 - - [05/Aug/2024:08:34:59 +0600] "POST /ws/v1/cluster/apps/new-application HTTP/1.1" 404 705 "-" "python-requests/2.22.0"
42.192.210.147 - - [05/Aug/2024:09:34:07 +0600] "GET /stacks HTTP/1.1" 404 705 "-" "Mozilla/5.0 zgrab/0.x"
194.50.16.221 - - [05/Aug/2024:09:54:34 +0600] "GET / HTTP/1.0" 404 705 "-" "Mozilla/5.0 (X11; Ubuntu; Linux x86_64; rv:71.0) Gecko/20100101 Firefox/71.0"
205.210.31.60 - - [05/Aug/2024:13:26:55 +0600] "GET / HTTP/1.0" 404 1236 "-" "Expanse, a Palo Alto Networks company, searches across the global IPv4 space multiple times per day to identify customers' presences on the Internet. If you would like to be excluded from our scans, please send IP addresses/domains to: scaninfo@paloaltonetworks.com"
64.31.39.245 - - [05/Aug/2024:13:53:25 +0600] "POST /ws/v1/cluster/apps/new-application HTTP/1.1" 404 705 "-" "python-requests/2.22.0"
139.162.7.59 - - [05/Aug/2024:14:58:05 +0600] "GET / HTTP/1.0" 404 1236 "-" "-"
139.162.7.59 - - [05/Aug/2024:14:58:15 +0600] "OPTIONS / HTTP/1.0" 404 1236 "-" "-"
139.162.7.59 - - [05/Aug/2024:14:58:46 +0600] "GET /webui HTTP/1.1" 404 1236 "-" "curl/7.54.0"
139.162.7.59 - - [05/Aug/2024:14:58:46 +0600] "GET /user HTTP/1.1" 404 1236 "-" "curl/7.54.0"
139.162.7.59 - - [05/Aug/2024:14:58:46 +0600] "GET /.git/HEAD HTTP/1.1" 404 1236 "-" "curl/7.54.0"
139.162.7.59 - - [05/Aug/2024:14:58:47 +0600] "GET /default.cfm HTTP/1.1" 404 1236 "-" "curl/7.54.0"
139.162.7.59 - - [05/Aug/2024:14:58:47 +0600] "GET /inicio.asp HTTP/1.1" 404 1236 "-" "curl/7.54.0"
139.162.7.59 - - [05/Aug/2024:14:58:47 +0600] "GET /dana-cached/hc/HostCheckerInstaller.osx HTTP/1.1" 404 1236 "-" "curl/7.54.0"
139.162.7.59 - - [05/Aug/2024:14:58:47 +0600] "GET /dana-na/nc/nc_gina_ver.txt HTTP/1.1" 404 1236 "-" "curl/7.54.0"
139.162.7.59 - - [05/Aug/2024:14:58:47 +0600] "GET /main.jsp HTTP/1.1" 404 1236 "-" "curl/7.54.0"
139.162.7.59 - - [05/Aug/2024:14:58:47 +0600] "GET /+CSCOE+/logon.html HTTP/1.1" 404 1236 "-" "curl/7.54.0"
139.162.7.59 - - [05/Aug/2024:14:58:47 +0600] "GET /Portal/Portal.mwsl HTTP/1.1" 404 1236 "-" "curl/7.54.0"
139.162.7.59 - - [05/Aug/2024:14:58:47 +0600] "GET /admin.html HTTP/1.1" 404 1236 "-" "curl/7.54.0"
139.162.7.59 - - [05/Aug/2024:14:58:47 +0600] "GET /user HTTP/1.1" 404 1236 "-" "curl/7.54.0"
139.162.7.59 - - [05/Aug/2024:14:58:47 +0600] "GET /human.aspx HTTP/1.1" 404 1236 "-" "curl/7.54.0"
139.162.7.59 - - [05/Aug/2024:14:58:47 +0600] "GET /index.jsa HTTP/1.1" 404 1236 "-" "curl/7.54.0"
139.162.7.59 - - [05/Aug/2024:14:58:47 +0600] "GET /human.aspx HTTP/1.1" 404 1236 "-" "curl/7.54.0"
139.162.7.59 - - [05/Aug/2024:14:58:47 +0600] "GET /indice.jsp HTTP/1.1" 404 1236 "-" "curl/7.54.0"
139.162.7.59 - - [05/Aug/2024:14:58:48 +0600] "GET /home.asp HTTP/1.1" 404 1236 "-" "curl/7.54.0"
139.162.7.59 - - [05/Aug/2024:14:58:48 +0600] "GET /docs/cplugError.html/ HTTP/1.1" 404 1236 "-" "curl/7.54.0"
139.162.7.59 - - [05/Aug/2024:14:58:48 +0600] "GET /localstart.cgi HTTP/1.1" 404 1236 "-" "curl/7.54.0"
139.162.7.59 - - [05/Aug/2024:14:58:48 +0600] "GET /?=PHPE9568F36-D428-11d2-A769-00AA001ACF42 HTTP/1.1" 404 1236 "-" "curl/7.54.0"
139.162.7.59 - - [05/Aug/2024:14:58:48 +0600] "GET /inicio.aspx HTTP/1.1" 404 1236 "-" "curl/7.54.0"
139.162.7.59 - - [05/Aug/2024:14:58:48 +0600] "GET /?=PHPB8B5F2A0-3C92-11d3-A3A9-4C7B08C10000 HTTP/1.1" 404 1236 "-" "curl/7.54.0"
139.162.7.59 - - [05/Aug/2024:14:58:48 +0600] "GET /localstart.shtml HTTP/1.1" 404 1236 "-" "curl/7.54.0"
139.162.7.59 - - [05/Aug/2024:14:58:48 +0600] "GET /CFIDE/componentutils/ HTTP/1.1" 404 1236 "-" "curl/7.54.0"
139.162.7.59 - - [05/Aug/2024:14:58:48 +0600] "GET /localstart.cfm HTTP/1.1" 404 1236 "-" "curl/7.54.0"
139.162.7.59 - - [05/Aug/2024:14:58:48 +0600] "GET /base.shtml HTTP/1.1" 404 1236 "-" "curl/7.54.0"
139.162.7.59 - - [05/Aug/2024:14:58:48 +0600] "GET /home.pl HTTP/1.1" 404 1236 "-" "curl/7.54.0"
139.162.7.59 - - [05/Aug/2024:14:58:48 +0600] "POST /sdk HTTP/1.1" 404 1236 "-" "curl/7.54.0"
139.162.7.59 - - [05/Aug/2024:14:58:49 +0600] "GET /start.html HTTP/1.1" 404 1236 "-" "curl/7.54.0"
139.162.7.59 - - [05/Aug/2024:14:58:49 +0600] "GET /home.jsp HTTP/1.1" 404 1236 "-" "curl/7.54.0"
139.162.7.59 - - [05/Aug/2024:14:58:49 +0600] "GET /indice.cfm HTTP/1.1" 404 1236 "-" "curl/7.54.0"
139.162.7.59 - - [05/Aug/2024:14:58:49 +0600] "GET /main.aspx HTTP/1.1" 404 1236 "-" "curl/7.54.0"
139.162.7.59 - - [05/Aug/2024:14:58:49 +0600] "GET /readme.txt HTTP/1.1" 404 1236 "-" "curl/7.54.0"
139.162.7.59 - - [05/Aug/2024:14:58:49 +0600] "GET /admin.shtml HTTP/1.1" 404 1236 "-" "curl/7.54.0"
139.162.7.59 - - [05/Aug/2024:14:58:50 +0600] "GET /webui HTTP/1.1" 404 1236 "-" "curl/7.54.0"
139.162.7.59 - - [05/Aug/2024:14:58:50 +0600] "GET /admin.pl HTTP/1.1" 404 1236 "-" "curl/7.54.0"
139.162.7.59 - - [05/Aug/2024:14:58:50 +0600] "GET /home.jsa HTTP/1.1" 404 1236 "-" "curl/7.54.0"
139.162.7.59 - - [05/Aug/2024:14:58:50 +0600] "GET /default.aspx HTTP/1.1" 404 1236 "-" "curl/7.54.0"
139.162.7.59 - - [05/Aug/2024:14:58:50 +0600] "GET /admin.php HTTP/1.1" 404 1236 "-" "curl/7.54.0"
139.162.7.59 - - [05/Aug/2024:14:58:50 +0600] "GET / HTTP/1.1" 404 1236 "-" "curl/7.54.0"
139.162.7.59 - - [05/Aug/2024:14:58:50 +0600] "GET /main.cgi HTTP/1.1" 404 1236 "-" "curl/7.54.0"
139.162.7.59 - - [05/Aug/2024:14:58:50 +0600] "GET /start.jsp HTTP/1.1" 404 1236 "-" "curl/7.54.0"
139.162.7.59 - - [05/Aug/2024:14:58:51 +0600] "GET /menu.jhtml HTTP/1.1" 404 1236 "-" "curl/7.54.0"
139.162.7.59 - - [05/Aug/2024:14:58:51 +0600] "GET /admin.jhtml HTTP/1.1" 404 1236 "-" "curl/7.54.0"
139.162.7.59 - - [05/Aug/2024:14:58:51 +0600] "GET /localstart.pl HTTP/1.1" 404 1236 "-" "curl/7.54.0"
139.162.7.59 - - [05/Aug/2024:14:58:51 +0600] "GET /admin.jsp HTTP/1.1" 404 1236 "-" "curl/7.54.0"
139.162.7.59 - - [05/Aug/2024:14:58:51 +0600] "GET /localstart.jsa HTTP/1.1" 404 1236 "-" "curl/7.54.0"
139.162.7.59 - - [05/Aug/2024:14:58:51 +0600] "GET /main.html HTTP/1.1" 404 1236 "-" "curl/7.54.0"
139.162.7.59 - - [05/Aug/2024:14:58:52 +0600] "GET /admin.cgi HTTP/1.1" 404 1236 "-" "curl/7.54.0"
139.162.7.59 - - [05/Aug/2024:14:58:52 +0600] "GET /admin.cfm HTTP/1.1" 404 1236 "-" "curl/7.54.0"
139.162.7.59 - - [05/Aug/2024:14:58:52 +0600] "GET /index.html HTTP/1.1" 404 1236 "-" "curl/7.54.0"
139.162.7.59 - - [05/Aug/2024:14:58:52 +0600] "GET /Portal0000.htm HTTP/1.1" 404 1236 "-" "curl/7.54.0"
139.162.7.59 - - [05/Aug/2024:14:58:52 +0600] "GET /main.asp HTTP/1.1" 404 1236 "-" "curl/7.54.0"
139.162.7.59 - - [05/Aug/2024:14:58:52 +0600] "GET /__Additional HTTP/1.1" 404 1236 "-" "curl/7.54.0"
139.162.7.59 - - [05/Aug/2024:14:58:52 +0600] "GET /indice.asp HTTP/1.1" 404 1236 "-" "curl/7.54.0"
139.162.7.59 - - [05/Aug/2024:14:58:52 +0600] "GET /start.pl HTTP/1.1" 404 1236 "-" "curl/7.54.0"
139.162.7.59 - - [05/Aug/2024:14:58:53 +0600] "GET /indice.cgi HTTP/1.1" 404 1236 "-" "curl/7.54.0"
139.162.7.59 - - [05/Aug/2024:14:58:53 +0600] "GET /menu.cgi HTTP/1.1" 404 1236 "-" "curl/7.54.0"
139.162.7.59 - - [05/Aug/2024:14:58:53 +0600] "GET /admin.aspx HTTP/1.1" 404 1236 "-" "curl/7.54.0"
139.162.7.59 - - [05/Aug/2024:14:58:53 +0600] "GET /admin.asp HTTP/1.1" 404 1236 "-" "curl/7.54.0"
139.162.7.59 - - [05/Aug/2024:14:58:53 +0600] "GET /robots.txt HTTP/1.1" 404 1236 "-" "curl/7.54.0"
139.162.7.59 - - [05/Aug/2024:14:58:54 +0600] "GET /menu.pl HTTP/1.1" 404 1236 "-" "curl/7.54.0"
139.162.7.59 - - [05/Aug/2024:14:58:54 +0600] "GET / HTTP/1.1" 404 1236 "-" "Mozilla/5.0 (Windows NT 6.1) AppleWebKit/537.36 (KHTML, like Gecko) Chrome/36.0.1985.125 Safari/537.36"
139.162.7.59 - - [05/Aug/2024:14:58:54 +0600] "GET /home.shtml HTTP/1.1" 404 1236 "-" "curl/7.54.0"
139.162.7.59 - - [05/Aug/2024:14:58:54 +0600] "GET /base.jsp HTTP/1.1" 404 1236 "-" "curl/7.54.0"
139.162.7.59 - - [05/Aug/2024:14:58:54 +0600] "GET /base.pl HTTP/1.1" 404 1236 "-" "curl/7.54.0"
139.162.7.59 - - [05/Aug/2024:14:58:54 +0600] "GET /default.jsp HTTP/1.1" 404 1236 "-" "curl/7.54.0"
139.162.7.59 - - [05/Aug/2024:14:58:56 +0600] "GET /nmaplowercheck1722848326 HTTP/1.1" 404 1236 "-" "curl/7.54.0"
139.162.7.59 - - [05/Aug/2024:14:58:57 +0600] "GET /HNAP1 HTTP/1.1" 404 1236 "-" "curl/7.54.0"
139.162.7.59 - - [05/Aug/2024:14:58:57 +0600] "GET / HTTP/1.1" 404 1236 "-" "curl/7.54.0"
139.162.7.59 - - [05/Aug/2024:14:59:02 +0600] "GET / HTTP/1.1" 404 1236 "-" "-"
172.212.58.126 - - [05/Aug/2024:15:30:22 +0600] "GET / HTTP/1.1" 404 705 "-" "Mozilla/5.0 zgrab/0.x"
75.119.146.74 - - [05/Aug/2024:15:32:56 +0600] "POST /ws/v1/cluster/apps/new-application HTTP/1.1" 404 705 "-" "python-requests/2.32.3"
47.244.168.170 - - [05/Aug/2024:15:50:27 +0600] "GET /stacks HTTP/1.1" 404 705 "-" "Mozilla/5.0 zgrab/0.x"
52.170.133.55 - - [05/Aug/2024:16:10:26 +0600] "GET /stacks HTTP/1.1" 404 705 "-" "Mozilla/5.0 zgrab/0.x"
64.31.39.245 - - [05/Aug/2024:17:15:55 +0600] "POST /ws/v1/cluster/apps/new-application HTTP/1.1" 404 705 "-" "python-requests/2.22.0"
141.98.11.151 - - [05/Aug/2024:17:16:47 +0600] "POST /ws/v1/cluster/apps/new-application HTTP/1.1" 404 705 "-" "python-requests/2.22.0"
65.49.1.109 - - [05/Aug/2024:17:36:42 +0600] "GET / HTTP/1.1" 404 705 "-" "Mozilla/5.0 (iPad; CPU OS 15_7 like Mac OS X) AppleWebKit/605.1.15 (KHTML, like Gecko) Version/15.6,2 Mobile/15E148 Safari/604.1"
65.49.1.110 - - [05/Aug/2024:17:36:59 +0600] "GET /favicon.ico HTTP/1.1" 404 705 "-" "Mozilla/5.0 (Windows NT 10.0; Win64; x64) AppleWebKit/537.36 (KHTML, like Gecko) Chrome/110.0.0.0 Safari/537.36 Edg/110.0.1587.57"
75.119.146.74 - - [05/Aug/2024:17:48:41 +0600] "POST /ws/v1/cluster/apps/new-application HTTP/1.1" 404 705 "-" "python-requests/2.32.3"
8.142.178.141 - - [05/Aug/2024:19:23:05 +0600] "GET /stacks HTTP/1.1" 404 705 "-" "Mozilla/5.0 zgrab/0.x"
118.193.47.223 - - [05/Aug/2024:20:11:02 +0600] "GET / HTTP/1.1" 404 1236 "-" "Mozilla/5.0 (Macintosh; Intel Mac OS X 10_15_7) AppleWebKit/537.36 (KHTML, like Gecko) Chrome/120.0.0.0 Safari/537.36 Edg/120.0.0.0"
118.193.47.223 - - [05/Aug/2024:20:11:08 +0600] "GET /favicon.ico HTTP/1.1" 404 705 "-" "Mozilla/5.0 (Macintosh; Intel Mac OS X 10_7_0) AppleWebKit/535.11 (KHTML, like Gecko) Chrome/17.0.963.56 Safari/535.11"
118.193.47.223 - - [05/Aug/2024:20:11:08 +0600] "GET /robots.txt HTTP/1.1" 404 705 "-" "Mozilla/5.0 (Macintosh; Intel Mac OS X 10_7_0) AppleWebKit/535.11 (KHTML, like Gecko) Chrome/17.0.963.56 Safari/535.11"
118.193.47.223 - - [05/Aug/2024:20:11:08 +0600] "GET /sitemap.xml HTTP/1.1" 404 705 "-" "Mozilla/5.0 (Macintosh; Intel Mac OS X 10_7_0) AppleWebKit/535.11 (KHTML, like Gecko) Chrome/17.0.963.56 Safari/535.11"
75.119.146.74 - - [05/Aug/2024:20:47:00 +0600] "POST /ws/v1/cluster/apps/new-application HTTP/1.1" 404 705 "-" "python-requests/2.32.3"
18.171.165.8 - - [05/Aug/2024:21:21:21 +0600] "GET /favicon.ico HTTP/1.1" 404 705 "-" "'Mozilla/5.0 (compatible; GenomeCrawlerd/1.0; +https://www.nokia.com/networks/ip-networks/deepfield/genome/)'"
18.171.165.8 - - [05/Aug/2024:21:26:34 +0600] "GET /manage/account/login HTTP/1.1" 404 705 "-" "'Mozilla/5.0 (compatible; GenomeCrawlerd/1.0; +https://www.nokia.com/networks/ip-networks/deepfield/genome/)'"
18.171.165.8 - - [05/Aug/2024:21:31:58 +0600] "GET /admin/index.html HTTP/1.1" 404 705 "-" "'Mozilla/5.0 (compatible; GenomeCrawlerd/1.0; +https://www.nokia.com/networks/ip-networks/deepfield/genome/)'"
18.171.165.8 - - [05/Aug/2024:21:37:26 +0600] "GET /index.html HTTP/1.1" 404 705 "-" "'Mozilla/5.0 (compatible; GenomeCrawlerd/1.0; +https://www.nokia.com/networks/ip-networks/deepfield/genome/)'"
18.171.165.8 - - [05/Aug/2024:21:42:59 +0600] "GET /+CSCOE+/logon.html HTTP/1.1" 404 705 "-" "'Mozilla/5.0 (compatible; GenomeCrawlerd/1.0; +https://www.nokia.com/networks/ip-networks/deepfield/genome/)'"
199.45.154.141 - - [05/Aug/2024:21:54:52 +0600] "GET / HTTP/1.1" 404 1236 "-" "-"
199.45.154.141 - - [05/Aug/2024:21:54:55 +0600] "GET / HTTP/1.1" 404 705 "-" "Mozilla/5.0 (compatible; CensysInspect/1.1; +https://about.censys.io/)"
18.171.165.8 - - [05/Aug/2024:21:59:58 +0600] "GET /login.jsp HTTP/1.1" 404 705 "-" "'Mozilla/5.0 (compatible; GenomeCrawlerd/1.0; +https://www.nokia.com/networks/ip-networks/deepfield/genome/)'"
18.171.165.8 - - [05/Aug/2024:22:11:40 +0600] "GET / HTTP/1.1" 404 705 "-" "'Mozilla/5.0 (compatible; GenomeCrawlerd/1.0; +https://www.nokia.com/networks/ip-networks/deepfield/genome/)'"
64.31.39.245 - - [05/Aug/2024:23:06:20 +0600] "POST /ws/v1/cluster/apps/new-application HTTP/1.1" 404 705 "-" "python-requests/2.22.0"
5.59.248.10 - - [05/Aug/2024:23:17:40 +0600] "POST /ws/v1/cluster/apps/new-application HTTP/1.1" 404 705 "-" "python-requests/2.22.0"
5.59.248.52 - - [05/Aug/2024:23:18:29 +0600] "POST /ws/v1/cluster/apps/new-application HTTP/1.1" 404 705 "-" "python-requests/2.22.0"
75.119.146.74 - - [05/Aug/2024:23:39:35 +0600] "POST /ws/v1/cluster/apps/new-application HTTP/1.1" 404 705 "-" "python-requests/2.32.3"
117.187.117.6 - - [06/Aug/2024:00:05:16 +0600] "GET /stacks HTTP/1.1" 404 705 "-" "Mozilla/5.0 zgrab/0.x"
52.190.22.24 - - [06/Aug/2024:00:10:21 +0600] "GET /stacks HTTP/1.1" 404 705 "-" "Mozilla/5.0 zgrab/0.x"
113.214.18.234 - - [06/Aug/2024:00:28:46 +0600] "GET /stacks HTTP/1.1" 404 705 "-" "Mozilla/5.0 zgrab/0.x"
147.185.132.159 - - [06/Aug/2024:02:11:41 +0600] "GET / HTTP/1.0" 404 1236 "-" "Expanse, a Palo Alto Networks company, searches across the global IPv4 space multiple times per day to identify customers' presences on the Internet. If you would like to be excluded from our scans, please send IP addresses/domains to: scaninfo@paloaltonetworks.com"
185.169.4.104 - - [06/Aug/2024:04:26:28 +0600] "POST /ws/v1/cluster/apps/new-application HTTP/1.1" 404 705 "-" "python-requests/2.22.0"
106.55.165.3 - - [06/Aug/2024:04:40:57 +0600] "GET /stacks HTTP/1.1" 404 705 "-" "Mozilla/5.0 zgrab/0.x"
