139.162.7.59 - - [08/Jun/2024:05:54:17 +0600] "GET /default.asp HTTP/1.1" 404 1236 "-" "curl/7.54.0"
139.162.7.59 - - [08/Jun/2024:05:54:17 +0600] "GET /home.jsa HTTP/1.1" 404 1236 "-" "curl/7.54.0"
139.162.7.59 - - [08/Jun/2024:05:54:17 +0600] "GET / HTTP/1.1" 404 1236 "-" "curl/7.54.0"
139.162.7.59 - - [08/Jun/2024:05:54:17 +0600] "GET /index.cgi HTTP/1.1" 404 1236 "-" "curl/7.54.0"
139.162.7.59 - - [08/Jun/2024:05:54:17 +0600] "GET /webui HTTP/1.1" 404 1236 "-" "curl/7.54.0"
139.162.7.59 - - [08/Jun/2024:05:54:17 +0600] "GET /index.jhtml HTTP/1.1" 404 1236 "-" "curl/7.54.0"
139.162.7.59 - - [08/Jun/2024:05:54:17 +0600] "GET / HTTP/1.1" 404 1236 "-" "curl/7.54.0"
139.162.7.59 - - [08/Jun/2024:05:54:18 +0600] "GET /localstart.jhtml HTTP/1.1" 404 1236 "-" "curl/7.54.0"
139.162.7.59 - - [08/Jun/2024:05:54:18 +0600] "GET /owa/ HTTP/1.1" 404 1236 "-" "curl/7.54.0"
139.162.7.59 - - [08/Jun/2024:05:54:18 +0600] "GET /robots.txt HTTP/1.1" 404 1236 "-" "curl/7.54.0"
139.162.7.59 - - [08/Jun/2024:05:54:18 +0600] "GET /localstart.cfm HTTP/1.1" 404 1236 "-" "curl/7.54.0"
139.162.7.59 - - [08/Jun/2024:05:54:18 +0600] "GET /home.html HTTP/1.1" 404 1236 "-" "curl/7.54.0"
139.162.7.59 - - [08/Jun/2024:05:54:18 +0600] "GET /owa/ HTTP/1.1" 404 1236 "-" "curl/7.54.0"
139.162.7.59 - - [08/Jun/2024:05:54:18 +0600] "GET /indice.cfm HTTP/1.1" 404 1236 "-" "curl/7.54.0"
139.162.7.59 - - [08/Jun/2024:05:54:18 +0600] "GET /menu.aspx HTTP/1.1" 404 1236 "-" "curl/7.54.0"
139.162.7.59 - - [08/Jun/2024:05:54:19 +0600] "GET /admin.asp HTTP/1.1" 404 1236 "-" "curl/7.54.0"
139.162.7.59 - - [08/Jun/2024:05:54:19 +0600] "GET /base.jsa HTTP/1.1" 404 1236 "-" "curl/7.54.0"
139.162.7.59 - - [08/Jun/2024:05:54:19 +0600] "GET /default.cgi HTTP/1.1" 404 1236 "-" "curl/7.54.0"
139.162.7.59 - - [08/Jun/2024:05:54:19 +0600] "GET /indice.pl HTTP/1.1" 404 1236 "-" "curl/7.54.0"
139.162.7.59 - - [08/Jun/2024:05:54:19 +0600] "GET /index.aspx HTTP/1.1" 404 1236 "-" "curl/7.54.0"
139.162.7.59 - - [08/Jun/2024:05:54:20 +0600] "GET /index.shtml HTTP/1.1" 404 1236 "-" "curl/7.54.0"
139.162.7.59 - - [08/Jun/2024:05:54:20 +0600] "GET /admin.jsp HTTP/1.1" 404 1236 "-" "curl/7.54.0"
139.162.7.59 - - [08/Jun/2024:05:54:20 +0600] "GET /start.aspx HTTP/1.1" 404 1236 "-" "curl/7.54.0"
139.162.7.59 - - [08/Jun/2024:05:54:20 +0600] "GET /main.cfm HTTP/1.1" 404 1236 "-" "curl/7.54.0"
139.162.7.59 - - [08/Jun/2024:05:54:20 +0600] "GET /admin.php HTTP/1.1" 404 1236 "-" "curl/7.54.0"
139.162.7.59 - - [08/Jun/2024:05:54:20 +0600] "GET /home.shtml HTTP/1.1" 404 1236 "-" "curl/7.54.0"
139.162.7.59 - - [08/Jun/2024:05:54:21 +0600] "GET /start.jsp HTTP/1.1" 404 1236 "-" "curl/7.54.0"
139.162.7.59 - - [08/Jun/2024:05:54:21 +0600] "GET /admin.pl HTTP/1.1" 404 1236 "-" "curl/7.54.0"
139.162.7.59 - - [08/Jun/2024:05:54:21 +0600] "GET /index.jsp HTTP/1.1" 404 1236 "-" "curl/7.54.0"
139.162.7.59 - - [08/Jun/2024:05:54:21 +0600] "GET /index.php HTTP/1.1" 404 1236 "-" "curl/7.54.0"
139.162.7.59 - - [08/Jun/2024:05:54:21 +0600] "GET /admin.jsa HTTP/1.1" 404 1236 "-" "curl/7.54.0"
139.162.7.59 - - [08/Jun/2024:05:54:21 +0600] "GET /inicio.asp HTTP/1.1" 404 1236 "-" "curl/7.54.0"
139.162.7.59 - - [08/Jun/2024:05:54:22 +0600] "GET /index.cfm HTTP/1.1" 404 1236 "-" "curl/7.54.0"
139.162.7.59 - - [08/Jun/2024:05:54:22 +0600] "GET /admin.cfm HTTP/1.1" 404 1236 "-" "curl/7.54.0"
139.162.7.59 - - [08/Jun/2024:05:54:22 +0600] "GET /inicio.jsa HTTP/1.1" 404 1236 "-" "curl/7.54.0"
139.162.7.59 - - [08/Jun/2024:05:54:22 +0600] "GET /base.aspx HTTP/1.1" 404 1236 "-" "curl/7.54.0"
139.162.7.59 - - [08/Jun/2024:05:54:22 +0600] "GET /main.aspx HTTP/1.1" 404 1236 "-" "curl/7.54.0"
139.162.7.59 - - [08/Jun/2024:05:54:22 +0600] "GET /menu.jhtml HTTP/1.1" 404 1236 "-" "curl/7.54.0"
139.162.7.59 - - [08/Jun/2024:05:54:23 +0600] "GET /home.php HTTP/1.1" 404 1236 "-" "curl/7.54.0"
139.162.7.59 - - [08/Jun/2024:05:54:23 +0600] "GET /home.cgi HTTP/1.1" 404 1236 "-" "curl/7.54.0"
139.162.7.59 - - [08/Jun/2024:05:54:23 +0600] "GET /admin.aspx HTTP/1.1" 404 1236 "-" "curl/7.54.0"
139.162.7.59 - - [08/Jun/2024:05:54:23 +0600] "GET /start.asp HTTP/1.1" 404 1236 "-" "curl/7.54.0"
139.162.7.59 - - [08/Jun/2024:05:54:23 +0600] "GET /indice.asp HTTP/1.1" 404 1236 "-" "curl/7.54.0"
139.162.7.59 - - [08/Jun/2024:05:54:23 +0600] "GET /main.jsp HTTP/1.1" 404 1236 "-" "curl/7.54.0"
139.162.7.59 - - [08/Jun/2024:05:54:24 +0600] "GET /base.shtml HTTP/1.1" 404 1236 "-" "curl/7.54.0"
139.162.7.59 - - [08/Jun/2024:05:54:24 +0600] "GET /base.jsp HTTP/1.1" 404 1236 "-" "curl/7.54.0"
139.162.7.59 - - [08/Jun/2024:05:54:24 +0600] "GET /admin.html HTTP/1.1" 404 1236 "-" "curl/7.54.0"
139.162.7.59 - - [08/Jun/2024:05:54:24 +0600] "GET /default.aspx HTTP/1.1" 404 1236 "-" "curl/7.54.0"
139.162.7.59 - - [08/Jun/2024:05:54:24 +0600] "GET /default.pl HTTP/1.1" 404 1236 "-" "curl/7.54.0"
139.162.7.59 - - [08/Jun/2024:05:54:24 +0600] "GET /localstart.jsa HTTP/1.1" 404 1236 "-" "curl/7.54.0"
139.162.7.59 - - [08/Jun/2024:05:54:25 +0600] "GET /base.jhtml HTTP/1.1" 404 1236 "-" "curl/7.54.0"
139.162.7.59 - - [08/Jun/2024:05:54:25 +0600] "GET /start.php HTTP/1.1" 404 1236 "-" "curl/7.54.0"
139.162.7.59 - - [08/Jun/2024:05:54:25 +0600] "GET /default.html HTTP/1.1" 404 1236 "-" "curl/7.54.0"
139.162.7.59 - - [08/Jun/2024:05:54:25 +0600] "GET /inicio.php HTTP/1.1" 404 1236 "-" "curl/7.54.0"
139.162.7.59 - - [08/Jun/2024:05:54:25 +0600] "GET /home.cfm HTTP/1.1" 404 1236 "-" "curl/7.54.0"
139.162.7.59 - - [08/Jun/2024:05:54:25 +0600] "GET /base.inc HTTP/1.1" 404 1236 "-" "curl/7.54.0"
139.162.7.59 - - [08/Jun/2024:05:54:26 +0600] "GET /base.cgi HTTP/1.1" 404 1236 "-" "curl/7.54.0"
139.162.7.59 - - [08/Jun/2024:05:54:26 +0600] "GET /inicio.aspx HTTP/1.1" 404 1236 "-" "curl/7.54.0"
139.162.7.59 - - [08/Jun/2024:05:54:26 +0600] "GET /start.pl HTTP/1.1" 404 1236 "-" "curl/7.54.0"
139.162.7.59 - - [08/Jun/2024:05:54:26 +0600] "GET /home.jsp HTTP/1.1" 404 1236 "-" "curl/7.54.0"
139.162.7.59 - - [08/Jun/2024:05:54:26 +0600] "GET /base.cfm HTTP/1.1" 404 1236 "-" "curl/7.54.0"
139.162.7.59 - - [08/Jun/2024:05:54:26 +0600] "GET /base.asp HTTP/1.1" 404 1236 "-" "curl/7.54.0"
139.162.7.59 - - [08/Jun/2024:05:54:27 +0600] "GET /indice.shtml HTTP/1.1" 404 1236 "-" "curl/7.54.0"
139.162.7.59 - - [08/Jun/2024:05:54:27 +0600] "GET /indice.jsp HTTP/1.1" 404 1236 "-" "curl/7.54.0"
139.162.7.59 - - [08/Jun/2024:05:54:27 +0600] "GET /default.jsa HTTP/1.1" 404 1236 "-" "curl/7.54.0"
139.162.7.59 - - [08/Jun/2024:05:54:27 +0600] "GET /indice.html HTTP/1.1" 404 1236 "-" "curl/7.54.0"
139.162.7.59 - - [08/Jun/2024:05:54:27 +0600] "GET /indice.jhtml HTTP/1.1" 404 1236 "-" "curl/7.54.0"
139.162.7.59 - - [08/Jun/2024:05:54:27 +0600] "GET /indice.cgi HTTP/1.1" 404 1236 "-" "curl/7.54.0"
139.162.7.59 - - [08/Jun/2024:05:54:27 +0600] "GET /inicio.jsp HTTP/1.1" 404 1236 "-" "curl/7.54.0"
139.162.7.59 - - [08/Jun/2024:05:54:27 +0600] "GET /localstart.shtml HTTP/1.1" 404 1236 "-" "curl/7.54.0"
139.162.7.59 - - [08/Jun/2024:05:54:27 +0600] "GET /inicio.shtml HTTP/1.1" 404 1236 "-" "curl/7.54.0"
139.162.7.59 - - [08/Jun/2024:05:54:27 +0600] "GET /main.pl HTTP/1.1" 404 1236 "-" "curl/7.54.0"
139.162.7.59 - - [08/Jun/2024:05:54:27 +0600] "GET /main.shtml HTTP/1.1" 404 1236 "-" "curl/7.54.0"
139.162.7.59 - - [08/Jun/2024:05:54:27 +0600] "GET /start.shtml HTTP/1.1" 404 1236 "-" "curl/7.54.0"
139.162.7.59 - - [08/Jun/2024:05:54:27 +0600] "GET /menu.jsa HTTP/1.1" 404 1236 "-" "curl/7.54.0"
139.162.7.59 - - [08/Jun/2024:05:54:27 +0600] "GET /indice.aspx HTTP/1.1" 404 1236 "-" "curl/7.54.0"
139.162.7.59 - - [08/Jun/2024:05:54:27 +0600] "GET /localstart.php HTTP/1.1" 404 1236 "-" "curl/7.54.0"
139.162.7.59 - - [08/Jun/2024:05:54:27 +0600] "GET /localstart.jsp HTTP/1.1" 404 1236 "-" "curl/7.54.0"
139.162.7.59 - - [08/Jun/2024:05:54:27 +0600] "GET /menu.php HTTP/1.1" 404 1236 "-" "curl/7.54.0"
139.162.7.59 - - [08/Jun/2024:05:54:27 +0600] "GET /indice.php HTTP/1.1" 404 1236 "-" "curl/7.54.0"
139.162.7.59 - - [08/Jun/2024:05:54:27 +0600] "GET /indice.jsa HTTP/1.1" 404 1236 "-" "curl/7.54.0"
139.162.7.59 - - [08/Jun/2024:05:54:27 +0600] "GET /readme.txt HTTP/1.1" 404 1236 "-" "curl/7.54.0"
139.162.7.59 - - [08/Jun/2024:05:54:27 +0600] "GET /default.php HTTP/1.1" 404 1236 "-" "curl/7.54.0"
139.162.7.59 - - [08/Jun/2024:05:54:27 +0600] "GET /inicio.pl HTTP/1.1" 404 1236 "-" "curl/7.54.0"
139.162.7.59 - - [08/Jun/2024:05:54:27 +0600] "GET /default.jhtml HTTP/1.1" 404 1236 "-" "curl/7.54.0"
139.162.7.59 - - [08/Jun/2024:05:54:27 +0600] "GET /inicio.jhtml HTTP/1.1" 404 1236 "-" "curl/7.54.0"
139.162.7.59 - - [08/Jun/2024:05:54:27 +0600] "GET /menu.asp HTTP/1.1" 404 1236 "-" "curl/7.54.0"
139.162.7.59 - - [08/Jun/2024:05:54:27 +0600] "GET /inicio.cgi HTTP/1.1" 404 1236 "-" "curl/7.54.0"
139.162.7.59 - - [08/Jun/2024:05:54:27 +0600] "GET /inicio.cfm HTTP/1.1" 404 1236 "-" "curl/7.54.0"
139.162.7.59 - - [08/Jun/2024:05:54:27 +0600] "GET /admin.jhtml HTTP/1.1" 404 1236 "-" "curl/7.54.0"
139.162.7.59 - - [08/Jun/2024:05:54:27 +0600] "GET /localstart.pl HTTP/1.1" 404 1236 "-" "curl/7.54.0"
139.162.7.59 - - [08/Jun/2024:05:54:27 +0600] "GET /localstart.html HTTP/1.1" 404 1236 "-" "curl/7.54.0"
139.162.7.59 - - [08/Jun/2024:05:54:28 +0600] "GET /start.html HTTP/1.1" 404 1236 "-" "curl/7.54.0"
139.162.7.59 - - [08/Jun/2024:05:54:28 +0600] "GET /home.asp HTTP/1.1" 404 1236 "-" "curl/7.54.0"
139.162.7.59 - - [08/Jun/2024:05:54:28 +0600] "GET /default.cfm HTTP/1.1" 404 1236 "-" "curl/7.54.0"
139.162.7.59 - - [08/Jun/2024:05:54:28 +0600] "GET /localstart.asp HTTP/1.1" 404 1236 "-" "curl/7.54.0"
139.162.7.59 - - [08/Jun/2024:05:54:28 +0600] "GET /index.jsa HTTP/1.1" 404 1236 "-" "curl/7.54.0"
139.162.7.59 - - [08/Jun/2024:05:54:28 +0600] "GET /start.jhtml HTTP/1.1" 404 1236 "-" "curl/7.54.0"
139.162.7.59 - - [08/Jun/2024:05:54:28 +0600] "GET /start.cgi HTTP/1.1" 404 1236 "-" "curl/7.54.0"
139.162.7.59 - - [08/Jun/2024:05:54:28 +0600] "GET /menu.cfm HTTP/1.1" 404 1236 "-" "curl/7.54.0"
139.162.7.59 - - [08/Jun/2024:05:54:28 +0600] "GET /main.html HTTP/1.1" 404 1236 "-" "curl/7.54.0"
139.162.7.59 - - [08/Jun/2024:05:54:28 +0600] "GET /menu.jsp HTTP/1.1" 404 1236 "-" "curl/7.54.0"
139.162.7.59 - - [08/Jun/2024:05:54:28 +0600] "GET /home.aspx HTTP/1.1" 404 1236 "-" "curl/7.54.0"
139.162.7.59 - - [08/Jun/2024:05:54:28 +0600] "GET /inicio.html HTTP/1.1" 404 1236 "-" "curl/7.54.0"
139.162.7.59 - - [08/Jun/2024:05:54:28 +0600] "GET /index.asp HTTP/1.1" 404 1236 "-" "curl/7.54.0"
139.162.7.59 - - [08/Jun/2024:05:54:28 +0600] "GET /menu.shtml HTTP/1.1" 404 1236 "-" "curl/7.54.0"
139.162.7.59 - - [08/Jun/2024:05:54:28 +0600] "GET /localstart.cgi HTTP/1.1" 404 1236 "-" "curl/7.54.0"
139.162.7.59 - - [08/Jun/2024:05:54:28 +0600] "GET /start.jsa HTTP/1.1" 404 1236 "-" "curl/7.54.0"
139.162.7.59 - - [08/Jun/2024:05:54:28 +0600] "GET /menu.cgi HTTP/1.1" 404 1236 "-" "curl/7.54.0"
139.162.7.59 - - [08/Jun/2024:05:54:28 +0600] "GET /main.jsa HTTP/1.1" 404 1236 "-" "curl/7.54.0"
139.162.7.59 - - [08/Jun/2024:05:54:28 +0600] "GET /start.cfm HTTP/1.1" 404 1236 "-" "curl/7.54.0"
139.162.7.59 - - [08/Jun/2024:05:54:28 +0600] "GET /base.php HTTP/1.1" 404 1236 "-" "curl/7.54.0"
139.162.7.59 - - [08/Jun/2024:05:54:28 +0600] "GET /home.pl HTTP/1.1" 404 1236 "-" "curl/7.54.0"
139.162.7.59 - - [08/Jun/2024:05:54:28 +0600] "GET /default.shtml HTTP/1.1" 404 1236 "-" "curl/7.54.0"
139.162.7.59 - - [08/Jun/2024:05:54:28 +0600] "GET /main.jhtml HTTP/1.1" 404 1236 "-" "curl/7.54.0"
139.162.7.59 - - [08/Jun/2024:05:54:28 +0600] "GET /main.php HTTP/1.1" 404 1236 "-" "curl/7.54.0"
139.162.7.59 - - [08/Jun/2024:05:54:28 +0600] "GET /main.asp HTTP/1.1" 404 1236 "-" "curl/7.54.0"
139.162.7.59 - - [08/Jun/2024:05:54:32 +0600] "GET / HTTP/1.1" 404 1236 "-" "-"
222.209.122.144 - - [08/Jun/2024:06:43:34 +0600] "GET /stacks HTTP/1.1" 404 705 "-" "Mozilla/5.0 zgrab/0.x"
47.97.122.13 - - [08/Jun/2024:08:44:13 +0600] "GET /stacks HTTP/1.1" 404 705 "-" "Mozilla/5.0 zgrab/0.x"
205.210.31.96 - - [08/Jun/2024:09:40:16 +0600] "GET / HTTP/1.0" 404 1236 "-" "Expanse, a Palo Alto Networks company, searches across the global IPv4 space multiple times per day to identify customers' presences on the Internet. If you would like to be excluded from our scans, please send IP addresses/domains to: scaninfo@paloaltonetworks.com"
45.128.232.95 - - [08/Jun/2024:10:09:19 +0600] "POST /ws/v1/cluster/apps/new-application HTTP/1.1" 404 705 "-" "python-requests/2.22.0"
81.68.179.56 - - [08/Jun/2024:10:58:13 +0600] "GET /stacks HTTP/1.1" 404 705 "-" "Mozilla/5.0 zgrab/0.x"
206.217.128.98 - - [08/Jun/2024:11:56:39 +0600] "GET / HTTP/1.1" 404 705 "-" "Mozilla/5.0"
57.151.48.99 - - [08/Jun/2024:12:03:52 +0600] "GET / HTTP/1.1" 404 705 "-" "Mozilla/5.0 zgrab/0.x"
110.40.158.109 - - [08/Jun/2024:12:06:14 +0600] "GET /stacks HTTP/1.1" 404 705 "-" "Mozilla/5.0 zgrab/0.x"
182.40.96.127 - - [08/Jun/2024:12:17:50 +0600] "GET /stacks HTTP/1.1" 404 705 "-" "Mozilla/5.0 zgrab/0.x"
47.97.122.13 - - [08/Jun/2024:13:13:21 +0600] "GET /stacks HTTP/1.1" 404 705 "-" "Mozilla/5.0 zgrab/0.x"
113.200.98.17 - - [08/Jun/2024:13:16:07 +0600] "GET /stacks HTTP/1.1" 404 705 "-" "Mozilla/5.0 zgrab/0.x"
113.214.18.234 - - [08/Jun/2024:13:32:11 +0600] "GET /stacks HTTP/1.1" 404 705 "-" "Mozilla/5.0 zgrab/0.x"
47.93.56.107 - - [08/Jun/2024:13:53:49 +0600] "GET /stacks HTTP/1.1" 404 705 "-" "Mozilla/5.0 zgrab/0.x"
47.93.56.107 - - [08/Jun/2024:14:22:13 +0600] "GET /stacks HTTP/1.1" 404 705 "-" "Mozilla/5.0 zgrab/0.x"
87.236.176.128 - - [08/Jun/2024:14:23:55 +0600] "GET / HTTP/1.1" 404 705 "-" "Mozilla/5.0 (compatible; InternetMeasurement/1.0; +https://internet-measurement.com/)"
45.128.232.95 - - [08/Jun/2024:14:34:03 +0600] "POST /ws/v1/cluster/apps/new-application HTTP/1.1" 404 705 "-" "python-requests/2.22.0"
164.152.241.236 - - [08/Jun/2024:14:40:54 +0600] "GET /stacks HTTP/1.1" 404 705 "-" "Mozilla/5.0 zgrab/0.x"
106.53.148.82 - - [08/Jun/2024:16:23:28 +0600] "GET /stacks HTTP/1.1" 404 705 "-" "Mozilla/5.0 zgrab/0.x"
127.0.0.1 - - [08/Jun/2024:17:23:51 +0600] "GET /metrics HTTP/1.1" 404 705 "-" "netdata/go.d.plugin"
39.106.18.244 - - [08/Jun/2024:17:59:57 +0600] "GET /stacks HTTP/1.1" 404 705 "-" "Mozilla/5.0 zgrab/0.x"
64.62.197.29 - - [08/Jun/2024:18:06:00 +0600] "GET / HTTP/1.1" 404 705 "-" "Mozilla/5.0 (Windows NT 10.0; WOW64) AppleWebKit/537.36 (KHTML, like Gecko) Chrome/109.0.0.0 Safari/537.36"
64.62.197.25 - - [08/Jun/2024:18:06:16 +0600] "GET /favicon.ico HTTP/1.1" 404 705 "-" "Mozilla/5.0 (X11; Linux x86_64; rv:108.0) Gecko/20100101 Firefox/108.0"
183.56.193.14 - - [08/Jun/2024:19:00:45 +0600] "GET /stacks HTTP/1.1" 404 705 "-" "Mozilla/5.0 zgrab/0.x"
182.43.8.193 - - [08/Jun/2024:19:55:53 +0600] "GET /stacks HTTP/1.1" 404 705 "-" "Mozilla/5.0 zgrab/0.x"
165.154.164.21 - - [08/Jun/2024:20:19:42 +0600] "GET / HTTP/1.1" 404 1236 "-" "Mozilla/5.0 (Macintosh; Intel Mac OS X 10_15_7) AppleWebKit/537.36 (KHTML, like Gecko) Chrome/120.0.0.0 Safari/537.36 Edg/120.0.0.0"
165.154.164.21 - - [08/Jun/2024:20:19:47 +0600] "GET /favicon.ico HTTP/1.1" 404 705 "-" "Mozilla/5.0 (Macintosh; Intel Mac OS X 10_7_0) AppleWebKit/535.11 (KHTML, like Gecko) Chrome/17.0.963.56 Safari/535.11"
165.154.164.21 - - [08/Jun/2024:20:19:48 +0600] "GET /robots.txt HTTP/1.1" 404 705 "-" "Mozilla/5.0 (Macintosh; Intel Mac OS X 10_7_0) AppleWebKit/535.11 (KHTML, like Gecko) Chrome/17.0.963.56 Safari/535.11"
165.154.164.21 - - [08/Jun/2024:20:19:49 +0600] "GET /sitemap.xml HTTP/1.1" 404 705 "-" "Mozilla/5.0 (Macintosh; Intel Mac OS X 10_7_0) AppleWebKit/535.11 (KHTML, like Gecko) Chrome/17.0.963.56 Safari/535.11"
116.147.37.17 - - [08/Jun/2024:20:20:15 +0600] "GET /stacks HTTP/1.1" 404 705 "-" "Mozilla/5.0 zgrab/0.x"
45.128.232.220 - - [08/Jun/2024:20:21:42 +0600] "POST /ws/v1/cluster/apps/new-application HTTP/1.1" 404 705 "-" "python-requests/2.6.0 CPython/2.7.5 Linux/3.10.0-1127.19.1.el7.x86_64"
167.94.138.114 - - [08/Jun/2024:22:00:32 +0600] "GET / HTTP/1.1" 404 705 "-" "Mozilla/5.0 (compatible; CensysInspect/1.1; +https://about.censys.io/)"
118.121.205.107 - - [08/Jun/2024:23:01:55 +0600] "GET /stacks HTTP/1.1" 404 705 "-" "Mozilla/5.0 zgrab/0.x"
60.191.125.35 - - [09/Jun/2024:00:13:49 +0600] "HEAD http://112.124.42.80:63435/ HTTP/1.1" 404 - "-" "Mozilla/5.0 (Macintosh; Intel Mac OS X 10_11_6) AppleWebKit/537.36 (KHTML, like Gecko) Chrome/53.0.2785.143 Safari/537.36"
198.235.24.80 - - [09/Jun/2024:00:44:05 +0600] "GET / HTTP/1.1" 404 1236 "-" "Expanse, a Palo Alto Networks company, searches across the global IPv4 space multiple times per day to identify customers' presences on the Internet. If you would like to be excluded from our scans, please send IP addresses/domains to: scaninfo@paloaltonetworks.com"
167.94.146.58 - - [09/Jun/2024:03:30:12 +0600] "GET / HTTP/1.1" 404 1236 "-" "-"
167.94.146.58 - - [09/Jun/2024:03:30:15 +0600] "GET / HTTP/1.1" 404 705 "-" "Mozilla/5.0 (compatible; CensysInspect/1.1; +https://about.censys.io/)"
206.168.34.43 - - [09/Jun/2024:03:41:05 +0600] "GET / HTTP/1.1" 404 1236 "-" "-"
206.168.34.43 - - [09/Jun/2024:03:41:08 +0600] "GET / HTTP/1.1" 404 705 "-" "Mozilla/5.0 (compatible; CensysInspect/1.1; +https://about.censys.io/)"
101.43.99.122 - - [09/Jun/2024:04:24:04 +0600] "GET /stacks HTTP/1.1" 404 705 "-" "Mozilla/5.0 zgrab/0.x"
180.103.125.126 - - [09/Jun/2024:05:27:09 +0600] "GET /stacks HTTP/1.1" 404 705 "-" "Mozilla/5.0 zgrab/0.x"
39.99.227.210 - - [09/Jun/2024:05:29:16 +0600] "GET /stacks HTTP/1.1" 404 705 "-" "Mozilla/5.0 zgrab/0.x"
134.209.226.228 - - [09/Jun/2024:05:34:25 +0600] "GET / HTTP/1.0" 404 1236 "-" "-"
164.92.137.62 - - [09/Jun/2024:05:34:44 +0600] "GET /v2/_catalog HTTP/1.1" 404 1236 "-" "Go-http-client/1.1"
161.35.27.184 - - [09/Jun/2024:05:34:44 +0600] "GET /cgi-bin/authLogin.cgi HTTP/1.1" 404 1236 "-" "Go-http-client/1.1"
161.35.29.212 - - [09/Jun/2024:05:34:46 +0600] "GET /query?q=SHOW+DIAGNOSTICS HTTP/1.1" 404 1236 "-" "Go-http-client/1.1"
142.93.110.238 - - [09/Jun/2024:05:35:28 +0600] "GET / HTTP/1.1" 404 705 "-" "Mozilla/5.0 (compatible; Odin; https://docs.getodin.com/)"
52.76.71.100 - - [09/Jun/2024:05:35:29 +0600] "GET /favicon.ico HTTP/1.1" 404 1236 "-" "Go-http-client/1.1"
165.22.69.21 - - [09/Jun/2024:06:23:12 +0600] "GET /solr/admin/info/system HTTP/1.1" 404 1236 "-" "Go-http-client/1.1"
165.22.69.21 - - [09/Jun/2024:06:23:13 +0600] "GET /solr/admin/cores?action=STATUS&wt=json HTTP/1.1" 404 1236 "-" "Go-http-client/1.1"
64.62.197.227 - - [09/Jun/2024:06:32:58 +0600] "GET / HTTP/1.1" 404 705 "-" "Mozilla/5.0 (Macintosh; Intel Mac OS X 10_15_7) AppleWebKit/605.1.15 (KHTML, like Gecko) Version/17.1 Safari/605.1.15"
64.62.197.235 - - [09/Jun/2024:06:33:15 +0600] "GET /favicon.ico HTTP/1.1" 404 705 "-" "Mozilla/5.0 (Macintosh; Intel Mac OS X 10_15_7) AppleWebKit/605.1.15 (KHTML, like Gecko) Version/16.1 Safari/605.1.15"
198.235.24.115 - - [09/Jun/2024:07:58:42 +0600] "GET / HTTP/1.0" 404 1236 "-" "Expanse, a Palo Alto Networks company, searches across the global IPv4 space multiple times per day to identify customers' presences on the Internet. If you would like to be excluded from our scans, please send IP addresses/domains to: scaninfo@paloaltonetworks.com"
220.248.173.137 - - [09/Jun/2024:08:13:23 +0600] "GET /stacks HTTP/1.1" 404 705 "-" "Mozilla/5.0 zgrab/0.x"
113.200.98.17 - - [09/Jun/2024:09:06:34 +0600] "GET /stacks HTTP/1.1" 404 705 "-" "Mozilla/5.0 zgrab/0.x"
47.93.56.107 - - [09/Jun/2024:10:06:47 +0600] "GET /stacks HTTP/1.1" 404 705 "-" "Mozilla/5.0 zgrab/0.x"
47.103.57.73 - - [09/Jun/2024:11:06:43 +0600] "GET /stacks HTTP/1.1" 404 705 "-" "Mozilla/5.0 zgrab/0.x"
116.147.37.17 - - [09/Jun/2024:12:38:54 +0600] "GET /stacks HTTP/1.1" 404 705 "-" "Mozilla/5.0 zgrab/0.x"
13.57.31.169 - - [09/Jun/2024:13:26:01 +0600] "GET / HTTP/1.1" 404 705 "-" "Mozilla/5.0 (Macintosh; Intel Mac OS X 10_11_5) AppleWebKit/537.36 (KHTML, like Gecko) Chrome/50.0.2661.102 Safari/537.36"
13.57.31.169 - - [09/Jun/2024:13:26:01 +0600] "GET /ws/v1/cluster HTTP/1.1" 404 705 "-" "Mozilla/5.0 (Macintosh; Intel Mac OS X 10_11_5) AppleWebKit/537.36 (KHTML, like Gecko) Chrome/50.0.2661.102 Safari/537.36"
185.191.126.213 - - [09/Jun/2024:14:55:00 +0600] "GET / HTTP/1.1" 404 1236 "-" "-"
45.128.232.95 - - [09/Jun/2024:16:09:06 +0600] "POST /ws/v1/cluster/apps/new-application HTTP/1.1" 404 705 "-" "python-requests/2.22.0"
152.32.206.181 - - [09/Jun/2024:20:52:46 +0600] "GET / HTTP/1.1" 404 1236 "-" "Mozilla/5.0 (Macintosh; Intel Mac OS X 10_15_7) AppleWebKit/537.36 (KHTML, like Gecko) Chrome/120.0.0.0 Safari/537.36 Edg/120.0.0.0"
152.32.206.181 - - [09/Jun/2024:20:52:52 +0600] "GET /favicon.ico HTTP/1.1" 404 705 "-" "Mozilla/5.0 (Macintosh; Intel Mac OS X 10_7_0) AppleWebKit/535.11 (KHTML, like Gecko) Chrome/17.0.963.56 Safari/535.11"
152.32.206.181 - - [09/Jun/2024:20:52:53 +0600] "GET /robots.txt HTTP/1.1" 404 705 "-" "Mozilla/5.0 (Macintosh; Intel Mac OS X 10_7_0) AppleWebKit/535.11 (KHTML, like Gecko) Chrome/17.0.963.56 Safari/535.11"
152.32.206.181 - - [09/Jun/2024:20:52:54 +0600] "GET /sitemap.xml HTTP/1.1" 404 705 "-" "Mozilla/5.0 (Macintosh; Intel Mac OS X 10_7_0) AppleWebKit/535.11 (KHTML, like Gecko) Chrome/17.0.963.56 Safari/535.11"
141.98.11.55 - - [09/Jun/2024:21:12:16 +0600] "POST /ws/v1/cluster/apps/new-application HTTP/1.1" 404 705 "-" "Go-http-client/1.1"
118.121.205.107 - - [09/Jun/2024:21:29:44 +0600] "GET /stacks HTTP/1.1" 404 705 "-" "Mozilla/5.0 zgrab/0.x"
141.98.11.55 - - [09/Jun/2024:21:32:44 +0600] "POST /ws/v1/cluster/apps/new-application HTTP/1.1" 404 705 "-" "Go-http-client/1.1"
141.98.11.55 - - [09/Jun/2024:21:47:29 +0600] "POST /ws/v1/cluster/apps/new-application HTTP/1.1" 404 705 "-" "Go-http-client/1.1"
43.139.128.232 - - [09/Jun/2024:22:39:55 +0600] "GET /stacks HTTP/1.1" 404 705 "-" "Mozilla/5.0 zgrab/0.x"
116.147.37.17 - - [09/Jun/2024:22:43:16 +0600] "GET /stacks HTTP/1.1" 404 705 "-" "Mozilla/5.0 zgrab/0.x"
141.98.11.55 - - [09/Jun/2024:22:49:40 +0600] "POST /ws/v1/cluster/apps/new-application HTTP/1.1" 404 705 "-" "Go-http-client/1.1"
39.104.134.58 - - [09/Jun/2024:22:53:26 +0600] "GET /stacks HTTP/1.1" 404 705 "-" "Mozilla/5.0 zgrab/0.x"
141.98.11.55 - - [09/Jun/2024:23:36:04 +0600] "POST /ws/v1/cluster/apps/new-application HTTP/1.1" 404 705 "-" "Go-http-client/1.1"
147.185.132.150 - - [10/Jun/2024:00:26:27 +0600] "GET / HTTP/1.1" 404 1236 "-" "Expanse, a Palo Alto Networks company, searches across the global IPv4 space multiple times per day to identify customers' presences on the Internet. If you would like to be excluded from our scans, please send IP addresses/domains to: scaninfo@paloaltonetworks.com"
141.98.11.55 - - [10/Jun/2024:00:29:56 +0600] "POST /ws/v1/cluster/apps/new-application HTTP/1.1" 404 705 "-" "Go-http-client/1.1"
42.192.210.147 - - [10/Jun/2024:01:05:48 +0600] "GET /stacks HTTP/1.1" 404 705 "-" "Mozilla/5.0 zgrab/0.x"
128.14.239.39 - - [10/Jun/2024:01:12:15 +0600] "GET / HTTP/1.1" 404 1236 "-" "Mozilla/5.0 (Macintosh; Intel Mac OS X 10_15_7) AppleWebKit/537.36 (KHTML, like Gecko) Chrome/120.0.0.0 Safari/537.36 Edg/120.0.0.0"
128.14.239.39 - - [10/Jun/2024:01:12:20 +0600] "GET /robots.txt HTTP/1.1" 404 705 "-" "Mozilla/5.0 (Macintosh; Intel Mac OS X 10_7_0) AppleWebKit/535.11 (KHTML, like Gecko) Chrome/17.0.963.56 Safari/535.11"
128.14.239.39 - - [10/Jun/2024:01:12:20 +0600] "GET /favicon.ico HTTP/1.1" 404 705 "-" "Mozilla/5.0 (Macintosh; Intel Mac OS X 10_7_0) AppleWebKit/535.11 (KHTML, like Gecko) Chrome/17.0.963.56 Safari/535.11"
128.14.239.39 - - [10/Jun/2024:01:12:20 +0600] "GET /sitemap.xml HTTP/1.1" 404 705 "-" "Mozilla/5.0 (Macintosh; Intel Mac OS X 10_7_0) AppleWebKit/535.11 (KHTML, like Gecko) Chrome/17.0.963.56 Safari/535.11"
141.98.11.55 - - [10/Jun/2024:01:15:43 +0600] "POST /ws/v1/cluster/apps/new-application HTTP/1.1" 404 705 "-" "Go-http-client/1.1"
141.98.11.55 - - [10/Jun/2024:01:52:10 +0600] "POST /ws/v1/cluster/apps/new-application HTTP/1.1" 404 705 "-" "Go-http-client/1.1"
198.235.24.200 - - [10/Jun/2024:01:54:21 +0600] "GET / HTTP/1.0" 404 1236 "-" "Expanse, a Palo Alto Networks company, searches across the global IPv4 space multiple times per day to identify customers' presences on the Internet. If you would like to be excluded from our scans, please send IP addresses/domains to: scaninfo@paloaltonetworks.com"
118.193.59.41 - - [10/Jun/2024:02:26:46 +0600] "GET / HTTP/1.1" 404 1236 "-" "Mozilla/5.0 (Macintosh; Intel Mac OS X 10_15_7) AppleWebKit/537.36 (KHTML, like Gecko) Chrome/120.0.0.0 Safari/537.36 Edg/120.0.0.0"
118.193.59.41 - - [10/Jun/2024:02:26:51 +0600] "GET /favicon.ico HTTP/1.1" 404 705 "-" "Mozilla/5.0 (Macintosh; Intel Mac OS X 10_7_0) AppleWebKit/535.11 (KHTML, like Gecko) Chrome/17.0.963.56 Safari/535.11"
118.193.59.41 - - [10/Jun/2024:02:26:52 +0600] "GET /robots.txt HTTP/1.1" 404 705 "-" "Mozilla/5.0 (Macintosh; Intel Mac OS X 10_7_0) AppleWebKit/535.11 (KHTML, like Gecko) Chrome/17.0.963.56 Safari/535.11"
118.193.59.41 - - [10/Jun/2024:02:26:53 +0600] "GET /sitemap.xml HTTP/1.1" 404 705 "-" "Mozilla/5.0 (Macintosh; Intel Mac OS X 10_7_0) AppleWebKit/535.11 (KHTML, like Gecko) Chrome/17.0.963.56 Safari/535.11"
115.159.211.33 - - [10/Jun/2024:02:57:28 +0600] "GET /stacks HTTP/1.1" 404 705 "-" "Mozilla/5.0 zgrab/0.x"
141.98.11.55 - - [10/Jun/2024:02:58:58 +0600] "POST /ws/v1/cluster/apps/new-application HTTP/1.1" 404 705 "-" "Go-http-client/1.1"
1.117.221.245 - - [10/Jun/2024:03:03:57 +0600] "GET /stacks HTTP/1.1" 404 705 "-" "Mozilla/5.0 zgrab/0.x"
141.98.11.55 - - [10/Jun/2024:03:58:36 +0600] "POST /ws/v1/cluster/apps/new-application HTTP/1.1" 404 705 "-" "Go-http-client/1.1"
141.98.11.55 - - [10/Jun/2024:04:40:51 +0600] "POST /ws/v1/cluster/apps/new-application HTTP/1.1" 404 705 "-" "Go-http-client/1.1"
141.98.11.55 - - [10/Jun/2024:06:00:05 +0600] "POST /ws/v1/cluster/apps/new-application HTTP/1.1" 404 705 "-" "Go-http-client/1.1"
141.98.11.55 - - [10/Jun/2024:06:24:16 +0600] "POST /ws/v1/cluster/apps/new-application HTTP/1.1" 404 705 "-" "Go-http-client/1.1"
141.98.11.55 - - [10/Jun/2024:07:21:20 +0600] "POST /ws/v1/cluster/apps/new-application HTTP/1.1" 404 705 "-" "Go-http-client/1.1"
47.97.122.13 - - [10/Jun/2024:07:28:52 +0600] "GET /stacks HTTP/1.1" 404 705 "-" "Mozilla/5.0 zgrab/0.x"
141.98.11.55 - - [10/Jun/2024:07:48:06 +0600] "POST /ws/v1/cluster/apps/new-application HTTP/1.1" 404 705 "-" "Go-http-client/1.1"
221.130.29.85 - - [10/Jun/2024:08:02:54 +0600] "GET /stacks HTTP/1.1" 404 705 "-" "Mozilla/5.0 zgrab/0.x"
141.98.11.55 - - [10/Jun/2024:08:36:37 +0600] "POST /ws/v1/cluster/apps/new-application HTTP/1.1" 404 705 "-" "Go-http-client/1.1"
64.62.197.75 - - [10/Jun/2024:08:57:03 +0600] "GET / HTTP/1.1" 404 705 "-" "Mozilla/5.0 (X11; Linux x86_64) AppleWebKit/537.36 (KHTML, like Gecko) Chrome/109.0.0.0 Safari/537.36"
64.62.197.75 - - [10/Jun/2024:08:57:19 +0600] "GET /favicon.ico HTTP/1.1" 404 705 "-" "Mozilla/5.0 (Macintosh; Intel Mac OS X 10_15_7) AppleWebKit/605.1.15 (KHTML, like Gecko) Version/15.4 Safari/605.1.15"
141.98.11.55 - - [10/Jun/2024:09:15:04 +0600] "POST /ws/v1/cluster/apps/new-application HTTP/1.1" 404 705 "-" "Go-http-client/1.1"
141.98.11.55 - - [10/Jun/2024:10:23:49 +0600] "POST /ws/v1/cluster/apps/new-application HTTP/1.1" 404 705 "-" "Go-http-client/1.1"
141.98.11.55 - - [10/Jun/2024:10:37:26 +0600] "POST /ws/v1/cluster/apps/new-application HTTP/1.1" 404 705 "-" "Go-http-client/1.1"
139.196.221.20 - - [10/Jun/2024:13:43:41 +0600] "GET /stacks HTTP/1.1" 404 705 "-" "Mozilla/5.0 zgrab/0.x"
167.94.145.97 - - [10/Jun/2024:16:12:39 +0600] "GET / HTTP/1.1" 404 1236 "-" "-"
167.94.145.97 - - [10/Jun/2024:16:12:43 +0600] "GET / HTTP/1.1" 404 705 "-" "Mozilla/5.0 (compatible; CensysInspect/1.1; +https://about.censys.io/)"
127.0.0.1 - - [10/Jun/2024:16:32:36 +0600] "GET /metrics HTTP/1.1" 404 705 "-" "netdata/go.d.plugin"
2.57.122.20 - - [10/Jun/2024:17:31:31 +0600] "GET / HTTP/1.1" 404 705 "-" "Mozilla/5.0 (X11; Linux x86_64) AppleWebKit/537.36 (KHTML, like Gecko) Chrome/74.0.3729.169 Safari/537.36"
2.57.122.20 - - [10/Jun/2024:17:31:31 +0600] "GET /favicon.ico HTTP/1.1" 404 705 "-" "Mozilla/5.0 (X11; Linux x86_64) AppleWebKit/537.36 (KHTML, like Gecko) Chrome/74.0.3729.169 Safari/537.36"
167.94.138.38 - - [10/Jun/2024:19:15:34 +0600] "GET / HTTP/1.1" 404 1236 "-" "-"
167.94.138.38 - - [10/Jun/2024:19:15:37 +0600] "GET / HTTP/1.1" 404 705 "-" "Mozilla/5.0 (compatible; CensysInspect/1.1; +https://about.censys.io/)"
141.98.11.55 - - [10/Jun/2024:19:44:13 +0600] "POST /ws/v1/cluster/apps/new-application HTTP/1.1" 404 705 "-" "Go-http-client/1.1"
118.193.56.149 - - [10/Jun/2024:20:39:19 +0600] "GET / HTTP/1.1" 404 1236 "-" "Mozilla/5.0 (Macintosh; Intel Mac OS X 10_15_7) AppleWebKit/537.36 (KHTML, like Gecko) Chrome/120.0.0.0 Safari/537.36 Edg/120.0.0.0"
118.193.56.149 - - [10/Jun/2024:20:39:24 +0600] "GET /favicon.ico HTTP/1.1" 404 705 "-" "Mozilla/5.0 (Macintosh; Intel Mac OS X 10_7_0) AppleWebKit/535.11 (KHTML, like Gecko) Chrome/17.0.963.56 Safari/535.11"
118.193.56.149 - - [10/Jun/2024:20:39:25 +0600] "GET /robots.txt HTTP/1.1" 404 705 "-" "Mozilla/5.0 (Macintosh; Intel Mac OS X 10_7_0) AppleWebKit/535.11 (KHTML, like Gecko) Chrome/17.0.963.56 Safari/535.11"
118.193.56.149 - - [10/Jun/2024:20:39:25 +0600] "GET /sitemap.xml HTTP/1.1" 404 705 "-" "Mozilla/5.0 (Macintosh; Intel Mac OS X 10_7_0) AppleWebKit/535.11 (KHTML, like Gecko) Chrome/17.0.963.56 Safari/535.11"
1.14.250.37 - - [10/Jun/2024:22:59:20 +0600] "GET /stacks HTTP/1.1" 404 705 "-" "Mozilla/5.0 zgrab/0.x"
134.209.228.36 - - [11/Jun/2024:00:01:35 +0600] "GET /stacks HTTP/1.1" 404 705 "-" "Mozilla/5.0 zgrab/0.x"
114.217.30.210 - - [11/Jun/2024:00:37:06 +0600] "GET /stacks HTTP/1.1" 404 705 "-" "Mozilla/5.0 zgrab/0.x"
185.242.226.53 - - [11/Jun/2024:00:44:13 +0600] "GET / HTTP/1.1" 404 705 "-" "Mozilla/5.0 (Windows NT 10.0; Win64; x64) AppleWebKit/537.36 (KHTML, like Gecko) Chrome/88.0.4324.190 Safari/537.36"
101.35.103.64 - - [11/Jun/2024:00:59:11 +0600] "GET /stacks HTTP/1.1" 404 705 "-" "Mozilla/5.0 zgrab/0.x"
198.235.24.90 - - [11/Jun/2024:01:10:59 +0600] "GET / HTTP/1.0" 404 1236 "-" "Expanse, a Palo Alto Networks company, searches across the global IPv4 space multiple times per day to identify customers' presences on the Internet. If you would like to be excluded from our scans, please send IP addresses/domains to: scaninfo@paloaltonetworks.com"
192.241.221.34 - - [11/Jun/2024:01:21:46 +0600] "GET /manager/text/list HTTP/1.1" 404 705 "-" "Mozilla/5.0 zgrab/0.x"
45.128.232.220 - - [11/Jun/2024:02:11:11 +0600] "POST /ws/v1/cluster/apps/new-application HTTP/1.1" 404 705 "-" "python-requests/2.6.0 CPython/2.7.5 Linux/3.10.0-1127.19.1.el7.x86_64"
113.200.98.17 - - [11/Jun/2024:02:28:34 +0600] "GET /stacks HTTP/1.1" 404 705 "-" "Mozilla/5.0 zgrab/0.x"
198.235.24.255 - - [11/Jun/2024:02:49:07 +0600] "GET / HTTP/1.1" 404 1236 "-" "Expanse, a Palo Alto Networks company, searches across the global IPv4 space multiple times per day to identify customers' presences on the Internet. If you would like to be excluded from our scans, please send IP addresses/domains to: scaninfo@paloaltonetworks.com"
220.248.173.137 - - [11/Jun/2024:05:12:37 +0600] "GET /stacks HTTP/1.1" 404 705 "-" "Mozilla/5.0 zgrab/0.x"
116.147.37.17 - - [11/Jun/2024:05:26:59 +0600] "GET /stacks HTTP/1.1" 404 705 "-" "Mozilla/5.0 zgrab/0.x"
39.108.251.77 - - [11/Jun/2024:06:20:48 +0600] "GET /stacks HTTP/1.1" 404 705 "-" "Mozilla/5.0 zgrab/0.x"
47.236.28.227 - - [11/Jun/2024:07:03:41 +0600] "GET / HTTP/1.0" 404 1236 "-" "-"
47.236.28.227 - - [11/Jun/2024:07:03:41 +0600] "GET / HTTP/1.1" 404 705 "-" "Mozilla/5.0 (Macintosh; Intel Mac OS X 10_14_6) AppleWebKit/537.36 (KHTML, like Gecko) Chrome/76.0.3809.132 Safari/537.36"
47.236.28.227 - - [11/Jun/2024:07:03:41 +0600] "GET /favicon.ico HTTP/1.1" 404 1236 "-" "fasthttp"
165.154.129.74 - - [11/Jun/2024:10:02:11 +0600] "GET / HTTP/1.1" 404 1236 "-" "curl/7.29.0"
165.154.206.204 - - [11/Jun/2024:10:02:31 +0600] "GET /favicon.ico HTTP/1.1" 404 705 "-" "Go-http-client/1.1"
165.154.206.204 - - [11/Jun/2024:10:02:31 +0600] "GET / HTTP/1.1" 404 705 "-" "Mozilla/5.0 (Windows NT 7_0_1; Win64; x64) AppleWebKit/601.41 (KHTML, like Gecko) Chrome/77.0.1089 Safari/537.36"
165.154.206.204 - - [11/Jun/2024:10:02:32 +0600] "GET /robots.txt HTTP/1.1" 404 705 "-" "Go-http-client/1.1"
165.154.206.204 - - [11/Jun/2024:10:02:32 +0600] "GET /sitemap.xml HTTP/1.1" 404 705 "-" "Go-http-client/1.1"
39.104.134.58 - - [11/Jun/2024:11:41:09 +0600] "GET /stacks HTTP/1.1" 404 705 "-" "Mozilla/5.0 zgrab/0.x"
154.212.141.225 - - [11/Jun/2024:12:00:01 +0600] "GET / HTTP/1.1" 404 1236 "-" "-"
64.62.156.24 - - [11/Jun/2024:12:05:29 +0600] "GET / HTTP/1.1" 404 705 "-" "Mozilla/5.0 (Windows NT 10.0.0; Win64; x64; ) AppleWebKit/537.36 (KHTML, like Gecko) Chrome/122.0.6261.156 Not(A:Brand/24 YaBrowser/24.4.1.899 Yowser/2.5 Safari/537.36"
143.198.218.188 - - [11/Jun/2024:12:06:39 +0600] "GET /stacks HTTP/1.1" 404 705 "-" "Mozilla/5.0 zgrab/0.x"
87.236.176.142 - - [11/Jun/2024:14:58:01 +0600] "GET / HTTP/1.1" 404 705 "-" "Mozilla/5.0 (compatible; InternetMeasurement/1.0; +https://internet-measurement.com/)"
162.243.138.46 - - [11/Jun/2024:15:16:03 +0600] "GET /manager/html HTTP/1.1" 404 705 "-" "Mozilla/5.0 zgrab/0.x"
167.94.145.111 - - [11/Jun/2024:15:24:57 +0600] "GET / HTTP/1.1" 404 1236 "-" "-"
167.94.145.111 - - [11/Jun/2024:15:25:01 +0600] "GET / HTTP/1.1" 404 705 "-" "Mozilla/5.0 (compatible; CensysInspect/1.1; +https://about.censys.io/)"
199.45.154.29 - - [11/Jun/2024:15:57:22 +0600] "GET / HTTP/1.1" 404 1236 "-" "-"
199.45.154.29 - - [11/Jun/2024:15:57:26 +0600] "GET / HTTP/1.1" 404 705 "-" "Mozilla/5.0 (compatible; CensysInspect/1.1; +https://about.censys.io/)"
140.238.153.39 - - [11/Jun/2024:18:03:53 +0600] "GET /stacks HTTP/1.1" 404 705 "-" "Mozilla/5.0 zgrab/0.x"
152.32.245.196 - - [11/Jun/2024:20:46:43 +0600] "GET / HTTP/1.1" 404 1236 "-" "Mozilla/5.0 (Macintosh; Intel Mac OS X 10_15_7) AppleWebKit/537.36 (KHTML, like Gecko) Chrome/120.0.0.0 Safari/537.36 Edg/120.0.0.0"
152.32.245.196 - - [11/Jun/2024:20:46:48 +0600] "GET /favicon.ico HTTP/1.1" 404 705 "-" "Mozilla/5.0 (Macintosh; Intel Mac OS X 10_7_0) AppleWebKit/535.11 (KHTML, like Gecko) Chrome/17.0.963.56 Safari/535.11"
152.32.245.196 - - [11/Jun/2024:20:46:48 +0600] "GET /robots.txt HTTP/1.1" 404 705 "-" "Mozilla/5.0 (Macintosh; Intel Mac OS X 10_7_0) AppleWebKit/535.11 (KHTML, like Gecko) Chrome/17.0.963.56 Safari/535.11"
152.32.245.196 - - [11/Jun/2024:20:46:48 +0600] "GET /sitemap.xml HTTP/1.1" 404 705 "-" "Mozilla/5.0 (Macintosh; Intel Mac OS X 10_7_0) AppleWebKit/535.11 (KHTML, like Gecko) Chrome/17.0.963.56 Safari/535.11"
141.98.11.55 - - [11/Jun/2024:21:19:33 +0600] "POST /ws/v1/cluster/apps/new-application HTTP/1.1" 404 705 "-" "Go-http-client/1.1"
118.178.238.201 - - [11/Jun/2024:21:38:19 +0600] "GET /stacks HTTP/1.1" 404 705 "-" "Mozilla/5.0 zgrab/0.x"
141.98.11.55 - - [11/Jun/2024:22:14:24 +0600] "POST /ws/v1/cluster/apps/new-application HTTP/1.1" 404 705 "-" "Go-http-client/1.1"
206.217.128.98 - - [11/Jun/2024:23:45:09 +0600] "GET / HTTP/1.1" 404 705 "-" "Mozilla/5.0"
92.249.48.237 - - [11/Jun/2024:23:45:30 +0600] "POST /ws/v1/cluster/apps/new-application HTTP/1.1" 404 705 "-" "Go-http-client/1.1"
113.214.18.234 - - [12/Jun/2024:00:15:04 +0600] "GET /stacks HTTP/1.1" 404 705 "-" "Mozilla/5.0 zgrab/0.x"
52.190.22.24 - - [12/Jun/2024:01:23:44 +0600] "GET /stacks HTTP/1.1" 404 705 "-" "Mozilla/5.0 zgrab/0.x"
152.32.149.47 - - [12/Jun/2024:01:42:30 +0600] "GET / HTTP/1.1" 404 1236 "-" "Mozilla/5.0 (Macintosh; Intel Mac OS X 10_15_7) AppleWebKit/537.36 (KHTML, like Gecko) Chrome/120.0.0.0 Safari/537.36 Edg/120.0.0.0"
152.32.149.47 - - [12/Jun/2024:01:42:36 +0600] "GET /favicon.ico HTTP/1.1" 404 705 "-" "Mozilla/5.0 (Macintosh; Intel Mac OS X 10_7_0) AppleWebKit/535.11 (KHTML, like Gecko) Chrome/17.0.963.56 Safari/535.11"
152.32.149.47 - - [12/Jun/2024:01:42:37 +0600] "GET /robots.txt HTTP/1.1" 404 705 "-" "Mozilla/5.0 (Macintosh; Intel Mac OS X 10_7_0) AppleWebKit/535.11 (KHTML, like Gecko) Chrome/17.0.963.56 Safari/535.11"
152.32.149.47 - - [12/Jun/2024:01:42:39 +0600] "GET /sitemap.xml HTTP/1.1" 404 705 "-" "Mozilla/5.0 (Macintosh; Intel Mac OS X 10_7_0) AppleWebKit/535.11 (KHTML, like Gecko) Chrome/17.0.963.56 Safari/535.11"
45.128.232.220 - - [12/Jun/2024:02:12:57 +0600] "POST /ws/v1/cluster/apps/new-application HTTP/1.1" 404 705 "-" "python-requests/2.6.0 CPython/2.7.5 Linux/3.10.0-1127.19.1.el7.x86_64"
205.210.31.80 - - [12/Jun/2024:03:11:59 +0600] "GET / HTTP/1.1" 404 1236 "-" "Expanse, a Palo Alto Networks company, searches across the global IPv4 space multiple times per day to identify customers' presences on the Internet. If you would like to be excluded from our scans, please send IP addresses/domains to: scaninfo@paloaltonetworks.com"
42.192.51.120 - - [12/Jun/2024:03:20:52 +0600] "GET /stacks HTTP/1.1" 404 705 "-" "Mozilla/5.0 zgrab/0.x"
141.98.11.55 - - [12/Jun/2024:04:04:22 +0600] "POST /ws/v1/cluster/apps/new-application HTTP/1.1" 404 705 "-" "Go-http-client/1.1"
141.98.11.55 - - [12/Jun/2024:04:58:10 +0600] "POST /ws/v1/cluster/apps/new-application HTTP/1.1" 404 705 "-" "Go-http-client/1.1"
45.128.232.220 - - [12/Jun/2024:05:05:54 +0600] "POST /ws/v1/cluster/apps/new-application HTTP/1.1" 404 705 "-" "python-requests/2.6.0 CPython/2.7.5 Linux/3.10.0-1127.19.1.el7.x86_64"
147.185.132.70 - - [12/Jun/2024:05:22:41 +0600] "GET / HTTP/1.0" 404 1236 "-" "Expanse, a Palo Alto Networks company, searches across the global IPv4 space multiple times per day to identify customers' presences on the Internet. If you would like to be excluded from our scans, please send IP addresses/domains to: scaninfo@paloaltonetworks.com"
39.99.227.210 - - [12/Jun/2024:05:31:23 +0600] "GET /stacks HTTP/1.1" 404 705 "-" "Mozilla/5.0 zgrab/0.x"
141.98.11.55 - - [12/Jun/2024:05:32:09 +0600] "POST /ws/v1/cluster/apps/new-application HTTP/1.1" 404 705 "-" "Go-http-client/1.1"
141.98.11.55 - - [12/Jun/2024:06:24:33 +0600] "POST /ws/v1/cluster/apps/new-application HTTP/1.1" 404 705 "-" "Go-http-client/1.1"
119.91.208.128 - - [12/Jun/2024:07:03:47 +0600] "GET /stacks HTTP/1.1" 404 705 "-" "Mozilla/5.0 zgrab/0.x"
123.207.35.85 - - [12/Jun/2024:07:23:02 +0600] "GET /stacks HTTP/1.1" 404 705 "-" "Mozilla/5.0 zgrab/0.x"
141.98.11.55 - - [12/Jun/2024:07:30:23 +0600] "POST /ws/v1/cluster/apps/new-application HTTP/1.1" 404 705 "-" "Go-http-client/1.1"
112.126.94.54 - - [12/Jun/2024:07:34:00 +0600] "GET /stacks HTTP/1.1" 404 705 "-" "Mozilla/5.0 zgrab/0.x"
141.98.11.55 - - [12/Jun/2024:07:49:28 +0600] "POST /ws/v1/cluster/apps/new-application HTTP/1.1" 404 705 "-" "Go-http-client/1.1"
113.200.98.17 - - [12/Jun/2024:08:03:51 +0600] "GET /stacks HTTP/1.1" 404 705 "-" "Mozilla/5.0 zgrab/0.x"
141.98.11.55 - - [12/Jun/2024:09:04:30 +0600] "POST /ws/v1/cluster/apps/new-application HTTP/1.1" 404 705 "-" "Go-http-client/1.1"
141.98.11.55 - - [12/Jun/2024:09:17:34 +0600] "POST /ws/v1/cluster/apps/new-application HTTP/1.1" 404 705 "-" "Go-http-client/1.1"
101.35.54.195 - - [12/Jun/2024:09:26:37 +0600] "GET /stacks HTTP/1.1" 404 705 "-" "Mozilla/5.0 zgrab/0.x"
141.98.11.55 - - [12/Jun/2024:10:25:41 +0600] "POST /ws/v1/cluster/apps/new-application HTTP/1.1" 404 705 "-" "Go-http-client/1.1"
124.222.54.108 - - [12/Jun/2024:10:40:25 +0600] "GET /stacks HTTP/1.1" 404 705 "-" "Mozilla/5.0 zgrab/0.x"
141.98.11.55 - - [12/Jun/2024:11:06:56 +0600] "POST /ws/v1/cluster/apps/new-application HTTP/1.1" 404 705 "-" "Go-http-client/1.1"
141.98.11.55 - - [12/Jun/2024:12:03:04 +0600] "POST /ws/v1/cluster/apps/new-application HTTP/1.1" 404 705 "-" "Go-http-client/1.1"
113.200.98.17 - - [12/Jun/2024:12:22:26 +0600] "GET /stacks HTTP/1.1" 404 705 "-" "Mozilla/5.0 zgrab/0.x"
134.209.228.36 - - [12/Jun/2024:12:23:23 +0600] "GET /stacks HTTP/1.1" 404 705 "-" "Mozilla/5.0 zgrab/0.x"
141.98.11.55 - - [12/Jun/2024:12:25:13 +0600] "POST /ws/v1/cluster/apps/new-application HTTP/1.1" 404 705 "-" "Go-http-client/1.1"
167.94.146.57 - - [12/Jun/2024:12:25:21 +0600] "GET / HTTP/1.1" 404 1236 "-" "-"
167.94.146.57 - - [12/Jun/2024:12:25:28 +0600] "GET / HTTP/1.1" 404 705 "-" "Mozilla/5.0 (compatible; CensysInspect/1.1; +https://about.censys.io/)"
101.91.148.86 - - [12/Jun/2024:12:43:51 +0600] "GET /stacks HTTP/1.1" 404 705 "-" "Mozilla/5.0 zgrab/0.x"
141.98.11.55 - - [12/Jun/2024:13:37:52 +0600] "POST /ws/v1/cluster/apps/new-application HTTP/1.1" 404 705 "-" "Go-http-client/1.1"
39.106.18.244 - - [12/Jun/2024:13:58:02 +0600] "GET /stacks HTTP/1.1" 404 705 "-" "Mozilla/5.0 zgrab/0.x"
141.98.11.55 - - [12/Jun/2024:14:17:35 +0600] "POST /ws/v1/cluster/apps/new-application HTTP/1.1" 404 705 "-" "Go-http-client/1.1"
141.98.11.55 - - [12/Jun/2024:15:37:41 +0600] "POST /ws/v1/cluster/apps/new-application HTTP/1.1" 404 705 "-" "Go-http-client/1.1"
64.62.197.110 - - [12/Jun/2024:15:50:46 +0600] "GET / HTTP/1.1" 404 705 "-" "Mozilla/5.0 (Macintosh; Intel Mac OS X 10_15_7) AppleWebKit/537.36 (KHTML, like Gecko) Chrome/123.0.0.0 Safari/537.36"
64.62.197.121 - - [12/Jun/2024:15:50:57 +0600] "GET /favicon.ico HTTP/1.1" 404 705 "-" "Mozilla/5.0 (Windows NT 10.0; Win64; x64; rv:107.0) Gecko/20100101 Firefox/107.0"
119.23.78.55 - - [12/Jun/2024:15:52:25 +0600] "GET /stacks HTTP/1.1" 404 705 "-" "Mozilla/5.0 zgrab/0.x"
39.106.18.244 - - [12/Jun/2024:16:09:53 +0600] "GET /stacks HTTP/1.1" 404 705 "-" "Mozilla/5.0 zgrab/0.x"
141.98.11.55 - - [12/Jun/2024:16:30:21 +0600] "POST /ws/v1/cluster/apps/new-application HTTP/1.1" 404 705 "-" "Go-http-client/1.1"
101.133.225.217 - - [12/Jun/2024:16:38:41 +0600] "GET /stacks HTTP/1.1" 404 705 "-" "Mozilla/5.0 zgrab/0.x"
127.0.0.1 - - [12/Jun/2024:16:58:09 +0600] "GET /metrics HTTP/1.1" 404 705 "-" "netdata/go.d.plugin"
39.100.80.172 - - [12/Jun/2024:17:02:33 +0600] "GET /stacks HTTP/1.1" 404 705 "-" "Mozilla/5.0 zgrab/0.x"
111.229.36.14 - - [12/Jun/2024:17:13:52 +0600] "GET /stacks HTTP/1.1" 404 705 "-" "Mozilla/5.0 zgrab/0.x"
141.98.11.55 - - [12/Jun/2024:17:26:49 +0600] "POST /ws/v1/cluster/apps/new-application HTTP/1.1" 404 705 "-" "Go-http-client/1.1"
141.98.11.55 - - [12/Jun/2024:17:38:57 +0600] "POST /ws/v1/cluster/apps/new-application HTTP/1.1" 404 705 "-" "Go-http-client/1.1"
140.238.153.39 - - [12/Jun/2024:17:45:49 +0600] "GET /stacks HTTP/1.1" 404 705 "-" "Mozilla/5.0 zgrab/0.x"
47.100.242.58 - - [12/Jun/2024:17:49:37 +0600] "GET /stacks HTTP/1.1" 404 705 "-" "Mozilla/5.0 zgrab/0.x"
116.147.37.17 - - [12/Jun/2024:20:35:16 +0600] "GET /stacks HTTP/1.1" 404 705 "-" "Mozilla/5.0 zgrab/0.x"
75.119.146.74 - - [12/Jun/2024:20:57:25 +0600] "POST /ws/v1/cluster/apps/new-application HTTP/1.1" 404 705 "-" "python-requests/2.32.3"
45.249.245.54 - - [12/Jun/2024:21:13:50 +0600] "GET / HTTP/1.1" 404 1236 "-" "Mozilla/5.0 (Macintosh; Intel Mac OS X 10_15_7) AppleWebKit/537.36 (KHTML, like Gecko) Chrome/120.0.0.0 Safari/537.36 Edg/120.0.0.0"
45.249.245.54 - - [12/Jun/2024:21:13:55 +0600] "GET /favicon.ico HTTP/1.1" 404 705 "-" "Mozilla/5.0 (Macintosh; Intel Mac OS X 10_7_0) AppleWebKit/535.11 (KHTML, like Gecko) Chrome/17.0.963.56 Safari/535.11"
45.249.245.54 - - [12/Jun/2024:21:13:55 +0600] "GET /robots.txt HTTP/1.1" 404 705 "-" "Mozilla/5.0 (Macintosh; Intel Mac OS X 10_7_0) AppleWebKit/535.11 (KHTML, like Gecko) Chrome/17.0.963.56 Safari/535.11"
45.249.245.54 - - [12/Jun/2024:21:13:56 +0600] "GET /sitemap.xml HTTP/1.1" 404 705 "-" "Mozilla/5.0 (Macintosh; Intel Mac OS X 10_7_0) AppleWebKit/535.11 (KHTML, like Gecko) Chrome/17.0.963.56 Safari/535.11"
139.162.7.59 - - [12/Jun/2024:22:38:23 +0600] "GET / HTTP/1.0" 404 1236 "-" "-"
139.162.7.59 - - [12/Jun/2024:22:38:33 +0600] "OPTIONS / HTTP/1.0" 404 1236 "-" "-"
139.162.7.59 - - [12/Jun/2024:22:39:02 +0600] "GET /Portal0000.htm HTTP/1.1" 404 1236 "-" "curl/7.54.0"
139.162.7.59 - - [12/Jun/2024:22:39:02 +0600] "GET /__Additional HTTP/1.1" 404 1236 "-" "curl/7.54.0"
139.162.7.59 - - [12/Jun/2024:22:39:02 +0600] "GET /Portal/Portal.mwsl HTTP/1.1" 404 1236 "-" "curl/7.54.0"
139.162.7.59 - - [12/Jun/2024:22:39:03 +0600] "GET /human.aspx HTTP/1.1" 404 1236 "-" "curl/7.54.0"
139.162.7.59 - - [12/Jun/2024:22:39:03 +0600] "GET /docs/cplugError.html/ HTTP/1.1" 404 1236 "-" "curl/7.54.0"
139.162.7.59 - - [12/Jun/2024:22:39:03 +0600] "GET /webui HTTP/1.1" 404 1236 "-" "curl/7.54.0"
139.162.7.59 - - [12/Jun/2024:22:39:03 +0600] "GET /user HTTP/1.1" 404 1236 "-" "curl/7.54.0"
139.162.7.59 - - [12/Jun/2024:22:39:03 +0600] "GET /user HTTP/1.1" 404 1236 "-" "curl/7.54.0"
139.162.7.59 - - [12/Jun/2024:22:39:03 +0600] "GET /server-status HTTP/1.1" 404 1236 "-" "curl/7.54.0"
139.162.7.59 - - [12/Jun/2024:22:39:03 +0600] "GET /human.aspx HTTP/1.1" 404 1236 "-" "curl/7.54.0"
139.162.7.59 - - [12/Jun/2024:22:39:04 +0600] "GET /dana-cached/hc/HostCheckerInstaller.osx HTTP/1.1" 404 1236 "-" "curl/7.54.0"
139.162.7.59 - - [12/Jun/2024:22:39:04 +0600] "GET /CFIDE/componentutils/ HTTP/1.1" 404 1236 "-" "curl/7.54.0"
139.162.7.59 - - [12/Jun/2024:22:39:04 +0600] "GET / HTTP/1.1" 404 1236 "-" "curl/7.54.0"
139.162.7.59 - - [12/Jun/2024:22:39:04 +0600] "GET /dana-na/nc/nc_gina_ver.txt HTTP/1.1" 404 1236 "-" "curl/7.54.0"
139.162.7.59 - - [12/Jun/2024:22:39:04 +0600] "GET /+CSCOE+/logon.html HTTP/1.1" 404 1236 "-" "curl/7.54.0"
139.162.7.59 - - [12/Jun/2024:22:39:06 +0600] "GET / HTTP/1.1" 404 1236 "-" "curl/7.54.0"
139.162.7.59 - - [12/Jun/2024:22:39:07 +0600] "GET / HTTP/1.1" 404 1236 "-" "Mozilla/5.0 (Windows NT 6.1) AppleWebKit/537.36 (KHTML, like Gecko) Chrome/36.0.1985.125 Safari/537.36"
139.162.7.59 - - [12/Jun/2024:22:39:09 +0600] "GET /favicon.ico HTTP/1.1" 404 1236 "-" "curl/7.54.0"
139.162.7.59 - - [12/Jun/2024:22:39:10 +0600] "GET /nmaplowercheck1718210340 HTTP/1.1" 404 1236 "-" "curl/7.54.0"
139.162.7.59 - - [12/Jun/2024:22:39:11 +0600] "GET /HNAP1 HTTP/1.1" 404 1236 "-" "curl/7.54.0"
139.162.7.59 - - [12/Jun/2024:22:39:16 +0600] "GET / HTTP/1.1" 404 1236 "-" "-"
62.234.45.76 - - [13/Jun/2024:00:44:41 +0600] "GET /stacks HTTP/1.1" 404 705 "-" "Mozilla/5.0 zgrab/0.x"
152.32.128.169 - - [13/Jun/2024:01:57:28 +0600] "GET / HTTP/1.1" 404 1236 "-" "Mozilla/5.0 (Macintosh; Intel Mac OS X 10_15_7) AppleWebKit/537.36 (KHTML, like Gecko) Chrome/120.0.0.0 Safari/537.36 Edg/120.0.0.0"
152.32.128.169 - - [13/Jun/2024:01:57:34 +0600] "GET /sitemap.xml HTTP/1.1" 404 705 "-" "Mozilla/5.0 (Macintosh; Intel Mac OS X 10_7_0) AppleWebKit/535.11 (KHTML, like Gecko) Chrome/17.0.963.56 Safari/535.11"
152.32.128.169 - - [13/Jun/2024:01:57:34 +0600] "GET /favicon.ico HTTP/1.1" 404 705 "-" "Mozilla/5.0 (Macintosh; Intel Mac OS X 10_7_0) AppleWebKit/535.11 (KHTML, like Gecko) Chrome/17.0.963.56 Safari/535.11"
152.32.128.169 - - [13/Jun/2024:01:57:34 +0600] "GET /robots.txt HTTP/1.1" 404 705 "-" "Mozilla/5.0 (Macintosh; Intel Mac OS X 10_7_0) AppleWebKit/535.11 (KHTML, like Gecko) Chrome/17.0.963.56 Safari/535.11"
183.56.193.14 - - [13/Jun/2024:03:04:14 +0600] "GET /stacks HTTP/1.1" 404 705 "-" "Mozilla/5.0 zgrab/0.x"
147.185.132.168 - - [13/Jun/2024:03:33:02 +0600] "GET / HTTP/1.0" 404 1236 "-" "Expanse, a Palo Alto Networks company, searches across the global IPv4 space multiple times per day to identify customers' presences on the Internet. If you would like to be excluded from our scans, please send IP addresses/domains to: scaninfo@paloaltonetworks.com"
140.238.153.39 - - [13/Jun/2024:04:58:30 +0600] "GET /stacks HTTP/1.1" 404 705 "-" "Mozilla/5.0 zgrab/0.x"
141.98.11.55 - - [13/Jun/2024:06:54:16 +0600] "POST /ws/v1/cluster/apps/new-application HTTP/1.1" 404 705 "-" "Go-http-client/1.1"
52.170.133.55 - - [13/Jun/2024:07:07:17 +0600] "GET /stacks HTTP/1.1" 404 705 "-" "Mozilla/5.0 zgrab/0.x"
127.0.0.1 - - [13/Jun/2024:07:09:47 +0600] "GET /metrics HTTP/1.1" 404 705 "-" "netdata/go.d.plugin"
141.98.11.55 - - [13/Jun/2024:07:42:36 +0600] "POST /ws/v1/cluster/apps/new-application HTTP/1.1" 404 705 "-" "Go-http-client/1.1"
141.98.11.55 - - [13/Jun/2024:08:25:47 +0600] "POST /ws/v1/cluster/apps/new-application HTTP/1.1" 404 705 "-" "Go-http-client/1.1"
141.98.11.55 - - [13/Jun/2024:09:17:14 +0600] "POST /ws/v1/cluster/apps/new-application HTTP/1.1" 404 705 "-" "Go-http-client/1.1"
141.98.11.55 - - [13/Jun/2024:09:55:10 +0600] "POST /ws/v1/cluster/apps/new-application HTTP/1.1" 404 705 "-" "Go-http-client/1.1"
185.191.126.213 - - [13/Jun/2024:10:05:55 +0600] "GET / HTTP/1.1" 404 1236 "-" "-"
141.98.11.55 - - [13/Jun/2024:10:50:49 +0600] "POST /ws/v1/cluster/apps/new-application HTTP/1.1" 404 705 "-" "Go-http-client/1.1"
39.106.18.244 - - [13/Jun/2024:11:21:07 +0600] "GET /stacks HTTP/1.1" 404 705 "-" "Mozilla/5.0 zgrab/0.x"
141.98.11.55 - - [13/Jun/2024:11:22:11 +0600] "POST /ws/v1/cluster/apps/new-application HTTP/1.1" 404 705 "-" "Go-http-client/1.1"
119.23.51.246 - - [13/Jun/2024:12:01:35 +0600] "GET /stacks HTTP/1.1" 404 705 "-" "Mozilla/5.0 zgrab/0.x"
198.235.24.12 - - [13/Jun/2024:12:20:11 +0600] "GET / HTTP/1.1" 404 1236 "-" "Expanse, a Palo Alto Networks company, searches across the global IPv4 space multiple times per day to identify customers' presences on the Internet. If you would like to be excluded from our scans, please send IP addresses/domains to: scaninfo@paloaltonetworks.com"
184.105.247.194 - - [13/Jun/2024:12:29:13 +0600] "GET / HTTP/1.1" 404 705 "-" "Mozilla/5.0 (Windows NT 10.0; Win64; x64) AppleWebKit/537.36 (KHTML, like Gecko) Chrome/99.0.4844.84 Safari/537.36"
184.105.247.194 - - [13/Jun/2024:12:29:30 +0600] "GET /favicon.ico HTTP/1.1" 404 705 "-" "Mozilla/5.0 (X11; Linux x86_64) AppleWebKit/537.36 (KHTML, like Gecko) Chrome/110.0.0.0 Safari/537.36"
141.98.11.55 - - [13/Jun/2024:12:35:08 +0600] "POST /ws/v1/cluster/apps/new-application HTTP/1.1" 404 705 "-" "Go-http-client/1.1"
141.98.11.55 - - [13/Jun/2024:13:17:16 +0600] "POST /ws/v1/cluster/apps/new-application HTTP/1.1" 404 705 "-" "Go-http-client/1.1"
124.222.132.208 - - [13/Jun/2024:13:51:22 +0600] "GET /stacks HTTP/1.1" 404 705 "-" "Mozilla/5.0 zgrab/0.x"
