141.98.11.175 - - [23/Nov/2024:09:05:18 +0600] "POST /ws/v1/cluster/apps/new-application HTTP/1.1" 404 705 "-" "Go-http-client/1.1"
141.98.11.175 - - [23/Nov/2024:10:01:27 +0600] "POST /ws/v1/cluster/apps/new-application HTTP/1.1" 404 705 "-" "Go-http-client/1.1"
184.105.139.69 - - [23/Nov/2024:10:04:59 +0600] "GET / HTTP/1.1" 404 705 "-" "Mozilla/5.0 (Windows NT 10.0; Win64; x64) AppleWebKit/537.36 (KHTML, like Gecko) Chrome/125.0.0.0 Safari/537.36 Edg/125.0.0.0"
184.105.139.69 - - [23/Nov/2024:10:05:09 +0600] "GET /favicon.ico HTTP/1.1" 404 705 "-" "Mozilla/5.0 (Windows NT 10.0; Win64; x64) AppleWebKit/537.36 (KHTML, like Gecko) Chrome/103.0.0.0 Safari/537.36"
81.68.179.56 - - [23/Nov/2024:10:16:17 +0600] "GET /stacks HTTP/1.1" 404 705 "-" "Mozilla/5.0 zgrab/0.x"
43.139.128.232 - - [23/Nov/2024:10:46:30 +0600] "GET /stacks HTTP/1.1" 404 705 "-" "Mozilla/5.0 zgrab/0.x"
147.185.132.177 - - [23/Nov/2024:10:48:19 +0600] "GET / HTTP/1.1" 404 705 "-" "Expanse, a Palo Alto Networks company, searches across the global IPv4 space multiple times per day to identify customers' presences on the Internet. If you would like to be excluded from our scans, please send IP addresses/domains to: scaninfo@paloaltonetworks.com"
141.98.11.175 - - [23/Nov/2024:11:02:25 +0600] "POST /ws/v1/cluster/apps/new-application HTTP/1.1" 404 705 "-" "Go-http-client/1.1"
199.204.97.6 - - [23/Nov/2024:11:08:05 +0600] "POST /ws/v1/cluster/apps/new-application HTTP/1.1" 404 705 "-" "Go-http-client/1.1"
141.98.11.175 - - [23/Nov/2024:11:42:01 +0600] "POST /ws/v1/cluster/apps/new-application HTTP/1.1" 404 705 "-" "Go-http-client/1.1"
141.98.11.175 - - [23/Nov/2024:12:13:53 +0600] "POST /ws/v1/cluster/apps/new-application HTTP/1.1" 404 705 "-" "Go-http-client/1.1"
195.178.110.40 - - [23/Nov/2024:12:33:05 +0600] "GET / HTTP/1.1" 404 705 "-" "Mozilla/5.0 (Windows NT 10.0; Win64; x64) AppleWebKit/537.36 (KHTML, like Gecko) Chrome/108.0.0.0 Safari/537.36"
141.98.11.175 - - [23/Nov/2024:13:00:34 +0600] "POST /ws/v1/cluster/apps/new-application HTTP/1.1" 404 705 "-" "Go-http-client/1.1"
167.94.138.41 - - [23/Nov/2024:13:16:06 +0600] "GET / HTTP/1.1" 404 705 "-" "Mozilla/5.0 (compatible; CensysInspect/1.1; +https://about.censys.io/)"
141.98.11.175 - - [23/Nov/2024:13:32:08 +0600] "POST /ws/v1/cluster/apps/new-application HTTP/1.1" 404 705 "-" "Go-http-client/1.1"
141.98.11.175 - - [23/Nov/2024:14:28:15 +0600] "POST /ws/v1/cluster/apps/new-application HTTP/1.1" 404 705 "-" "Go-http-client/1.1"
194.50.16.198 - - [23/Nov/2024:14:36:33 +0600] "POST /apply.cgi HTTP/1.1" 404 705 "http://139.59.127.108:8088/apply.cgi" "Mozilla/5.0 (Windows NT 10.0; Win64; x64) AppleWebKit/537.36 (KHTML, like Gecko) Chrome/129.0.6668.71 Safari/537.36"
141.98.11.175 - - [23/Nov/2024:15:04:28 +0600] "POST /ws/v1/cluster/apps/new-application HTTP/1.1" 404 705 "-" "Go-http-client/1.1"
199.204.97.6 - - [23/Nov/2024:15:14:24 +0600] "POST /ws/v1/cluster/apps/new-application HTTP/1.1" 404 705 "-" "Go-http-client/1.1"
167.94.146.55 - - [23/Nov/2024:15:27:52 +0600] "GET / HTTP/1.1" 404 1236 "-" "-"
167.94.146.55 - - [23/Nov/2024:15:27:56 +0600] "GET / HTTP/1.1" 404 705 "-" "Mozilla/5.0 (compatible; CensysInspect/1.1; +https://about.censys.io/)"
141.98.11.175 - - [23/Nov/2024:16:14:59 +0600] "POST /ws/v1/cluster/apps/new-application HTTP/1.1" 404 705 "-" "Go-http-client/1.1"
141.98.11.175 - - [23/Nov/2024:16:55:00 +0600] "POST /ws/v1/cluster/apps/new-application HTTP/1.1" 404 705 "-" "Go-http-client/1.1"
141.98.11.175 - - [23/Nov/2024:17:39:08 +0600] "POST /ws/v1/cluster/apps/new-application HTTP/1.1" 404 705 "-" "Go-http-client/1.1"
141.98.11.175 - - [23/Nov/2024:17:59:18 +0600] "POST /ws/v1/cluster/apps/new-application HTTP/1.1" 404 705 "-" "Go-http-client/1.1"
194.50.16.198 - - [23/Nov/2024:18:08:47 +0600] "POST /apply.cgi HTTP/1.1" 404 705 "http://139.59.127.108:8088/apply.cgi" "Mozilla/5.0 (Windows NT 10.0; Win64; x64) AppleWebKit/537.36 (KHTML, like Gecko) Chrome/96.0.4664.110 Safari/537.36"
194.50.16.198 - - [23/Nov/2024:18:08:47 +0600] "GET / HTTP/1.0" 404 705 "-" "Mozilla/5.0 (X11; Ubuntu; Linux x86_64; rv:71.0) Gecko/20100101 Firefox/71.0"
49.7.216.83 - - [23/Nov/2024:18:19:59 +0600] "GET /stacks HTTP/1.1" 404 705 "-" "Mozilla/5.0 zgrab/0.x"
141.98.11.175 - - [23/Nov/2024:18:51:04 +0600] "POST /ws/v1/cluster/apps/new-application HTTP/1.1" 404 705 "-" "Go-http-client/1.1"
141.98.11.175 - - [23/Nov/2024:19:28:00 +0600] "POST /ws/v1/cluster/apps/new-application HTTP/1.1" 404 705 "-" "Go-http-client/1.1"
152.89.170.193 - - [23/Nov/2024:19:33:21 +0600] "POST /ws/v1/cluster/apps/new-application HTTP/1.1" 404 705 "-" "python-requests/2.22.0"
199.204.97.6 - - [23/Nov/2024:20:10:17 +0600] "POST /ws/v1/cluster/apps/new-application HTTP/1.1" 404 705 "-" "Go-http-client/1.1"
39.104.134.58 - - [23/Nov/2024:20:29:51 +0600] "GET /stacks HTTP/1.1" 404 705 "-" "Mozilla/5.0 zgrab/0.x"
152.32.183.22 - - [23/Nov/2024:20:31:16 +0600] "GET / HTTP/1.1" 404 1236 "-" "Mozilla/5.0 (Macintosh; Intel Mac OS X 10_15_7) AppleWebKit/537.36 (KHTML, like Gecko) Chrome/120.0.0.0 Safari/537.36 Edg/120.0.0.0"
152.32.183.22 - - [23/Nov/2024:20:31:22 +0600] "GET /favicon.ico HTTP/1.1" 404 705 "-" "Mozilla/5.0 (Macintosh; Intel Mac OS X 10_7_0) AppleWebKit/535.11 (KHTML, like Gecko) Chrome/17.0.963.56 Safari/535.11"
152.32.183.22 - - [23/Nov/2024:20:31:23 +0600] "GET /robots.txt HTTP/1.1" 404 705 "-" "Mozilla/5.0 (Macintosh; Intel Mac OS X 10_7_0) AppleWebKit/535.11 (KHTML, like Gecko) Chrome/17.0.963.56 Safari/535.11"
152.32.183.22 - - [23/Nov/2024:20:31:23 +0600] "GET /sitemap.xml HTTP/1.1" 404 705 "-" "Mozilla/5.0 (Macintosh; Intel Mac OS X 10_7_0) AppleWebKit/535.11 (KHTML, like Gecko) Chrome/17.0.963.56 Safari/535.11"
149.62.45.37 - - [23/Nov/2024:20:51:17 +0600] "GET / HTTP/1.1" 404 705 "-" "Go-http-client/1.1"
149.62.45.45 - - [23/Nov/2024:20:52:22 +0600] "GET / HTTP/1.1" 404 705 "-" "Mozilla/5.0 (Macintosh; Intel Mac OS X 10.15; rv:109.0) Gecko/20100101 Firefox/113.0"
149.62.45.45 - - [23/Nov/2024:20:52:22 +0600] "GET /favicon.ico HTTP/1.1" 404 705 "-" "Mozilla/5.0 (Macintosh; Intel Mac OS X 10_15_7) AppleWebKit/605.1.15 (KHTML, like Gecko) Version/15.6.1 Safari/605.1.15"
221.130.29.85 - - [23/Nov/2024:22:21:22 +0600] "GET /stacks HTTP/1.1" 404 705 "-" "Mozilla/5.0 zgrab/0.x"
113.214.18.234 - - [23/Nov/2024:22:55:44 +0600] "GET /stacks HTTP/1.1" 404 705 "-" "Mozilla/5.0 zgrab/0.x"
199.204.97.6 - - [23/Nov/2024:23:10:48 +0600] "POST /ws/v1/cluster/apps/new-application HTTP/1.1" 404 705 "-" "Go-http-client/1.1"
116.147.37.17 - - [23/Nov/2024:23:24:47 +0600] "GET /stacks HTTP/1.1" 404 705 "-" "Mozilla/5.0 zgrab/0.x"
123.207.35.85 - - [24/Nov/2024:02:01:35 +0600] "GET /stacks HTTP/1.1" 404 705 "-" "Mozilla/5.0 zgrab/0.x"
154.213.189.10 - - [24/Nov/2024:03:23:02 +0600] "POST /ws/v1/cluster/apps/new-application HTTP/1.1" 404 705 "-" "python-requests/2.22.0"
154.213.187.20 - - [24/Nov/2024:03:52:44 +0600] "GET / HTTP/1.0" 404 705 "-" "Mozilla/5.0 (X11; Ubuntu; Linux x86_64; rv:71.0) Gecko/20100101 Firefox/71.0"
205.210.31.177 - - [24/Nov/2024:05:28:10 +0600] "GET / HTTP/1.0" 404 1236 "-" "Expanse, a Palo Alto Networks company, searches across the global IPv4 space multiple times per day to identify customers' presences on the Internet. If you would like to be excluded from our scans, please send IP addresses/domains to: scaninfo@paloaltonetworks.com"
42.192.210.147 - - [24/Nov/2024:06:33:06 +0600] "GET /stacks HTTP/1.1" 404 705 "-" "Mozilla/5.0 zgrab/0.x"
122.51.47.232 - - [24/Nov/2024:07:48:55 +0600] "GET /stacks HTTP/1.1" 404 705 "-" "Mozilla/5.0 zgrab/0.x"
139.162.7.59 - - [24/Nov/2024:08:20:24 +0600] "GET / HTTP/1.0" 404 1236 "-" "-"
139.162.7.59 - - [24/Nov/2024:08:20:34 +0600] "OPTIONS / HTTP/1.0" 404 1236 "-" "-"
139.162.7.59 - - [24/Nov/2024:08:21:13 +0600] "GET /default.aspx HTTP/1.1" 404 1236 "-" "curl/7.54.0"
139.162.7.59 - - [24/Nov/2024:08:21:13 +0600] "GET /Portal/Portal.mwsl HTTP/1.1" 404 1236 "-" "curl/7.54.0"
139.162.7.59 - - [24/Nov/2024:08:21:13 +0600] "GET /?=PHPE9568F36-D428-11d2-A769-00AA001ACF42 HTTP/1.1" 404 1236 "-" "curl/7.54.0"
139.162.7.59 - - [24/Nov/2024:08:21:13 +0600] "GET /.git/HEAD HTTP/1.1" 404 1236 "-" "curl/7.54.0"
139.162.7.59 - - [24/Nov/2024:08:21:13 +0600] "GET / HTTP/1.1" 404 1236 "-" "curl/7.54.0"
139.162.7.59 - - [24/Nov/2024:08:21:14 +0600] "GET /menu.jsp HTTP/1.1" 404 1236 "-" "curl/7.54.0"
139.162.7.59 - - [24/Nov/2024:08:21:14 +0600] "GET /localstart.aspx HTTP/1.1" 404 1236 "-" "curl/7.54.0"
139.162.7.59 - - [24/Nov/2024:08:21:14 +0600] "GET /?=PHPB8B5F2A0-3C92-11d3-A3A9-4C7B08C10000 HTTP/1.1" 404 1236 "-" "curl/7.54.0"
139.162.7.59 - - [24/Nov/2024:08:21:14 +0600] "GET /docs/cplugError.html/ HTTP/1.1" 404 1236 "-" "curl/7.54.0"
139.162.7.59 - - [24/Nov/2024:08:21:14 +0600] "GET /base.shtml HTTP/1.1" 404 1236 "-" "curl/7.54.0"
139.162.7.59 - - [24/Nov/2024:08:21:14 +0600] "GET /nmaplowercheck1732414872 HTTP/1.1" 404 1236 "-" "curl/7.54.0"
139.162.7.59 - - [24/Nov/2024:08:21:15 +0600] "GET /HNAP1 HTTP/1.1" 404 1236 "-" "curl/7.54.0"
139.162.7.59 - - [24/Nov/2024:08:21:15 +0600] "GET /robots.txt HTTP/1.1" 404 1236 "-" "curl/7.54.0"
139.162.7.59 - - [24/Nov/2024:08:21:15 +0600] "GET /CSS/Miniweb.css HTTP/1.1" 404 1236 "-" "curl/7.54.0"
139.162.7.59 - - [24/Nov/2024:08:21:15 +0600] "GET /localstart.jsa HTTP/1.1" 404 1236 "-" "curl/7.54.0"
139.162.7.59 - - [24/Nov/2024:08:21:15 +0600] "GET /main.aspx HTTP/1.1" 404 1236 "-" "curl/7.54.0"
139.162.7.59 - - [24/Nov/2024:08:21:16 +0600] "GET /default.html HTTP/1.1" 404 1236 "-" "curl/7.54.0"
139.162.7.59 - - [24/Nov/2024:08:21:16 +0600] "GET / HTTP/1.1" 404 1236 "-" "curl/7.54.0"
139.162.7.59 - - [24/Nov/2024:08:21:16 +0600] "GET /home.asp HTTP/1.1" 404 1236 "-" "curl/7.54.0"
139.162.7.59 - - [24/Nov/2024:08:21:17 +0600] "GET /default.shtml HTTP/1.1" 404 1236 "-" "curl/7.54.0"
139.162.7.59 - - [24/Nov/2024:08:21:17 +0600] "GET /admin.pl HTTP/1.1" 404 1236 "-" "curl/7.54.0"
139.162.7.59 - - [24/Nov/2024:08:21:18 +0600] "GET /admin.shtml HTTP/1.1" 404 1236 "-" "curl/7.54.0"
139.162.7.59 - - [24/Nov/2024:08:21:18 +0600] "GET / HTTP/1.1" 404 1236 "-" "Mozilla/5.0 (Windows NT 6.1) AppleWebKit/537.36 (KHTML, like Gecko) Chrome/36.0.1985.125 Safari/537.36"
139.162.7.59 - - [24/Nov/2024:08:21:18 +0600] "GET /index.php HTTP/1.1" 404 1236 "-" "curl/7.54.0"
139.162.7.59 - - [24/Nov/2024:08:21:18 +0600] "GET /a8xK HTTP/1.1" 404 1236 "-" "curl/7.54.0"
139.162.7.59 - - [24/Nov/2024:08:21:19 +0600] "GET /user HTTP/1.1" 404 1236 "-" "curl/7.54.0"
139.162.7.59 - - [24/Nov/2024:08:21:19 +0600] "GET /admin.php HTTP/1.1" 404 1236 "-" "curl/7.54.0"
139.162.7.59 - - [24/Nov/2024:08:21:19 +0600] "GET /webui HTTP/1.1" 404 1236 "-" "curl/7.54.0"
139.162.7.59 - - [24/Nov/2024:08:21:19 +0600] "GET /inicio.pl HTTP/1.1" 404 1236 "-" "curl/7.54.0"
139.162.7.59 - - [24/Nov/2024:08:21:19 +0600] "GET /admin.jsp HTTP/1.1" 404 1236 "-" "curl/7.54.0"
139.162.7.59 - - [24/Nov/2024:08:21:20 +0600] "GET /user HTTP/1.1" 404 1236 "-" "curl/7.54.0"
139.162.7.59 - - [24/Nov/2024:08:21:20 +0600] "GET /human.aspx HTTP/1.1" 404 1236 "-" "curl/7.54.0"
139.162.7.59 - - [24/Nov/2024:08:21:20 +0600] "GET /admin.jhtml HTTP/1.1" 404 1236 "-" "curl/7.54.0"
139.162.7.59 - - [24/Nov/2024:08:21:20 +0600] "GET /default.cfm HTTP/1.1" 404 1236 "-" "curl/7.54.0"
139.162.7.59 - - [24/Nov/2024:08:21:20 +0600] "GET /admin.jsa HTTP/1.1" 404 1236 "-" "curl/7.54.0"
139.162.7.59 - - [24/Nov/2024:08:21:20 +0600] "GET /human.aspx HTTP/1.1" 404 1236 "-" "curl/7.54.0"
139.162.7.59 - - [24/Nov/2024:08:21:21 +0600] "GET /base.aspx HTTP/1.1" 404 1236 "-" "curl/7.54.0"
139.162.7.59 - - [24/Nov/2024:08:21:21 +0600] "GET /dana-cached/hc/HostCheckerInstaller.osx HTTP/1.1" 404 1236 "-" "curl/7.54.0"
139.162.7.59 - - [24/Nov/2024:08:21:21 +0600] "GET /dana-na/nc/nc_gina_ver.txt HTTP/1.1" 404 1236 "-" "curl/7.54.0"
139.162.7.59 - - [24/Nov/2024:08:21:21 +0600] "GET /default.cgi HTTP/1.1" 404 1236 "-" "curl/7.54.0"
139.162.7.59 - - [24/Nov/2024:08:21:21 +0600] "GET /+CSCOE+/logon.html HTTP/1.1" 404 1236 "-" "curl/7.54.0"
139.162.7.59 - - [24/Nov/2024:08:21:21 +0600] "GET /admin.cgi HTTP/1.1" 404 1236 "-" "curl/7.54.0"
139.162.7.59 - - [24/Nov/2024:08:21:22 +0600] "GET /CFIDE/componentutils/ HTTP/1.1" 404 1236 "-" "curl/7.54.0"
139.162.7.59 - - [24/Nov/2024:08:21:22 +0600] "GET /default.jsa HTTP/1.1" 404 1236 "-" "curl/7.54.0"
139.162.7.59 - - [24/Nov/2024:08:21:22 +0600] "GET /indice.cfm HTTP/1.1" 404 1236 "-" "curl/7.54.0"
139.162.7.59 - - [24/Nov/2024:08:21:22 +0600] "GET /geoserver/index.html HTTP/1.1" 404 1236 "-" "curl/7.54.0"
139.162.7.59 - - [24/Nov/2024:08:21:22 +0600] "GET /localstart.cfm HTTP/1.1" 404 1236 "-" "curl/7.54.0"
139.162.7.59 - - [24/Nov/2024:08:21:23 +0600] "GET /geoserver/ HTTP/1.1" 404 1236 "-" "curl/7.54.0"
199.204.97.6 - - [24/Nov/2024:10:07:20 +0600] "POST /ws/v1/cluster/apps/new-application HTTP/1.1" 404 705 "-" "Go-http-client/1.1"
184.105.139.68 - - [24/Nov/2024:10:46:23 +0600] "GET / HTTP/1.1" 404 705 "-" "Mozilla/5.0 (Macintosh; Intel Mac OS X 10_9_3) AppleWebKit/537.75.14 (KHTML, like Gecko) Version/7.0.3 Safari/7046A194A"
184.105.139.68 - - [24/Nov/2024:10:46:34 +0600] "GET /favicon.ico HTTP/1.1" 404 705 "-" "Mozilla/5.0 (Windows NT 10.0; Win64; x64) AppleWebKit/537.36 (KHTML, like Gecko) Chrome/108.0.0.0 Safari/537.36"
39.108.251.77 - - [24/Nov/2024:10:50:00 +0600] "GET /stacks HTTP/1.1" 404 705 "-" "Mozilla/5.0 zgrab/0.x"
87.236.176.214 - - [24/Nov/2024:11:06:08 +0600] "GET / HTTP/1.1" 404 705 "-" "Mozilla/5.0 (compatible; InternetMeasurement/1.0; +https://internet-measurement.com/)"
194.50.16.198 - - [24/Nov/2024:11:08:19 +0600] "POST /apply.cgi HTTP/1.1" 404 705 "http://139.59.127.108:8088/apply.cgi" "Mozilla/5.0 (Windows NT 10.0; Win64; x64) AppleWebKit/537.36 (KHTML, like Gecko) Chrome/129.0.6668.71 Safari/537.36"
198.235.24.88 - - [24/Nov/2024:12:13:43 +0600] "GET / HTTP/1.1" 404 705 "-" "Expanse, a Palo Alto Networks company, searches across the global IPv4 space multiple times per day to identify customers' presences on the Internet. If you would like to be excluded from our scans, please send IP addresses/domains to: scaninfo@paloaltonetworks.com"
194.50.16.198 - - [24/Nov/2024:12:58:14 +0600] "POST /apply.cgi HTTP/1.1" 404 705 "http://139.59.127.108:8088/apply.cgi" "Mozilla/5.0 (Windows NT 10.0; Win64; x64) AppleWebKit/537.36 (KHTML, like Gecko) Chrome/96.0.4664.110 Safari/537.36"
194.50.16.198 - - [24/Nov/2024:12:58:14 +0600] "GET / HTTP/1.0" 404 705 "-" "Mozilla/5.0 (X11; Ubuntu; Linux x86_64; rv:71.0) Gecko/20100101 Firefox/71.0"
37.44.238.92 - - [24/Nov/2024:14:05:35 +0600] "POST /ws/v1/cluster/apps/new-application HTTP/1.1" 404 705 "-" "python-requests/2.18.4"
154.213.187.208 - - [24/Nov/2024:14:19:16 +0600] "POST /ws/v1/cluster/apps/new-application HTTP/1.1" 404 705 "-" "python-requests/2.22.0"
20.118.71.181 - - [24/Nov/2024:14:21:56 +0600] "GET /manager/html HTTP/1.1" 404 705 "-" "Mozilla/5.0 zgrab/0.x"
52.228.155.172 - - [24/Nov/2024:16:52:02 +0600] "GET /manager/text/list HTTP/1.1" 404 705 "-" "Mozilla/5.0 zgrab/0.x"
165.154.120.226 - - [24/Nov/2024:16:58:52 +0600] "GET / HTTP/1.1" 404 1236 "-" "Mozilla/5.0 (Macintosh; Intel Mac OS X 10_15_7) AppleWebKit/537.36 (KHTML, like Gecko) Chrome/120.0.0.0 Safari/537.36 Edg/120.0.0.0"
165.154.120.226 - - [24/Nov/2024:16:58:57 +0600] "GET /favicon.ico HTTP/1.1" 404 705 "-" "Mozilla/5.0 (Macintosh; Intel Mac OS X 10_7_0) AppleWebKit/535.11 (KHTML, like Gecko) Chrome/17.0.963.56 Safari/535.11"
165.154.120.226 - - [24/Nov/2024:16:58:57 +0600] "GET /robots.txt HTTP/1.1" 404 705 "-" "Mozilla/5.0 (Macintosh; Intel Mac OS X 10_7_0) AppleWebKit/535.11 (KHTML, like Gecko) Chrome/17.0.963.56 Safari/535.11"
165.154.120.226 - - [24/Nov/2024:16:58:57 +0600] "GET /sitemap.xml HTTP/1.1" 404 705 "-" "Mozilla/5.0 (Macintosh; Intel Mac OS X 10_7_0) AppleWebKit/535.11 (KHTML, like Gecko) Chrome/17.0.963.56 Safari/535.11"
152.32.134.156 - - [24/Nov/2024:19:44:01 +0600] "GET / HTTP/1.1" 404 1236 "-" "Mozilla/5.0 (Macintosh; Intel Mac OS X 10_15_7) AppleWebKit/537.36 (KHTML, like Gecko) Chrome/120.0.0.0 Safari/537.36 Edg/120.0.0.0"
152.32.134.156 - - [24/Nov/2024:19:44:06 +0600] "GET /favicon.ico HTTP/1.1" 404 705 "-" "Mozilla/5.0 (Macintosh; Intel Mac OS X 10_7_0) AppleWebKit/535.11 (KHTML, like Gecko) Chrome/17.0.963.56 Safari/535.11"
152.32.134.156 - - [24/Nov/2024:19:44:06 +0600] "GET /robots.txt HTTP/1.1" 404 705 "-" "Mozilla/5.0 (Macintosh; Intel Mac OS X 10_7_0) AppleWebKit/535.11 (KHTML, like Gecko) Chrome/17.0.963.56 Safari/535.11"
152.32.134.156 - - [24/Nov/2024:19:44:06 +0600] "GET /sitemap.xml HTTP/1.1" 404 705 "-" "Mozilla/5.0 (Macintosh; Intel Mac OS X 10_7_0) AppleWebKit/535.11 (KHTML, like Gecko) Chrome/17.0.963.56 Safari/535.11"
42.193.181.194 - - [24/Nov/2024:20:28:55 +0600] "GET /stacks HTTP/1.1" 404 705 "-" "Mozilla/5.0 zgrab/0.x"
24.199.112.228 - - [24/Nov/2024:21:01:08 +0600] "GET /stacks HTTP/1.1" 404 705 "-" "Mozilla/5.0 zgrab/0.x"
141.98.11.175 - - [24/Nov/2024:22:50:13 +0600] "POST /ws/v1/cluster/apps/new-application HTTP/1.1" 404 705 "-" "Go-http-client/1.1"
47.97.122.13 - - [24/Nov/2024:23:20:01 +0600] "GET /stacks HTTP/1.1" 404 705 "-" "Mozilla/5.0 zgrab/0.x"
36.7.107.206 - - [24/Nov/2024:23:27:22 +0600] "GET /stacks HTTP/1.1" 404 705 "-" "Mozilla/5.0 zgrab/0.x"
141.98.11.175 - - [24/Nov/2024:23:46:34 +0600] "POST /ws/v1/cluster/apps/new-application HTTP/1.1" 404 705 "-" "Go-http-client/1.1"
141.98.11.175 - - [25/Nov/2024:00:36:38 +0600] "POST /ws/v1/cluster/apps/new-application HTTP/1.1" 404 705 "-" "Go-http-client/1.1"
195.178.110.40 - - [25/Nov/2024:02:02:59 +0600] "GET / HTTP/1.1" 404 705 "-" "Mozilla/5.0 (Windows NT 10.0; Win64; x64) AppleWebKit/537.36 (KHTML, like Gecko) Chrome/108.0.0.0 Safari/537.36"
206.168.34.207 - - [25/Nov/2024:02:10:50 +0600] "GET / HTTP/1.1" 404 705 "-" "Mozilla/5.0 (compatible; CensysInspect/1.1; +https://about.censys.io/)"
117.187.117.6 - - [25/Nov/2024:05:22:07 +0600] "GET /stacks HTTP/1.1" 404 705 "-" "Mozilla/5.0 zgrab/0.x"
194.50.16.198 - - [25/Nov/2024:05:28:41 +0600] "POST /apply.cgi HTTP/1.1" 404 705 "http://139.59.127.108:8088/apply.cgi" "Mozilla/5.0 (Windows NT 10.0; Win64; x64) AppleWebKit/537.36 (KHTML, like Gecko) Chrome/129.0.6668.71 Safari/537.36"
106.55.165.3 - - [25/Nov/2024:06:41:41 +0600] "GET /stacks HTTP/1.1" 404 705 "-" "Mozilla/5.0 zgrab/0.x"
141.98.11.175 - - [25/Nov/2024:06:46:29 +0600] "POST /ws/v1/cluster/apps/new-application HTTP/1.1" 404 705 "-" "Go-http-client/1.1"
205.210.31.219 - - [25/Nov/2024:07:12:04 +0600] "GET / HTTP/1.0" 404 1236 "-" "Expanse, a Palo Alto Networks company, searches across the global IPv4 space multiple times per day to identify customers' presences on the Internet. If you would like to be excluded from our scans, please send IP addresses/domains to: scaninfo@paloaltonetworks.com"
194.50.16.198 - - [25/Nov/2024:07:36:02 +0600] "GET / HTTP/1.0" 404 705 "-" "Mozilla/5.0 (X11; Ubuntu; Linux x86_64; rv:71.0) Gecko/20100101 Firefox/71.0"
194.50.16.198 - - [25/Nov/2024:07:36:02 +0600] "POST /apply.cgi HTTP/1.1" 404 705 "http://139.59.127.108:8088/apply.cgi" "Mozilla/5.0 (Windows NT 10.0; Win64; x64) AppleWebKit/537.36 (KHTML, like Gecko) Chrome/96.0.4664.110 Safari/537.36"
141.98.11.175 - - [25/Nov/2024:07:52:52 +0600] "POST /ws/v1/cluster/apps/new-application HTTP/1.1" 404 705 "-" "Go-http-client/1.1"
178.215.238.29 - - [25/Nov/2024:07:53:06 +0600] "POST /ws/v1/cluster/apps/new-application HTTP/1.1" 404 705 "-" "python-requests/2.25.1"
141.98.11.175 - - [25/Nov/2024:08:26:18 +0600] "POST /ws/v1/cluster/apps/new-application HTTP/1.1" 404 705 "-" "Go-http-client/1.1"
154.213.192.4 - - [25/Nov/2024:08:47:28 +0600] "GET / HTTP/1.0" 404 705 "-" "Mozilla/5.0 (X11; Ubuntu; Linux x86_64; rv:71.0) Gecko/20100101 Firefox/71.0"
147.185.132.99 - - [25/Nov/2024:08:55:37 +0600] "GET / HTTP/1.1" 404 705 "-" "Expanse, a Palo Alto Networks company, searches across the global IPv4 space multiple times per day to identify customers' presences on the Internet. If you would like to be excluded from our scans, please send IP addresses/domains to: scaninfo@paloaltonetworks.com"
141.98.11.175 - - [25/Nov/2024:09:21:54 +0600] "POST /ws/v1/cluster/apps/new-application HTTP/1.1" 404 705 "-" "Go-http-client/1.1"
184.72.21.160 - - [25/Nov/2024:09:43:07 +0600] "GET / HTTP/1.1" 404 705 "-" "Mozilla/5.0 (Macintosh; Intel Mac OS X 10_11_5) AppleWebKit/537.36 (KHTML, like Gecko) Chrome/50.0.2661.102 Safari/537.36"
184.72.21.160 - - [25/Nov/2024:09:43:07 +0600] "GET /ws/v1/cluster HTTP/1.1" 404 705 "-" "Mozilla/5.0 (Macintosh; Intel Mac OS X 10_11_5) AppleWebKit/537.36 (KHTML, like Gecko) Chrome/50.0.2661.102 Safari/537.36"
141.98.11.175 - - [25/Nov/2024:09:53:32 +0600] "POST /ws/v1/cluster/apps/new-application HTTP/1.1" 404 705 "-" "Go-http-client/1.1"
45.95.169.104 - - [25/Nov/2024:10:01:59 +0600] "POST /ws/v1/cluster/apps/new-application HTTP/1.1" 404 705 "-" "python-requests/2.22.0"
141.98.11.175 - - [25/Nov/2024:10:33:10 +0600] "POST /ws/v1/cluster/apps/new-application HTTP/1.1" 404 705 "-" "Go-http-client/1.1"
47.97.122.13 - - [25/Nov/2024:10:46:56 +0600] "GET /stacks HTTP/1.1" 404 705 "-" "Mozilla/5.0 zgrab/0.x"
141.98.11.175 - - [25/Nov/2024:11:13:09 +0600] "POST /ws/v1/cluster/apps/new-application HTTP/1.1" 404 705 "-" "Go-http-client/1.1"
113.200.98.17 - - [25/Nov/2024:11:13:37 +0600] "GET /stacks HTTP/1.1" 404 705 "-" "Mozilla/5.0 zgrab/0.x"
165.232.56.158 - - [25/Nov/2024:11:21:59 +0600] "GET / HTTP/1.0" 404 1236 "-" "-"
165.232.56.158 - - [25/Nov/2024:11:22:01 +0600] "OPTIONS / HTTP/1.0" 404 1236 "-" "-"
165.232.56.158 - - [25/Nov/2024:11:22:12 +0600] "GET /nice%20ports%2C/Tri%6Eity.txt%2ebak HTTP/1.0" 404 1236 "-" "-"
13.58.97.162 - - [25/Nov/2024:11:52:11 +0600] "GET / HTTP/1.1" 404 705 "-" "Mozilla/5.0 (Macintosh; Intel Mac OS X 10_15_7) AppleWebKit/537.36 (KHTML, like Gecko) Chrome/126.0.0.0 Safari/537.36"
141.98.11.175 - - [25/Nov/2024:12:18:11 +0600] "POST /ws/v1/cluster/apps/new-application HTTP/1.1" 404 705 "-" "Go-http-client/1.1"
141.98.11.175 - - [25/Nov/2024:13:09:21 +0600] "POST /ws/v1/cluster/apps/new-application HTTP/1.1" 404 705 "-" "Go-http-client/1.1"
74.82.47.2 - - [25/Nov/2024:13:30:26 +0600] "GET / HTTP/1.1" 404 705 "-" "Mozilla/5.0 (Windows NT 10.0; rv:109.0) Gecko/20100101 Firefox/115.0"
74.82.47.2 - - [25/Nov/2024:13:30:37 +0600] "GET /favicon.ico HTTP/1.1" 404 705 "-" "Mozilla/5.0 (Windows NT 10.0; rv:109.0) Gecko/20100101 Firefox/109.0"
101.35.54.195 - - [25/Nov/2024:13:45:16 +0600] "GET /stacks HTTP/1.1" 404 705 "-" "Mozilla/5.0 zgrab/0.x"
141.98.11.175 - - [25/Nov/2024:13:52:12 +0600] "POST /ws/v1/cluster/apps/new-application HTTP/1.1" 404 705 "-" "Go-http-client/1.1"
141.98.11.175 - - [25/Nov/2024:14:30:31 +0600] "POST /ws/v1/cluster/apps/new-application HTTP/1.1" 404 705 "-" "Go-http-client/1.1"
45.95.169.104 - - [25/Nov/2024:14:57:37 +0600] "POST /ws/v1/cluster/apps/new-application HTTP/1.1" 404 705 "-" "python-requests/2.22.0"
141.98.11.175 - - [25/Nov/2024:15:45:07 +0600] "POST /ws/v1/cluster/apps/new-application HTTP/1.1" 404 705 "-" "Go-http-client/1.1"
141.98.11.175 - - [25/Nov/2024:16:32:13 +0600] "POST /ws/v1/cluster/apps/new-application HTTP/1.1" 404 705 "-" "Go-http-client/1.1"
141.98.11.175 - - [25/Nov/2024:16:58:47 +0600] "POST /ws/v1/cluster/apps/new-application HTTP/1.1" 404 705 "-" "Go-http-client/1.1"
118.121.205.107 - - [25/Nov/2024:18:30:52 +0600] "GET /stacks HTTP/1.1" 404 705 "-" "Mozilla/5.0 zgrab/0.x"
46.31.78.200 - - [25/Nov/2024:18:36:06 +0600] "POST /ws/v1/cluster/apps/new-application HTTP/1.1" 404 705 "-" "python-requests/2.22.0"
39.105.202.192 - - [25/Nov/2024:18:56:18 +0600] "GET /stacks HTTP/1.1" 404 705 "-" "Mozilla/5.0 zgrab/0.x"
106.55.165.3 - - [25/Nov/2024:19:16:14 +0600] "GET /stacks HTTP/1.1" 404 705 "-" "Mozilla/5.0 zgrab/0.x"
152.32.197.159 - - [25/Nov/2024:19:55:35 +0600] "GET / HTTP/1.1" 404 1236 "-" "Mozilla/5.0 (Macintosh; Intel Mac OS X 10_15_7) AppleWebKit/537.36 (KHTML, like Gecko) Chrome/120.0.0.0 Safari/537.36 Edg/120.0.0.0"
152.32.197.159 - - [25/Nov/2024:19:55:41 +0600] "GET /favicon.ico HTTP/1.1" 404 705 "-" "Mozilla/5.0 (Macintosh; Intel Mac OS X 10_7_0) AppleWebKit/535.11 (KHTML, like Gecko) Chrome/17.0.963.56 Safari/535.11"
152.32.197.159 - - [25/Nov/2024:19:55:42 +0600] "GET /robots.txt HTTP/1.1" 404 705 "-" "Mozilla/5.0 (Macintosh; Intel Mac OS X 10_7_0) AppleWebKit/535.11 (KHTML, like Gecko) Chrome/17.0.963.56 Safari/535.11"
152.32.197.159 - - [25/Nov/2024:19:55:42 +0600] "GET /sitemap.xml HTTP/1.1" 404 705 "-" "Mozilla/5.0 (Macintosh; Intel Mac OS X 10_7_0) AppleWebKit/535.11 (KHTML, like Gecko) Chrome/17.0.963.56 Safari/535.11"
113.200.98.17 - - [25/Nov/2024:22:47:02 +0600] "GET /stacks HTTP/1.1" 404 705 "-" "Mozilla/5.0 zgrab/0.x"
154.213.187.208 - - [25/Nov/2024:22:48:45 +0600] "POST /ws/v1/cluster/apps/new-application HTTP/1.1" 404 705 "-" "python-requests/2.22.0"
111.229.78.67 - - [25/Nov/2024:22:51:07 +0600] "GET /stacks HTTP/1.1" 404 705 "-" "Mozilla/5.0 zgrab/0.x"
194.50.16.198 - - [25/Nov/2024:23:52:39 +0600] "POST /apply.cgi HTTP/1.1" 404 705 "http://139.59.127.108:8088/apply.cgi" "Mozilla/5.0 (Windows NT 10.0; Win64; x64) AppleWebKit/537.36 (KHTML, like Gecko) Chrome/129.0.6668.71 Safari/537.36"
194.50.16.198 - - [26/Nov/2024:02:17:47 +0600] "POST /apply.cgi HTTP/1.1" 404 705 "http://139.59.127.108:8088/apply.cgi" "Mozilla/5.0 (Windows NT 10.0; Win64; x64) AppleWebKit/537.36 (KHTML, like Gecko) Chrome/96.0.4664.110 Safari/537.36"
194.50.16.198 - - [26/Nov/2024:02:17:47 +0600] "GET / HTTP/1.0" 404 705 "-" "Mozilla/5.0 (X11; Ubuntu; Linux x86_64; rv:71.0) Gecko/20100101 Firefox/71.0"
167.94.145.109 - - [26/Nov/2024:04:31:47 +0600] "GET / HTTP/1.1" 404 1236 "-" "-"
167.94.145.109 - - [26/Nov/2024:04:31:52 +0600] "GET / HTTP/1.1" 404 705 "-" "Mozilla/5.0 (compatible; CensysInspect/1.1; +https://about.censys.io/)"
116.147.37.17 - - [26/Nov/2024:05:48:39 +0600] "GET /stacks HTTP/1.1" 404 705 "-" "Mozilla/5.0 zgrab/0.x"
194.50.16.15 - - [26/Nov/2024:06:33:18 +0600] "GET /cgi/conf.bin HTTP/1.1" 404 705 "http://139.59.127.108:8088/mainFrame.htm" "Mozilla/5.0 (Windows NT 6.0) AppleWebKit/537.11 (KHTML, like Gecko) Chrome/23.0.1271.97 Safari/537.11"
185.191.126.248 - - [26/Nov/2024:07:08:01 +0600] "GET / HTTP/1.1" 404 1236 "-" "-"
64.62.156.85 - - [26/Nov/2024:07:11:48 +0600] "GET / HTTP/1.1" 404 705 "-" "Mozilla/5.0 (Macintosh; Intel Mac OS X 10_15_7) AppleWebKit/537.36 (KHTML, like Gecko) Chrome/108.0.0.0 Safari/537.36"
64.62.156.84 - - [26/Nov/2024:07:11:55 +0600] "GET /favicon.ico HTTP/1.1" 404 705 "-" "Mozilla/5.0 (Windows NT 10.0; Win64; x64) AppleWebKit/537.36 (KHTML, like Gecko) Chrome/124.0.0.0 Safari/537.36"
141.98.11.175 - - [26/Nov/2024:07:35:58 +0600] "POST /ws/v1/cluster/apps/new-application HTTP/1.1" 404 705 "-" "Go-http-client/1.1"
141.98.11.175 - - [26/Nov/2024:07:56:30 +0600] "POST /ws/v1/cluster/apps/new-application HTTP/1.1" 404 705 "-" "Go-http-client/1.1"
199.45.154.147 - - [26/Nov/2024:08:35:32 +0600] "GET / HTTP/1.1" 404 1236 "-" "-"
199.45.154.147 - - [26/Nov/2024:08:35:36 +0600] "GET / HTTP/1.1" 404 705 "-" "Mozilla/5.0 (compatible; CensysInspect/1.1; +https://about.censys.io/)"
154.213.189.2 - - [26/Nov/2024:08:44:43 +0600] "POST /ws/v1/cluster/apps/new-application HTTP/1.1" 404 705 "-" "python-requests/2.22.0"
42.192.210.147 - - [26/Nov/2024:08:55:15 +0600] "GET /stacks HTTP/1.1" 404 705 "-" "Mozilla/5.0 zgrab/0.x"
141.98.11.175 - - [26/Nov/2024:09:07:31 +0600] "POST /ws/v1/cluster/apps/new-application HTTP/1.1" 404 705 "-" "Go-http-client/1.1"
141.98.11.175 - - [26/Nov/2024:09:33:50 +0600] "POST /ws/v1/cluster/apps/new-application HTTP/1.1" 404 705 "-" "Go-http-client/1.1"
116.147.37.17 - - [26/Nov/2024:09:59:10 +0600] "GET /stacks HTTP/1.1" 404 705 "-" "Mozilla/5.0 zgrab/0.x"
141.98.11.175 - - [26/Nov/2024:10:26:12 +0600] "POST /ws/v1/cluster/apps/new-application HTTP/1.1" 404 705 "-" "Go-http-client/1.1"
154.213.187.208 - - [26/Nov/2024:10:32:14 +0600] "POST /ws/v1/cluster/apps/new-application HTTP/1.1" 404 705 "-" "python-requests/2.22.0"
154.213.192.4 - - [26/Nov/2024:10:41:37 +0600] "GET / HTTP/1.0" 404 705 "-" "Mozilla/5.0 (X11; Ubuntu; Linux x86_64; rv:71.0) Gecko/20100101 Firefox/71.0"
43.139.128.232 - - [26/Nov/2024:10:46:35 +0600] "GET /stacks HTTP/1.1" 404 705 "-" "Mozilla/5.0 zgrab/0.x"
154.213.187.250 - - [26/Nov/2024:11:21:49 +0600] "GET / HTTP/1.0" 404 705 "-" "Mozilla/5.0 (X11; Ubuntu; Linux x86_64; rv:71.0) Gecko/20100101 Firefox/71.0"
141.98.11.175 - - [26/Nov/2024:11:41:32 +0600] "POST /ws/v1/cluster/apps/new-application HTTP/1.1" 404 705 "-" "Go-http-client/1.1"
141.98.11.175 - - [26/Nov/2024:12:08:08 +0600] "POST /ws/v1/cluster/apps/new-application HTTP/1.1" 404 705 "-" "Go-http-client/1.1"
205.210.31.129 - - [26/Nov/2024:12:15:21 +0600] "GET / HTTP/1.0" 404 1236 "-" "Expanse, a Palo Alto Networks company, searches across the global IPv4 space multiple times per day to identify customers' presences on the Internet. If you would like to be excluded from our scans, please send IP addresses/domains to: scaninfo@paloaltonetworks.com"
141.98.11.175 - - [26/Nov/2024:13:14:32 +0600] "POST /ws/v1/cluster/apps/new-application HTTP/1.1" 404 705 "-" "Go-http-client/1.1"
198.235.24.58 - - [26/Nov/2024:13:26:57 +0600] "GET / HTTP/1.1" 404 705 "-" "Expanse, a Palo Alto Networks company, searches across the global IPv4 space multiple times per day to identify customers' presences on the Internet. If you would like to be excluded from our scans, please send IP addresses/domains to: scaninfo@paloaltonetworks.com"
141.98.11.175 - - [26/Nov/2024:13:37:57 +0600] "POST /ws/v1/cluster/apps/new-application HTTP/1.1" 404 705 "-" "Go-http-client/1.1"
141.98.11.175 - - [26/Nov/2024:14:05:15 +0600] "POST /ws/v1/cluster/apps/new-application HTTP/1.1" 404 705 "-" "Go-http-client/1.1"
111.229.36.14 - - [26/Nov/2024:14:38:24 +0600] "GET /stacks HTTP/1.1" 404 705 "-" "Mozilla/5.0 zgrab/0.x"
154.213.187.250 - - [26/Nov/2024:14:51:11 +0600] "GET / HTTP/1.0" 404 705 "-" "Mozilla/5.0 (X11; Ubuntu; Linux x86_64; rv:71.0) Gecko/20100101 Firefox/71.0"
140.238.153.39 - - [26/Nov/2024:15:03:34 +0600] "GET /stacks HTTP/1.1" 404 705 "-" "Mozilla/5.0 zgrab/0.x"
141.98.11.175 - - [26/Nov/2024:15:04:19 +0600] "POST /ws/v1/cluster/apps/new-application HTTP/1.1" 404 705 "-" "Go-http-client/1.1"
195.178.110.40 - - [26/Nov/2024:15:31:31 +0600] "GET / HTTP/1.1" 404 705 "-" "Mozilla/5.0 (Windows NT 10.0; Win64; x64) AppleWebKit/537.36 (KHTML, like Gecko) Chrome/108.0.0.0 Safari/537.36"
141.98.11.175 - - [26/Nov/2024:15:59:22 +0600] "POST /ws/v1/cluster/apps/new-application HTTP/1.1" 404 705 "-" "Go-http-client/1.1"
141.98.11.175 - - [26/Nov/2024:16:53:57 +0600] "POST /ws/v1/cluster/apps/new-application HTTP/1.1" 404 705 "-" "Go-http-client/1.1"
71.6.134.232 - - [26/Nov/2024:17:04:25 +0600] "GET / HTTP/1.1" 404 705 "-" "Mozilla/5.0 (Windows NT 10.0; Win64; x64) AppleWebKit/537.36 (KHTML, like Gecko) Chrome/102.0.0.0 Safari/537.36"
71.6.134.232 - - [26/Nov/2024:17:04:52 +0600] "GET /favicon.ico HTTP/1.1" 404 1236 "-" "Mozilla/5.0 (Windows NT 10.0; Win64; x64) AppleWebKit/537.36 (KHTML, like Gecko) Chrome/102.0.0.0 Safari/537.36"
141.98.11.175 - - [26/Nov/2024:17:06:02 +0600] "POST /ws/v1/cluster/apps/new-application HTTP/1.1" 404 705 "-" "Go-http-client/1.1"
220.248.173.137 - - [26/Nov/2024:17:38:08 +0600] "GET /stacks HTTP/1.1" 404 705 "-" "Mozilla/5.0 zgrab/0.x"
194.50.16.198 - - [26/Nov/2024:18:27:08 +0600] "POST /apply.cgi HTTP/1.1" 404 705 "http://139.59.127.108:8088/apply.cgi" "Mozilla/5.0 (Windows NT 10.0; Win64; x64) AppleWebKit/537.36 (KHTML, like Gecko) Chrome/129.0.6668.71 Safari/537.36"
110.177.181.87 - - [26/Nov/2024:18:29:10 +0600] "GET / HTTP/1.1" 404 1236 "-" "-"
113.120.56.37 - - [26/Nov/2024:18:30:03 +0600] "GET / HTTP/1.1" 404 1236 "-" "Mozilla/5.0 (Windows NT 6.1) AppleWebKit/537.36 (KHTML, like Gecko) Chrome/49.0.2623.112 Safari/537.36"
123.58.207.151 - - [26/Nov/2024:19:09:40 +0600] "GET / HTTP/1.1" 404 1236 "-" "Mozilla/5.0 (Macintosh; Intel Mac OS X 10_15_7) AppleWebKit/537.36 (KHTML, like Gecko) Chrome/120.0.0.0 Safari/537.36 Edg/120.0.0.0"
123.58.207.151 - - [26/Nov/2024:19:09:45 +0600] "GET /favicon.ico HTTP/1.1" 404 705 "-" "Mozilla/5.0 (Macintosh; Intel Mac OS X 10_7_0) AppleWebKit/535.11 (KHTML, like Gecko) Chrome/17.0.963.56 Safari/535.11"
123.58.207.151 - - [26/Nov/2024:19:09:46 +0600] "GET /robots.txt HTTP/1.1" 404 705 "-" "Mozilla/5.0 (Macintosh; Intel Mac OS X 10_7_0) AppleWebKit/535.11 (KHTML, like Gecko) Chrome/17.0.963.56 Safari/535.11"
123.58.207.151 - - [26/Nov/2024:19:09:46 +0600] "GET /sitemap.xml HTTP/1.1" 404 705 "-" "Mozilla/5.0 (Macintosh; Intel Mac OS X 10_7_0) AppleWebKit/535.11 (KHTML, like Gecko) Chrome/17.0.963.56 Safari/535.11"
205.210.31.102 - - [26/Nov/2024:19:15:56 +0600] "GET / HTTP/1.1" 404 1236 "-" "Expanse, a Palo Alto Networks company, searches across the global IPv4 space multiple times per day to identify customers' presences on the Internet. If you would like to be excluded from our scans, please send IP addresses/domains to: scaninfo@paloaltonetworks.com"
141.98.11.175 - - [26/Nov/2024:19:28:08 +0600] "POST /ws/v1/cluster/apps/new-application HTTP/1.1" 404 705 "-" "Go-http-client/1.1"
194.50.16.198 - - [26/Nov/2024:19:56:45 +0600] "GET / HTTP/1.0" 404 705 "-" "Mozilla/5.0 (X11; Ubuntu; Linux x86_64; rv:71.0) Gecko/20100101 Firefox/71.0"
194.50.16.198 - - [26/Nov/2024:19:56:45 +0600] "POST /apply.cgi HTTP/1.1" 404 705 "http://139.59.127.108:8088/apply.cgi" "Mozilla/5.0 (Windows NT 10.0; Win64; x64) AppleWebKit/537.36 (KHTML, like Gecko) Chrome/96.0.4664.110 Safari/537.36"
141.98.11.175 - - [26/Nov/2024:19:57:13 +0600] "POST /ws/v1/cluster/apps/new-application HTTP/1.1" 404 705 "-" "Go-http-client/1.1"
141.98.11.175 - - [26/Nov/2024:20:30:51 +0600] "POST /ws/v1/cluster/apps/new-application HTTP/1.1" 404 705 "-" "Go-http-client/1.1"
141.98.11.175 - - [26/Nov/2024:21:42:36 +0600] "POST /ws/v1/cluster/apps/new-application HTTP/1.1" 404 705 "-" "Go-http-client/1.1"
154.213.187.208 - - [26/Nov/2024:22:05:10 +0600] "POST /ws/v1/cluster/apps/new-application HTTP/1.1" 404 705 "-" "python-requests/2.22.0"
141.98.11.175 - - [26/Nov/2024:22:35:48 +0600] "POST /ws/v1/cluster/apps/new-application HTTP/1.1" 404 705 "-" "Go-http-client/1.1"
141.98.11.175 - - [26/Nov/2024:23:30:41 +0600] "POST /ws/v1/cluster/apps/new-application HTTP/1.1" 404 705 "-" "Go-http-client/1.1"
141.98.11.175 - - [27/Nov/2024:00:00:55 +0600] "POST /ws/v1/cluster/apps/new-application HTTP/1.1" 404 705 "-" "Go-http-client/1.1"
141.98.11.175 - - [27/Nov/2024:01:19:15 +0600] "POST /ws/v1/cluster/apps/new-application HTTP/1.1" 404 705 "-" "Go-http-client/1.1"
167.94.146.58 - - [27/Nov/2024:02:13:38 +0600] "GET / HTTP/1.1" 404 1236 "-" "-"
167.94.146.58 - - [27/Nov/2024:02:13:44 +0600] "GET / HTTP/1.1" 404 705 "-" "Mozilla/5.0 (compatible; CensysInspect/1.1; +https://about.censys.io/)"
141.98.11.175 - - [27/Nov/2024:02:21:53 +0600] "POST /ws/v1/cluster/apps/new-application HTTP/1.1" 404 705 "-" "Go-http-client/1.1"
116.147.37.17 - - [27/Nov/2024:03:27:45 +0600] "GET /stacks HTTP/1.1" 404 705 "-" "Mozilla/5.0 zgrab/0.x"
111.7.96.179 - - [27/Nov/2024:04:02:31 +0600] "GET / HTTP/1.1" 404 705 "-" "Mozilla/5.0 (Macintosh; Intel Mac OS X 10_15_7) AppleWebKit/537.36 (KHTML, like Gecko) Chrome/96.0.4664.110 Safari/537.36"
123.160.223.74 - - [27/Nov/2024:04:02:36 +0600] "GET / HTTP/1.1" 404 705 "-" "Mozilla/5.0 (Macintosh; Intel Mac OS X 10_15_7) AppleWebKit/537.36 (KHTML, like Gecko) Chrome/96.0.4664.110 Safari/537.36"
111.7.96.176 - - [27/Nov/2024:04:02:43 +0600] "GET / HTTP/1.1" 404 705 "-" "Mozilla/5.0 (Macintosh; Intel Mac OS X 10_15_7) AppleWebKit/537.36 (KHTML, like Gecko) Chrome/96.0.4664.110 Safari/537.36"
45.92.19.136 - - [27/Nov/2024:04:02:50 +0600] "GET / HTTP/1.1" 404 705 "-" "Mozilla/5.0 (Macintosh; Intel Mac OS X 10_15_7) AppleWebKit/537.36 (KHTML, like Gecko) Chrome/96.0.4664.110 Safari/537.36"
111.7.96.155 - - [27/Nov/2024:04:02:50 +0600] "GET / HTTP/1.1" 404 705 "-" "Mozilla/5.0 (Macintosh; Intel Mac OS X 10_15_7) AppleWebKit/537.36 (KHTML, like Gecko) Chrome/96.0.4664.110 Safari/537.36"
123.160.223.75 - - [27/Nov/2024:04:02:54 +0600] "GET / HTTP/1.1" 404 705 "-" "Mozilla/5.0 (Macintosh; Intel Mac OS X 10_15_7) AppleWebKit/537.36 (KHTML, like Gecko) Chrome/96.0.4664.110 Safari/537.36"
123.160.223.73 - - [27/Nov/2024:04:03:01 +0600] "GET / HTTP/1.1" 404 705 "-" "Mozilla/5.0 (Macintosh; Intel Mac OS X 10_15_7) AppleWebKit/537.36 (KHTML, like Gecko) Chrome/96.0.4664.110 Safari/537.36"
141.98.11.175 - - [27/Nov/2024:04:24:40 +0600] "POST /ws/v1/cluster/apps/new-application HTTP/1.1" 404 705 "-" "Go-http-client/1.1"
141.98.11.175 - - [27/Nov/2024:05:19:35 +0600] "POST /ws/v1/cluster/apps/new-application HTTP/1.1" 404 705 "-" "Go-http-client/1.1"
141.98.11.175 - - [27/Nov/2024:05:55:47 +0600] "POST /ws/v1/cluster/apps/new-application HTTP/1.1" 404 705 "-" "Go-http-client/1.1"
184.105.247.195 - - [27/Nov/2024:06:38:58 +0600] "GET / HTTP/1.1" 404 705 "-" "Mozilla/5.0 (X11; Linux x86_64) AppleWebKit/537.36 (KHTML, like Gecko) Chrome/120.0.0.0 Safari/537.36"
184.105.247.195 - - [27/Nov/2024:06:39:12 +0600] "GET /favicon.ico HTTP/1.1" 404 705 "-" "Mozilla/5.0 (X11; Ubuntu; Linux x86_64; rv:125.0) Gecko/20100101 Firefox/125.0"
205.210.31.72 - - [27/Nov/2024:06:56:26 +0600] "GET / HTTP/1.1" 404 705 "-" "Expanse, a Palo Alto Networks company, searches across the global IPv4 space multiple times per day to identify customers' presences on the Internet. If you would like to be excluded from our scans, please send IP addresses/domains to: scaninfo@paloaltonetworks.com"
154.213.187.208 - - [27/Nov/2024:07:01:17 +0600] "POST /ws/v1/cluster/apps/new-application HTTP/1.1" 404 705 "-" "python-requests/2.22.0"
47.97.122.13 - - [27/Nov/2024:07:33:21 +0600] "GET /stacks HTTP/1.1" 404 705 "-" "Mozilla/5.0 zgrab/0.x"
154.213.187.182 - - [27/Nov/2024:07:41:20 +0600] "POST /ws/v1/cluster/apps/new-application HTTP/1.1" 404 1236 "-" "Go-http-client/1.1"
154.213.187.182 - - [27/Nov/2024:07:43:06 +0600] "POST /ws/v1/cluster/apps/new-application HTTP/1.1" 404 1236 "-" "Go-http-client/1.1"
154.213.187.182 - - [27/Nov/2024:07:48:31 +0600] "POST /ws/v1/cluster/apps/new-application HTTP/1.1" 404 705 "-" "python-requests/2.22.0"
154.213.187.208 - - [27/Nov/2024:08:08:52 +0600] "POST /ws/v1/cluster/apps/new-application HTTP/1.1" 404 705 "-" "python-requests/2.22.0"
199.204.97.6 - - [27/Nov/2024:09:14:49 +0600] "POST /ws/v1/cluster/apps/new-application HTTP/1.1" 404 705 "-" "Go-http-client/1.1"
154.213.187.182 - - [27/Nov/2024:10:10:13 +0600] "POST /ws/v1/cluster/apps/new-application HTTP/1.1" 404 705 "-" "python-requests/2.22.0"
149.62.45.31 - - [27/Nov/2024:10:58:58 +0600] "GET / HTTP/1.1" 404 705 "-" "Go-http-client/1.1"
149.62.45.12 - - [27/Nov/2024:11:00:00 +0600] "GET / HTTP/1.1" 404 705 "-" "Mozilla/5.0 (Macintosh; Intel Mac OS X 10_15_7) AppleWebKit/605.1.15 (KHTML, like Gecko) Version/16.5 Safari/605.1.15"
149.62.45.12 - - [27/Nov/2024:11:00:00 +0600] "GET /favicon.ico HTTP/1.1" 404 705 "-" "Mozilla/5.0 (Windows NT 10.0; Win64; x64) AppleWebKit/537.36 (KHTML, like Gecko) Chrome/114.0.0.0 Safari/537.36 Edg/114.0.1823.37"
42.192.210.147 - - [27/Nov/2024:11:29:09 +0600] "GET /stacks HTTP/1.1" 404 705 "-" "Mozilla/5.0 zgrab/0.x"
101.91.148.86 - - [27/Nov/2024:11:32:01 +0600] "GET /stacks HTTP/1.1" 404 705 "-" "Mozilla/5.0 zgrab/0.x"
154.213.187.182 - - [27/Nov/2024:11:37:51 +0600] "POST /ws/v1/cluster/apps/new-application HTTP/1.1" 404 1236 "-" "Go-http-client/1.1"
154.213.192.4 - - [27/Nov/2024:11:52:30 +0600] "GET / HTTP/1.0" 404 705 "-" "Mozilla/5.0 (X11; Ubuntu; Linux x86_64; rv:71.0) Gecko/20100101 Firefox/71.0"
154.213.187.208 - - [27/Nov/2024:11:59:12 +0600] "POST /ws/v1/cluster/apps/new-application HTTP/1.1" 404 705 "-" "python-requests/2.22.0"
194.50.16.198 - - [27/Nov/2024:12:08:34 +0600] "POST /apply.cgi HTTP/1.1" 404 705 "http://139.59.127.108:8088/apply.cgi" "Mozilla/5.0 (Windows NT 10.0; Win64; x64) AppleWebKit/537.36 (KHTML, like Gecko) Chrome/129.0.6668.71 Safari/537.36"
81.68.179.56 - - [27/Nov/2024:12:19:12 +0600] "GET /stacks HTTP/1.1" 404 705 "-" "Mozilla/5.0 zgrab/0.x"
87.236.176.114 - - [27/Nov/2024:14:00:14 +0600] "GET / HTTP/1.1" 404 705 "-" "Mozilla/5.0 (compatible; InternetMeasurement/1.0; +https://internet-measurement.com/)"
194.50.16.198 - - [27/Nov/2024:14:11:48 +0600] "GET / HTTP/1.0" 404 705 "-" "Mozilla/5.0 (X11; Ubuntu; Linux x86_64; rv:71.0) Gecko/20100101 Firefox/71.0"
194.50.16.198 - - [27/Nov/2024:14:11:49 +0600] "POST /apply.cgi HTTP/1.1" 404 705 "http://139.59.127.108:8088/apply.cgi" "Mozilla/5.0 (Windows NT 10.0; Win64; x64) AppleWebKit/537.36 (KHTML, like Gecko) Chrome/96.0.4664.110 Safari/537.36"
154.213.187.208 - - [27/Nov/2024:14:48:31 +0600] "POST /ws/v1/cluster/apps/new-application HTTP/1.1" 404 705 "-" "python-requests/2.22.0"
198.235.24.109 - - [27/Nov/2024:16:06:33 +0600] "GET / HTTP/1.0" 404 1236 "-" "Expanse, a Palo Alto Networks company, searches across the global IPv4 space multiple times per day to identify customers' presences on the Internet. If you would like to be excluded from our scans, please send IP addresses/domains to: scaninfo@paloaltonetworks.com"
140.238.153.39 - - [27/Nov/2024:17:08:38 +0600] "GET /stacks HTTP/1.1" 404 705 "-" "Mozilla/5.0 zgrab/0.x"
154.213.187.208 - - [27/Nov/2024:18:32:20 +0600] "POST /ws/v1/cluster/apps/new-application HTTP/1.1" 404 705 "-" "python-requests/2.22.0"
154.213.187.208 - - [27/Nov/2024:19:02:05 +0600] "POST /ws/v1/cluster/apps/new-application HTTP/1.1" 404 705 "-" "python-requests/2.22.0"
2.57.122.236 - - [27/Nov/2024:19:08:56 +0600] "GET / HTTP/1.1" 404 705 "-" "Mozilla/5.0 (X11; CrOS x86_64 8172.45.0) AppleWebKit/537.36 (KHTML, like Gecko) Chrome/51.0.2704.64 Safari/537.36"
2.57.122.236 - - [27/Nov/2024:19:08:56 +0600] "GET /favicon.ico HTTP/1.1" 404 705 "-" "Mozilla/5.0 (X11; CrOS x86_64 8172.45.0) AppleWebKit/537.36 (KHTML, like Gecko) Chrome/51.0.2704.64 Safari/537.36"
167.94.146.59 - - [27/Nov/2024:19:58:55 +0600] "GET / HTTP/1.1" 404 1236 "-" "-"
167.94.146.59 - - [27/Nov/2024:19:58:59 +0600] "GET / HTTP/1.1" 404 705 "-" "Mozilla/5.0 (compatible; CensysInspect/1.1; +https://about.censys.io/)"
24.199.112.228 - - [27/Nov/2024:20:26:27 +0600] "GET /stacks HTTP/1.1" 404 705 "-" "Mozilla/5.0 zgrab/0.x"
154.213.187.208 - - [27/Nov/2024:21:50:31 +0600] "POST /ws/v1/cluster/apps/new-application HTTP/1.1" 404 705 "-" "python-requests/2.22.0"
154.213.187.126 - - [27/Nov/2024:23:13:17 +0600] "POST /ws/v1/cluster/apps/new-application HTTP/1.1" 404 705 "-" "python-requests/2.22.0"
154.213.187.126 - - [27/Nov/2024:23:28:11 +0600] "POST /ws/v1/cluster/apps/new-application HTTP/1.1" 404 705 "-" "python-requests/2.22.0"
154.213.187.208 - - [28/Nov/2024:00:08:06 +0600] "POST /ws/v1/cluster/apps/new-application HTTP/1.1" 404 705 "-" "python-requests/2.22.0"
113.200.98.17 - - [28/Nov/2024:00:26:14 +0600] "GET /stacks HTTP/1.1" 404 705 "-" "Mozilla/5.0 zgrab/0.x"
154.213.187.208 - - [28/Nov/2024:01:41:43 +0600] "POST /ws/v1/cluster/apps/new-application HTTP/1.1" 404 705 "-" "python-requests/2.22.0"
154.213.187.208 - - [28/Nov/2024:02:12:47 +0600] "POST /ws/v1/cluster/apps/new-application HTTP/1.1" 404 705 "-" "python-requests/2.22.0"
154.213.187.208 - - [28/Nov/2024:04:16:30 +0600] "POST /ws/v1/cluster/apps/new-application HTTP/1.1" 404 705 "-" "python-requests/2.22.0"
154.213.187.208 - - [28/Nov/2024:04:52:47 +0600] "POST /ws/v1/cluster/apps/new-application HTTP/1.1" 404 705 "-" "python-requests/2.22.0"
154.213.187.208 - - [28/Nov/2024:05:16:57 +0600] "POST /ws/v1/cluster/apps/new-application HTTP/1.1" 404 705 "-" "python-requests/2.22.0"
154.213.187.208 - - [28/Nov/2024:05:44:17 +0600] "POST /ws/v1/cluster/apps/new-application HTTP/1.1" 404 705 "-" "python-requests/2.22.0"
205.210.31.238 - - [28/Nov/2024:05:51:44 +0600] "GET / HTTP/1.1" 404 705 "-" "Expanse, a Palo Alto Networks company, searches across the global IPv4 space multiple times per day to identify customers' presences on the Internet. If you would like to be excluded from our scans, please send IP addresses/domains to: scaninfo@paloaltonetworks.com"
113.200.98.17 - - [28/Nov/2024:06:05:55 +0600] "GET /stacks HTTP/1.1" 404 705 "-" "Mozilla/5.0 zgrab/0.x"
154.213.187.208 - - [28/Nov/2024:06:17:42 +0600] "POST /ws/v1/cluster/apps/new-application HTTP/1.1" 404 705 "-" "python-requests/2.22.0"
194.50.16.198 - - [28/Nov/2024:06:26:28 +0600] "POST /apply.cgi HTTP/1.1" 404 705 "http://139.59.127.108:8088/apply.cgi" "Mozilla/5.0 (Windows NT 10.0; Win64; x64) AppleWebKit/537.36 (KHTML, like Gecko) Chrome/129.0.6668.71 Safari/537.36"
154.212.141.215 - - [28/Nov/2024:06:34:13 +0600] "GET / HTTP/1.1" 404 1236 "-" "-"
154.212.141.230 - - [28/Nov/2024:06:49:36 +0600] "GET / HTTP/1.1" 404 1236 "https://70.81.3.160:8081" "Mozilla/5.0 (Windows NT 6.1) AppleWebKit/537.36 (KHTML, like Gecko) Chrome/49.0.2623.112 Safari/537.36"
154.212.141.230 - - [28/Nov/2024:06:49:36 +0600] "GET /favicon.ico HTTP/1.1" 404 1236 "http://139.59.127.108:8088" "Mozilla/5.0 (Windows NT 6.1) AppleWebKit/537.36 (KHTML, like Gecko) Chrome/49.0.2623.112 Safari/537.36"
130.162.34.83 - - [28/Nov/2024:08:14:03 +0600] "GET /stacks HTTP/1.1" 404 705 "-" "Mozilla/5.0 zgrab/0.x"
194.50.16.198 - - [28/Nov/2024:09:10:53 +0600] "GET / HTTP/1.0" 404 705 "-" "Mozilla/5.0 (X11; Ubuntu; Linux x86_64; rv:71.0) Gecko/20100101 Firefox/71.0"
194.50.16.198 - - [28/Nov/2024:09:10:53 +0600] "POST /apply.cgi HTTP/1.1" 404 705 "http://139.59.127.108:8088/apply.cgi" "Mozilla/5.0 (Windows NT 10.0; Win64; x64) AppleWebKit/537.36 (KHTML, like Gecko) Chrome/96.0.4664.110 Safari/537.36"
154.213.187.208 - - [28/Nov/2024:09:26:44 +0600] "POST /ws/v1/cluster/apps/new-application HTTP/1.1" 404 705 "-" "python-requests/2.22.0"
167.94.138.35 - - [28/Nov/2024:10:26:36 +0600] "GET / HTTP/1.1" 404 1236 "-" "-"
167.94.138.35 - - [28/Nov/2024:10:26:45 +0600] "GET / HTTP/1.1" 404 705 "-" "Mozilla/5.0 (compatible; CensysInspect/1.1; +https://about.censys.io/)"
154.213.187.208 - - [28/Nov/2024:11:47:06 +0600] "POST /ws/v1/cluster/apps/new-application HTTP/1.1" 404 705 "-" "python-requests/2.22.0"
154.213.187.208 - - [28/Nov/2024:12:26:53 +0600] "POST /ws/v1/cluster/apps/new-application HTTP/1.1" 404 705 "-" "python-requests/2.22.0"
198.235.24.79 - - [28/Nov/2024:13:54:42 +0600] "GET / HTTP/1.0" 404 1236 "-" "Expanse, a Palo Alto Networks company, searches across the global IPv4 space multiple times per day to identify customers' presences on the Internet. If you would like to be excluded from our scans, please send IP addresses/domains to: scaninfo@paloaltonetworks.com"
221.130.29.85 - - [28/Nov/2024:16:32:39 +0600] "GET /stacks HTTP/1.1" 404 705 "-" "Mozilla/5.0 zgrab/0.x"
167.94.138.59 - - [28/Nov/2024:17:08:14 +0600] "GET / HTTP/1.1" 404 1236 "-" "-"
167.94.138.59 - - [28/Nov/2024:17:08:20 +0600] "GET / HTTP/1.1" 404 705 "-" "Mozilla/5.0 (compatible; CensysInspect/1.1; +https://about.censys.io/)"
154.213.187.126 - - [28/Nov/2024:20:16:20 +0600] "POST /ws/v1/cluster/apps/new-application HTTP/1.1" 404 705 "-" "python-requests/2.22.0"
43.139.128.232 - - [28/Nov/2024:20:35:50 +0600] "GET /stacks HTTP/1.1" 404 705 "-" "Mozilla/5.0 zgrab/0.x"
42.192.210.147 - - [28/Nov/2024:20:38:11 +0600] "GET /stacks HTTP/1.1" 404 705 "-" "Mozilla/5.0 zgrab/0.x"
172.245.241.123 - - [28/Nov/2024:21:43:37 +0600] "GET / HTTP/1.1" 404 705 "-" "Mozilla/5.0"
39.104.134.58 - - [28/Nov/2024:23:40:35 +0600] "GET /stacks HTTP/1.1" 404 705 "-" "Mozilla/5.0 zgrab/0.x"
194.50.16.198 - - [29/Nov/2024:01:00:04 +0600] "POST /apply.cgi HTTP/1.1" 404 705 "http://139.59.127.108:8088/apply.cgi" "Mozilla/5.0 (Windows NT 10.0; Win64; x64) AppleWebKit/537.36 (KHTML, like Gecko) Chrome/129.0.6668.71 Safari/537.36"
123.207.35.85 - - [29/Nov/2024:02:06:13 +0600] "GET /stacks HTTP/1.1" 404 705 "-" "Mozilla/5.0 zgrab/0.x"
194.50.16.198 - - [29/Nov/2024:02:44:37 +0600] "POST /apply.cgi HTTP/1.1" 404 705 "http://139.59.127.108:8088/apply.cgi" "Mozilla/5.0 (Windows NT 10.0; Win64; x64) AppleWebKit/537.36 (KHTML, like Gecko) Chrome/96.0.4664.110 Safari/537.36"
194.50.16.198 - - [29/Nov/2024:02:44:37 +0600] "GET / HTTP/1.0" 404 705 "-" "Mozilla/5.0 (X11; Ubuntu; Linux x86_64; rv:71.0) Gecko/20100101 Firefox/71.0"
185.242.226.53 - - [29/Nov/2024:02:48:58 +0600] "GET / HTTP/1.1" 404 705 "-" "Mozilla/5.0 (Windows NT 10.0; Win64; x64) AppleWebKit/537.36 (KHTML, like Gecko) Chrome/88.0.4324.190 Safari/537.36"
113.214.18.234 - - [29/Nov/2024:05:40:22 +0600] "GET /stacks HTTP/1.1" 404 705 "-" "Mozilla/5.0 zgrab/0.x"
172.206.142.52 - - [29/Nov/2024:06:24:17 +0600] "GET / HTTP/1.1" 404 705 "-" "Mozilla/5.0 zgrab/0.x"
141.98.11.175 - - [29/Nov/2024:06:56:00 +0600] "POST /ws/v1/cluster/apps/new-application HTTP/1.1" 404 705 "-" "Go-http-client/1.1"
141.98.11.175 - - [29/Nov/2024:07:29:57 +0600] "POST /ws/v1/cluster/apps/new-application HTTP/1.1" 404 705 "-" "Go-http-client/1.1"
185.191.126.248 - - [29/Nov/2024:07:58:40 +0600] "GET / HTTP/1.1" 404 1236 "-" "-"
141.98.11.175 - - [29/Nov/2024:08:13:24 +0600] "POST /ws/v1/cluster/apps/new-application HTTP/1.1" 404 705 "-" "Go-http-client/1.1"
141.98.11.175 - - [29/Nov/2024:08:36:45 +0600] "POST /ws/v1/cluster/apps/new-application HTTP/1.1" 404 705 "-" "Go-http-client/1.1"
141.98.11.175 - - [29/Nov/2024:10:01:22 +0600] "POST /ws/v1/cluster/apps/new-application HTTP/1.1" 404 705 "-" "Go-http-client/1.1"
113.200.98.17 - - [29/Nov/2024:10:35:32 +0600] "GET /stacks HTTP/1.1" 404 705 "-" "Mozilla/5.0 zgrab/0.x"
141.98.11.175 - - [29/Nov/2024:10:40:00 +0600] "POST /ws/v1/cluster/apps/new-application HTTP/1.1" 404 705 "-" "Go-http-client/1.1"
141.98.11.175 - - [29/Nov/2024:11:26:09 +0600] "POST /ws/v1/cluster/apps/new-application HTTP/1.1" 404 705 "-" "Go-http-client/1.1"
141.98.11.175 - - [29/Nov/2024:12:04:47 +0600] "POST /ws/v1/cluster/apps/new-application HTTP/1.1" 404 705 "-" "Go-http-client/1.1"
